CRAN Package Check Results for Package FindMinIC

Last updated on 2016-07-29 05:49:01.

Flavor Version Tinstall Tcheck Ttotal Status Flags
r-devel-linux-x86_64-debian-clang 1.6 0.86 10.65 11.51 NOTE
r-devel-linux-x86_64-debian-gcc 1.6 0.96 13.02 13.99 NOTE
r-devel-linux-x86_64-fedora-clang 1.6 22.39 NOTE
r-devel-linux-x86_64-fedora-gcc 1.6 17.60 NOTE
r-devel-osx-x86_64-clang 1.6 17.79 NOTE
r-devel-windows-ix86+x86_64 1.6 5.00 29.00 34.00 OK
r-patched-linux-x86_64 1.6 1.05 12.74 13.79 NOTE
r-patched-solaris-sparc 1.6 123.60 NOTE
r-patched-solaris-x86 1.6 28.20 NOTE
r-release-linux-x86_64 1.6 0.90 13.70 14.59 NOTE
r-release-osx-x86_64-mavericks 1.6 OK
r-release-windows-ix86+x86_64 1.6 4.00 28.00 32.00 OK
r-oldrel-windows-ix86+x86_64 1.6 4.00 34.00 38.00 OK

Check Details

Version: 1.6
Check: S3 generic/method consistency
Result: NOTE
    Found the following apparent S3 methods exported but not registered:
     FindMinIC.default FindMinIC.formula fmi.default fmi.formula
     formula.cm print.summary.cm print.summary.cmList summary.cm
     summary.cmList
    See section ‘Registering S3 methods’ in the ‘Writing R Extensions’
    manual.
Flavors: r-devel-linux-x86_64-debian-clang, r-devel-linux-x86_64-debian-gcc, r-devel-linux-x86_64-fedora-clang, r-devel-linux-x86_64-fedora-gcc, r-devel-osx-x86_64-clang, r-patched-linux-x86_64, r-patched-solaris-sparc, r-patched-solaris-x86, r-release-linux-x86_64