CRAN Package Check Results for Package FindMinIC

Last updated on 2015-02-01 23:48:53.

Flavor Version Tinstall Tcheck Ttotal Status Flags
r-devel-linux-x86_64-debian-clang 1.6 0.66 10.89 11.56 NOTE
r-devel-linux-x86_64-debian-gcc 1.6 0.69 10.51 11.20 NOTE
r-devel-linux-x86_64-fedora-clang 1.6 23.17 NOTE
r-devel-linux-x86_64-fedora-gcc 1.6 22.22 NOTE
r-devel-osx-x86_64-clang 1.6 31.28 NOTE
r-devel-windows-ix86+x86_64 1.6 4.00 17.00 21.00 OK
r-patched-linux-x86_64 1.6 0.81 12.58 13.39 OK
r-patched-solaris-sparc 1.6 154.50 OK
r-patched-solaris-x86 1.6 39.60 OK
r-release-linux-ix86 1.6 1.06 18.92 19.98 OK
r-release-linux-x86_64 1.6 0.79 12.78 13.58 OK
r-release-osx-x86_64-mavericks 1.6 OK
r-release-osx-x86_64-snowleopard 1.6 OK
r-release-windows-ix86+x86_64 1.6 3.00 22.00 25.00 OK
r-oldrel-windows-ix86+x86_64 1.6 4.00 23.00 27.00 OK

Check Details

Version: 1.6
Check: S3 generic/method consistency
Result: NOTE
    Found the following apparent S3 methods exported but not registered:
     FindMinIC.default FindMinIC.formula fmi.default fmi.formula
     print.summary.cm print.summary.cmList summary.cm summary.cmList
     formula.cm
    See section ‘Registering S3 methods’ in the ‘Writing R Extensions’
    manual.
Flavors: r-devel-linux-x86_64-debian-clang, r-devel-linux-x86_64-debian-gcc, r-devel-linux-x86_64-fedora-clang, r-devel-linux-x86_64-fedora-gcc, r-devel-osx-x86_64-clang