CRAN Package Check Results for Package FindMinIC

Last updated on 2015-03-04 23:47:18.

Flavor Version Tinstall Tcheck Ttotal Status Flags
r-devel-linux-x86_64-debian-clang 1.6 0.64 11.04 11.68 NOTE
r-devel-linux-x86_64-debian-gcc 1.6 0.64 10.78 11.42 NOTE
r-devel-linux-x86_64-fedora-clang 1.6 22.95 NOTE
r-devel-linux-x86_64-fedora-gcc 1.6 21.72 NOTE
r-devel-osx-x86_64-clang 1.6 25.72 NOTE
r-devel-windows-ix86+x86_64 1.6 3.00 18.00 21.00 OK
r-patched-linux-x86_64 1.6 0.81 12.76 13.57 OK
r-patched-solaris-sparc 1.6 182.60 OK
r-patched-solaris-x86 1.6 39.30 OK
r-release-linux-ix86 1.6 1.07 20.00 21.07 OK
r-release-linux-x86_64 1.6 0.80 12.88 13.68 OK
r-release-osx-x86_64-mavericks 1.6 OK
r-release-osx-x86_64-snowleopard 1.6 OK
r-release-windows-ix86+x86_64 1.6 3.00 21.00 24.00 OK
r-oldrel-windows-ix86+x86_64 1.6 3.00 21.00 24.00 OK

Check Details

Version: 1.6
Check: S3 generic/method consistency
Result: NOTE
    Found the following apparent S3 methods exported but not registered:
     FindMinIC.default FindMinIC.formula fmi.default fmi.formula
     formula.cm print.summary.cm print.summary.cmList summary.cm
     summary.cmList
    See section ‘Registering S3 methods’ in the ‘Writing R Extensions’
    manual.
Flavors: r-devel-linux-x86_64-debian-clang, r-devel-linux-x86_64-debian-gcc, r-devel-linux-x86_64-fedora-clang, r-devel-linux-x86_64-fedora-gcc, r-devel-osx-x86_64-clang