CRAN Package Check Results for Package FindMinIC

Last updated on 2016-08-28 06:49:28.

Flavor Version Tinstall Tcheck Ttotal Status Flags
r-devel-linux-x86_64-debian-clang 1.6 0.64 10.78 11.42 NOTE
r-devel-linux-x86_64-debian-gcc 1.6 0.66 10.75 11.41 NOTE
r-devel-linux-x86_64-fedora-clang 1.6 19.44 NOTE
r-devel-linux-x86_64-fedora-gcc 1.6 18.32 NOTE
r-devel-osx-x86_64-clang 1.6 17.66 NOTE
r-devel-windows-ix86+x86_64 1.6 3.00 26.00 29.00 OK
r-patched-linux-x86_64 1.6 0.64 10.66 11.30 NOTE
r-patched-solaris-sparc 1.6 123.60 NOTE
r-patched-solaris-x86 1.6 28.00 NOTE
r-release-linux-x86_64 1.6 0.78 11.21 11.99 NOTE
r-release-osx-x86_64-mavericks 1.6 OK
r-release-windows-ix86+x86_64 1.6 4.00 30.00 34.00 OK
r-oldrel-windows-ix86+x86_64 1.6 3.00 25.00 28.00 OK

Check Details

Version: 1.6
Check: S3 generic/method consistency
Result: NOTE
    Found the following apparent S3 methods exported but not registered:
     FindMinIC.default FindMinIC.formula fmi.default fmi.formula
     formula.cm print.summary.cm print.summary.cmList summary.cm
     summary.cmList
    See section ‘Registering S3 methods’ in the ‘Writing R Extensions’
    manual.
Flavors: r-devel-linux-x86_64-debian-clang, r-devel-linux-x86_64-debian-gcc, r-devel-linux-x86_64-fedora-clang, r-devel-linux-x86_64-fedora-gcc, r-devel-osx-x86_64-clang, r-patched-linux-x86_64, r-patched-solaris-sparc, r-patched-solaris-x86, r-release-linux-x86_64