CRAN Package Check Results for Package FindMinIC

Last updated on 2015-05-23 09:48:23.

Flavor Version Tinstall Tcheck Ttotal Status Flags
r-devel-linux-x86_64-debian-clang 1.6 0.68 11.00 11.68 NOTE
r-devel-linux-x86_64-debian-gcc 1.6 0.65 10.67 11.32 NOTE
r-devel-linux-x86_64-fedora-clang 1.6 22.20 NOTE
r-devel-linux-x86_64-fedora-gcc 1.6 21.68 NOTE
r-devel-osx-x86_64-clang 1.6 25.55 NOTE
r-devel-windows-ix86+x86_64 1.6 3.00 19.00 22.00 OK
r-patched-linux-x86_64 1.6 0.65 10.72 11.36 NOTE
r-patched-solaris-sparc 1.6 148.50 NOTE
r-patched-solaris-x86 1.6 33.60 NOTE
r-release-linux-x86_64 1.6 0.66 11.01 11.67 NOTE
r-release-osx-x86_64-mavericks 1.6 OK
r-release-osx-x86_64-snowleopard 1.6 OK
r-release-windows-ix86+x86_64 1.6 3.00 20.00 23.00 OK
r-oldrel-windows-ix86+x86_64 1.6 3.00 23.00 26.00 OK

Check Details

Version: 1.6
Check: S3 generic/method consistency
Result: NOTE
    Found the following apparent S3 methods exported but not registered:
     FindMinIC.default FindMinIC.formula fmi.default fmi.formula
     formula.cm print.summary.cm print.summary.cmList summary.cm
     summary.cmList
    See section ‘Registering S3 methods’ in the ‘Writing R Extensions’
    manual.
Flavors: r-devel-linux-x86_64-debian-clang, r-devel-linux-x86_64-debian-gcc, r-devel-linux-x86_64-fedora-clang, r-devel-linux-x86_64-fedora-gcc, r-devel-osx-x86_64-clang, r-patched-linux-x86_64, r-patched-solaris-sparc, r-patched-solaris-x86, r-release-linux-x86_64