CRAN Package Check Results for Package FindMinIC

Last updated on 2016-06-26 05:46:48.

Flavor Version Tinstall Tcheck Ttotal Status Flags
r-devel-linux-x86_64-debian-gcc 1.6 0.93 11.22 12.15 NOTE
r-devel-linux-x86_64-fedora-clang 1.6 19.27 NOTE
r-devel-linux-x86_64-fedora-gcc 1.6 17.69 NOTE
r-devel-osx-x86_64-clang 1.6 17.61 NOTE
r-devel-windows-ix86+x86_64 1.6 4.00 39.00 43.00 OK
r-patched-linux-x86_64 1.6 0.83 11.42 12.25 NOTE
r-patched-solaris-sparc 1.6 123.60 NOTE
r-patched-solaris-x86 1.6 29.00 NOTE
r-release-linux-x86_64 1.6 0.93 11.08 12.01 NOTE
r-release-osx-x86_64-mavericks 1.6 OK
r-release-windows-ix86+x86_64 1.6 3.00 27.00 30.00 OK
r-oldrel-windows-ix86+x86_64 1.6 5.00 40.00 45.00 OK

Check Details

Version: 1.6
Check: S3 generic/method consistency
Result: NOTE
    Found the following apparent S3 methods exported but not registered:
     FindMinIC.default FindMinIC.formula fmi.default fmi.formula
     formula.cm print.summary.cm print.summary.cmList summary.cm
     summary.cmList
    See section ‘Registering S3 methods’ in the ‘Writing R Extensions’
    manual.
Flavors: r-devel-linux-x86_64-debian-gcc, r-devel-linux-x86_64-fedora-clang, r-devel-linux-x86_64-fedora-gcc, r-devel-osx-x86_64-clang, r-patched-linux-x86_64, r-patched-solaris-sparc, r-patched-solaris-x86, r-release-linux-x86_64