CRAN Package Check Results for Package FindMinIC

Last updated on 2017-08-18 12:52:21.

Flavor Version Tinstall Tcheck Ttotal Status Flags
r-devel-linux-x86_64-debian-clang 1.6 0.83 13.95 14.78 NOTE
r-devel-linux-x86_64-debian-gcc 1.6 0.82 14.14 14.95 NOTE
r-devel-linux-x86_64-fedora-clang 1.6 24.75 NOTE
r-devel-linux-x86_64-fedora-gcc 1.6 23.01 NOTE
r-devel-windows-ix86+x86_64 1.6 3.00 30.00 33.00 OK
r-patched-linux-x86_64 1.6 0.91 14.22 15.13 NOTE
r-patched-solaris-x86 1.6 32.40 NOTE
r-release-linux-x86_64 1.6 0.86 13.93 14.79 NOTE
r-release-windows-ix86+x86_64 1.6 5.00 51.00 56.00 OK
r-release-osx-x86_64 1.6 OK
r-oldrel-windows-ix86+x86_64 1.6 3.00 34.00 37.00 OK
r-oldrel-osx-x86_64 1.6 OK

Check Details

Version: 1.6
Check: S3 generic/method consistency
Result: NOTE
    Found the following apparent S3 methods exported but not registered:
     FindMinIC.default FindMinIC.formula fmi.default fmi.formula
     formula.cm print.summary.cm print.summary.cmList summary.cm
     summary.cmList
    See section ‘Registering S3 methods’ in the ‘Writing R Extensions’
    manual.
Flavors: r-devel-linux-x86_64-debian-clang, r-devel-linux-x86_64-debian-gcc, r-devel-linux-x86_64-fedora-clang, r-devel-linux-x86_64-fedora-gcc, r-patched-linux-x86_64, r-patched-solaris-x86, r-release-linux-x86_64