CRAN Package Check Results for Package FindMinIC

Last updated on 2016-05-03 08:48:56.

Flavor Version Tinstall Tcheck Ttotal Status Flags
r-devel-linux-x86_64-debian-gcc 1.6 0.72 10.83 11.54 NOTE
r-devel-linux-x86_64-fedora-clang 1.6 19.48 NOTE
r-devel-linux-x86_64-fedora-gcc 1.6 18.12 NOTE
r-devel-osx-x86_64-clang 1.6 23.88 NOTE
r-devel-windows-ix86+x86_64 1.6 3.00 26.00 29.00 OK
r-patched-linux-x86_64 1.6 0.75 10.80 11.55 NOTE
r-patched-solaris-sparc 1.6 121.30 NOTE
r-patched-solaris-x86 1.6 28.90 NOTE
r-release-linux-x86_64 1.6 0.68 11.38 12.07 NOTE
r-release-osx-x86_64-mavericks 1.6 OK
r-release-windows-ix86+x86_64 1.6 3.00 32.00 35.00 OK
r-oldrel-windows-ix86+x86_64 1.6 6.00 39.00 45.00 OK

Check Details

Version: 1.6
Check: S3 generic/method consistency
Result: NOTE
    Found the following apparent S3 methods exported but not registered:
     FindMinIC.default FindMinIC.formula fmi.default fmi.formula
     formula.cm print.summary.cm print.summary.cmList summary.cm
     summary.cmList
    See section ‘Registering S3 methods’ in the ‘Writing R Extensions’
    manual.
Flavors: r-devel-linux-x86_64-debian-gcc, r-devel-linux-x86_64-fedora-clang, r-devel-linux-x86_64-fedora-gcc, r-devel-osx-x86_64-clang, r-patched-linux-x86_64, r-patched-solaris-sparc, r-patched-solaris-x86, r-release-linux-x86_64