CRAN Package Check Results for Package FindMinIC

Last updated on 2016-09-28 15:47:55.

Flavor Version Tinstall Tcheck Ttotal Status Flags
r-devel-linux-x86_64-debian-clang 1.6 0.62 10.74 11.37 NOTE
r-devel-linux-x86_64-debian-gcc 1.6 0.69 10.91 11.61 NOTE
r-devel-linux-x86_64-fedora-clang 1.6 20.11 NOTE
r-devel-linux-x86_64-fedora-gcc 1.6 18.49 NOTE
r-devel-macos-x86_64-clang 1.6 17.61 NOTE
r-devel-windows-ix86+x86_64 1.6 2.00 36.00 38.00 OK
r-patched-linux-x86_64 1.6 0.66 10.93 11.59 NOTE
r-patched-solaris-sparc 1.6 123.60 NOTE
r-patched-solaris-x86 1.6 27.30 NOTE
r-release-linux-x86_64 1.6 0.76 11.07 11.83 NOTE
r-release-osx-x86_64-mavericks 1.6 OK
r-release-windows-ix86+x86_64 1.6 4.00 34.00 38.00 OK
r-oldrel-windows-ix86+x86_64 1.6 4.00 35.00 39.00 OK

Check Details

Version: 1.6
Check: S3 generic/method consistency
Result: NOTE
    Found the following apparent S3 methods exported but not registered:
     FindMinIC.default FindMinIC.formula fmi.default fmi.formula
     formula.cm print.summary.cm print.summary.cmList summary.cm
     summary.cmList
    See section ‘Registering S3 methods’ in the ‘Writing R Extensions’
    manual.
Flavors: r-devel-linux-x86_64-debian-clang, r-devel-linux-x86_64-debian-gcc, r-devel-linux-x86_64-fedora-clang, r-devel-linux-x86_64-fedora-gcc, r-devel-macos-x86_64-clang, r-patched-linux-x86_64, r-patched-solaris-sparc, r-patched-solaris-x86, r-release-linux-x86_64