CRAN Package Check Results for Package FindMinIC

Last updated on 2017-06-22 19:46:54.

Flavor Version Tinstall Tcheck Ttotal Status Flags
r-devel-linux-x86_64-debian-clang 1.6 1.07 14.47 15.54 NOTE
r-devel-linux-x86_64-debian-gcc 1.6 0.96 15.33 16.29 NOTE
r-devel-linux-x86_64-fedora-clang 1.6 22.82 NOTE
r-devel-linux-x86_64-fedora-gcc 1.6 22.76 NOTE
r-devel-windows-ix86+x86_64 1.6 4.00 42.00 46.00 OK
r-patched-linux-x86_64 1.6 1.11 14.28 15.39 NOTE
r-patched-solaris-sparc 1.6 140.70 NOTE
r-patched-solaris-x86 1.6 32.30 NOTE
r-release-linux-x86_64 1.6 0.88 13.64 14.53 NOTE
r-release-windows-ix86+x86_64 1.6 5.00 46.00 51.00 OK
r-release-osx-x86_64 1.6 OK
r-oldrel-windows-ix86+x86_64 1.6 4.00 29.00 33.00 OK
r-oldrel-osx-x86_64 1.6 OK

Check Details

Version: 1.6
Check: S3 generic/method consistency
Result: NOTE
    Found the following apparent S3 methods exported but not registered:
     FindMinIC.default FindMinIC.formula fmi.default fmi.formula
     formula.cm print.summary.cm print.summary.cmList summary.cm
     summary.cmList
    See section ‘Registering S3 methods’ in the ‘Writing R Extensions’
    manual.
Flavors: r-devel-linux-x86_64-debian-clang, r-devel-linux-x86_64-debian-gcc, r-devel-linux-x86_64-fedora-clang, r-devel-linux-x86_64-fedora-gcc, r-patched-linux-x86_64, r-patched-solaris-sparc, r-patched-solaris-x86, r-release-linux-x86_64