CRAN Package Check Results for Package FindMinIC

Last updated on 2015-07-30 17:47:10.

Flavor Version Tinstall Tcheck Ttotal Status Flags
r-devel-linux-x86_64-debian-clang 1.6 0.83 10.86 11.68 NOTE
r-devel-linux-x86_64-debian-gcc 1.6 0.64 10.40 11.04 NOTE
r-devel-linux-x86_64-fedora-clang 1.6 22.56 NOTE
r-devel-linux-x86_64-fedora-gcc 1.6 20.56 NOTE
r-devel-osx-x86_64-clang 1.6 23.27 NOTE
r-devel-windows-ix86+x86_64 1.6 4.00 19.00 23.00 OK
r-patched-linux-x86_64 1.6 0.85 10.65 11.50 NOTE
r-patched-solaris-sparc 1.6 145.00 NOTE
r-patched-solaris-x86 1.6 32.90 NOTE
r-release-linux-x86_64 1.6 0.66 10.86 11.52 NOTE
r-release-osx-x86_64-mavericks 1.6 OK
r-release-windows-ix86+x86_64 1.6 3.00 19.00 22.00 OK
r-oldrel-windows-ix86+x86_64 1.6 6.00 22.00 28.00 OK

Check Details

Version: 1.6
Check: S3 generic/method consistency
Result: NOTE
    Found the following apparent S3 methods exported but not registered:
     FindMinIC.default FindMinIC.formula fmi.default fmi.formula
     formula.cm print.summary.cm print.summary.cmList summary.cm
     summary.cmList
    See section ‘Registering S3 methods’ in the ‘Writing R Extensions’
    manual.
Flavors: r-devel-linux-x86_64-debian-clang, r-devel-linux-x86_64-debian-gcc, r-devel-linux-x86_64-fedora-clang, r-devel-linux-x86_64-fedora-gcc, r-devel-osx-x86_64-clang, r-patched-linux-x86_64, r-patched-solaris-sparc, r-patched-solaris-x86, r-release-linux-x86_64