CRAN Package Check Results for Package FisherEM

Last updated on 2014-12-20 08:51:00.

Flavor Version Tinstall Tcheck Ttotal Status Flags
r-devel-linux-x86_64-debian-clang 1.4 0.68 22.81 23.49 NOTE
r-devel-linux-x86_64-debian-gcc 1.4 0.70 23.08 23.79 NOTE
r-devel-linux-x86_64-fedora-clang 1.4 48.05 NOTE
r-devel-linux-x86_64-fedora-gcc 1.4 44.48 NOTE
r-devel-osx-x86_64-clang 1.4 43.86 NOTE
r-devel-windows-ix86+x86_64 1.4 4.00 35.00 39.00 NOTE
r-patched-linux-x86_64 1.4 0.71 23.71 24.42 NOTE
r-patched-solaris-sparc 1.4 274.00 NOTE
r-patched-solaris-x86 1.4 59.60 NOTE
r-release-linux-ix86 1.4 1.00 29.75 30.75 NOTE
r-release-linux-x86_64 1.4 0.70 23.83 24.53 NOTE
r-release-osx-x86_64-mavericks 1.4 NOTE
r-release-windows-ix86+x86_64 1.4 3.00 35.00 38.00 NOTE
r-oldrel-windows-ix86+x86_64 1.4 4.00 36.00 40.00 NOTE

Check Details

Version: 1.4
Check: dependencies in R code
Result: NOTE
    Packages in Depends field not imported from:
     ‘MASS’ ‘elasticnet’
     These packages need to be imported from (in the NAMESPACE file)
     for when this namespace is loaded but not attached.
    See the information on DESCRIPTION files in the chapter ‘Creating R
    packages’ of the ‘Writing R Extensions’ manual.
Flavors: r-devel-linux-x86_64-debian-clang, r-devel-linux-x86_64-debian-gcc, r-devel-linux-x86_64-fedora-clang, r-devel-linux-x86_64-fedora-gcc, r-devel-osx-x86_64-clang, r-devel-windows-ix86+x86_64, r-patched-linux-x86_64, r-patched-solaris-sparc, r-patched-solaris-x86, r-release-linux-ix86, r-release-linux-x86_64, r-release-osx-x86_64-mavericks, r-release-windows-ix86+x86_64, r-oldrel-windows-ix86+x86_64

Version: 1.4
Check: R code for possible problems
Result: NOTE
    fem.estep: no visible global function definition for ‘ginv’
    fem.loglik: no visible global function definition for ‘ginv’
    fstep.GramSc: no visible global function definition for ‘ginv’
    fstep.fisher: no visible global function definition for ‘ginv’
    fstep.qiao: no visible global function definition for ‘ginv’
    fstep.sparse: no visible global function definition for ‘ginv’
    fstep.sparse: no visible global function definition for ‘enet’
    fstep.sparse: no visible global function definition for ‘predict.enet’
Flavors: r-devel-linux-x86_64-debian-clang, r-devel-linux-x86_64-debian-gcc, r-devel-linux-x86_64-fedora-clang, r-devel-linux-x86_64-fedora-gcc, r-devel-osx-x86_64-clang, r-devel-windows-ix86+x86_64, r-patched-linux-x86_64, r-patched-solaris-sparc, r-patched-solaris-x86, r-release-linux-ix86, r-release-linux-x86_64, r-release-windows-ix86+x86_64