CRAN Package Check Results for Package FisherEM

Last updated on 2014-04-16 11:47:18.

Flavor Version Tinstall Tcheck Ttotal Status Flags
r-devel-linux-x86_64-debian-clang 1.4 0.81 23.83 24.64 NOTE
r-devel-linux-x86_64-debian-gcc 1.4 0.73 24.95 25.68 NOTE
r-devel-linux-x86_64-fedora-clang 1.4 47.77 NOTE
r-devel-linux-x86_64-fedora-gcc 1.4 45.99 NOTE
r-devel-macosx-x86_64-clang 1.4 43.42 NOTE
r-devel-macosx-x86_64-gcc 1.4 NOTE
r-devel-windows-ix86+x86_64 1.4 3.00 32.00 35.00 NOTE
r-patched-linux-x86_64 1.4 0.77 23.72 24.49 NOTE
r-patched-solaris-sparc 1.4 269.20 NOTE
r-patched-solaris-x86 1.4 58.30 NOTE
r-release-linux-ix86 1.4 3.00 41.00 44.00 NOTE
r-release-linux-x86_64 1.4 0.70 24.02 24.72 NOTE
r-release-windows-ix86+x86_64 1.4 3.00 35.00 38.00 NOTE
r-oldrel-windows-ix86+x86_64 1.4 3.00 36.00 39.00 NOTE

Check Details

Version: 1.4
Check: dependencies in R code
Result: NOTE
    Packages in Depends field not imported from:
     ‘MASS’ ‘elasticnet’
     These packages need to be imported from (in the NAMESPACE file)
     for when this namespace is loaded but not attached.
    See the information on DESCRIPTION files in the chapter ‘Creating R
    packages’ of the ‘Writing R Extensions’ manual.
Flavors: r-devel-linux-x86_64-debian-clang, r-devel-linux-x86_64-debian-gcc, r-devel-linux-x86_64-fedora-clang, r-devel-linux-x86_64-fedora-gcc, r-devel-macosx-x86_64-clang, r-devel-macosx-x86_64-gcc, r-devel-windows-ix86+x86_64, r-patched-linux-x86_64, r-patched-solaris-sparc, r-patched-solaris-x86, r-release-linux-ix86, r-release-linux-x86_64, r-release-windows-ix86+x86_64, r-oldrel-windows-ix86+x86_64