CRAN Package Check Results for Package FisherEM

Last updated on 2015-04-26 00:47:27.

Flavor Version Tinstall Tcheck Ttotal Status Flags
r-devel-linux-x86_64-debian-clang 1.4 0.70 21.24 21.94 NOTE
r-devel-linux-x86_64-debian-gcc 1.4 0.62 20.71 21.34 NOTE
r-devel-linux-x86_64-fedora-clang 1.4 42.57 NOTE
r-devel-linux-x86_64-fedora-gcc 1.4 42.71 NOTE
r-devel-osx-x86_64-clang 1.4 41.45 NOTE
r-devel-windows-ix86+x86_64 1.4 2.00 34.00 36.00 NOTE
r-patched-linux-x86_64 1.4 0.67 20.89 21.56 NOTE
r-patched-solaris-sparc 1.4 268.40 NOTE
r-patched-solaris-x86 1.4 54.80 NOTE
r-release-linux-x86_64 1.4 0.63 20.77 21.40 NOTE
r-release-osx-x86_64-mavericks 1.4 NOTE
r-release-osx-x86_64-snowleopard 1.4 NOTE
r-release-windows-ix86+x86_64 1.4 3.00 34.00 37.00 NOTE
r-oldrel-windows-ix86+x86_64 1.4 3.00 36.00 39.00 NOTE

Check Details

Version: 1.4
Check: dependencies in R code
Result: NOTE
    Packages in Depends field not imported from:
     'MASS' 'elasticnet'
     These packages need to be imported from (in the NAMESPACE file)
     for when this namespace is loaded but not attached.
Flavors: r-devel-windows-ix86+x86_64, r-release-windows-ix86+x86_64, r-oldrel-windows-ix86+x86_64

Version: 1.4
Check: R code for possible problems
Result: NOTE
    fem.estep: no visible global function definition for 'ginv'
    fem.loglik: no visible global function definition for 'ginv'
    fstep.GramSc: no visible global function definition for 'ginv'
    fstep.fisher: no visible global function definition for 'ginv'
    fstep.qiao: no visible global function definition for 'ginv'
    fstep.sparse: no visible global function definition for 'ginv'
    fstep.sparse: no visible global function definition for 'enet'
    fstep.sparse: no visible global function definition for 'predict.enet'
Flavors: r-devel-windows-ix86+x86_64, r-release-windows-ix86+x86_64, r-oldrel-windows-ix86+x86_64