CRAN Package Check Results for Package FisherEM

Last updated on 2014-09-02 15:48:56.

Flavor Version Tinstall Tcheck Ttotal Status Flags
r-devel-linux-x86_64-debian-clang 1.4 0.61 22.02 22.63 NOTE
r-devel-linux-x86_64-debian-gcc 1.4 0.60 22.22 22.82 NOTE
r-devel-linux-x86_64-fedora-clang 1.4 48.28 NOTE
r-devel-linux-x86_64-fedora-gcc 1.4 43.95 NOTE
r-devel-osx-x86_64-clang 1.4 42.14 NOTE
r-devel-windows-ix86+x86_64 1.4 3.00 33.00 36.00 NOTE
r-patched-linux-x86_64 1.4 0.66 23.22 23.88 NOTE
r-patched-solaris-sparc 1.4 266.00 NOTE
r-patched-solaris-x86 1.4 57.70 NOTE
r-release-linux-ix86 1.4 1.00 30.66 31.66 NOTE
r-release-linux-x86_64 1.4 0.69 23.85 24.54 NOTE
r-release-osx-x86_64-mavericks 1.4 NOTE
r-release-windows-ix86+x86_64 1.4 4.00 35.00 39.00 NOTE
r-oldrel-windows-ix86+x86_64 1.4 4.00 35.00 39.00 NOTE

Check Details

Version: 1.4
Check: dependencies in R code
Result: NOTE
    Packages in Depends field not imported from:
     ‘MASS’ ‘elasticnet’
     These packages need to be imported from (in the NAMESPACE file)
     for when this namespace is loaded but not attached.
    See the information on DESCRIPTION files in the chapter ‘Creating R
    packages’ of the ‘Writing R Extensions’ manual.
Flavors: r-devel-linux-x86_64-debian-clang, r-devel-linux-x86_64-debian-gcc, r-devel-linux-x86_64-fedora-clang, r-devel-linux-x86_64-fedora-gcc, r-devel-osx-x86_64-clang, r-devel-windows-ix86+x86_64, r-patched-linux-x86_64, r-patched-solaris-sparc, r-patched-solaris-x86, r-release-linux-ix86, r-release-linux-x86_64, r-release-osx-x86_64-mavericks, r-release-windows-ix86+x86_64, r-oldrel-windows-ix86+x86_64

Version: 1.4
Check: R code for possible problems
Result: NOTE
    fem.estep: no visible global function definition for ‘ginv’
    fem.loglik: no visible global function definition for ‘ginv’
    fstep.GramSc: no visible global function definition for ‘ginv’
    fstep.fisher: no visible global function definition for ‘ginv’
    fstep.qiao: no visible global function definition for ‘ginv’
    fstep.sparse: no visible global function definition for ‘ginv’
    fstep.sparse: no visible global function definition for ‘enet’
    fstep.sparse: no visible global function definition for ‘predict.enet’
Flavors: r-devel-linux-x86_64-debian-clang, r-devel-linux-x86_64-debian-gcc, r-devel-linux-x86_64-fedora-clang, r-devel-linux-x86_64-fedora-gcc, r-devel-osx-x86_64-clang, r-devel-windows-ix86+x86_64