CRAN Package Check Results for Package FisherEM

Last updated on 2014-10-23 00:47:57.

Flavor Version Tinstall Tcheck Ttotal Status Flags
r-devel-linux-x86_64-debian-clang 1.4 0.68 23.65 24.34 NOTE
r-devel-linux-x86_64-debian-gcc 1.4 0.72 23.48 24.20 NOTE
r-devel-linux-x86_64-fedora-clang 1.4 47.68 NOTE
r-devel-linux-x86_64-fedora-gcc 1.4 42.26 NOTE
r-devel-osx-x86_64-clang 1.4 45.84 NOTE
r-devel-windows-ix86+x86_64 1.4 3.00 35.00 38.00 NOTE
r-patched-linux-x86_64 1.4 0.71 25.58 26.29 NOTE
r-patched-solaris-sparc 1.4 274.00 NOTE
r-patched-solaris-x86 1.4 59.20 NOTE
r-release-linux-ix86 1.4 1.00 30.89 31.89 NOTE
r-release-linux-x86_64 1.4 0.68 24.40 25.08 NOTE
r-release-osx-x86_64-mavericks 1.4 NOTE
r-release-windows-ix86+x86_64 1.4 3.00 38.00 41.00 NOTE
r-oldrel-windows-ix86+x86_64 1.4 3.00 39.00 42.00 NOTE

Check Details

Version: 1.4
Check: dependencies in R code
Result: NOTE
    Packages in Depends field not imported from:
     ‘MASS’ ‘elasticnet’
     These packages need to be imported from (in the NAMESPACE file)
     for when this namespace is loaded but not attached.
    See the information on DESCRIPTION files in the chapter ‘Creating R
    packages’ of the ‘Writing R Extensions’ manual.
Flavors: r-devel-linux-x86_64-debian-clang, r-devel-linux-x86_64-debian-gcc, r-devel-linux-x86_64-fedora-clang, r-devel-linux-x86_64-fedora-gcc, r-devel-osx-x86_64-clang, r-devel-windows-ix86+x86_64, r-patched-linux-x86_64, r-patched-solaris-sparc, r-patched-solaris-x86, r-release-linux-ix86, r-release-linux-x86_64, r-release-osx-x86_64-mavericks, r-release-windows-ix86+x86_64, r-oldrel-windows-ix86+x86_64

Version: 1.4
Check: R code for possible problems
Result: NOTE
    fem.estep: no visible global function definition for ‘ginv’
    fem.loglik: no visible global function definition for ‘ginv’
    fstep.GramSc: no visible global function definition for ‘ginv’
    fstep.fisher: no visible global function definition for ‘ginv’
    fstep.qiao: no visible global function definition for ‘ginv’
    fstep.sparse: no visible global function definition for ‘ginv’
    fstep.sparse: no visible global function definition for ‘enet’
    fstep.sparse: no visible global function definition for ‘predict.enet’
Flavors: r-devel-linux-x86_64-debian-clang, r-devel-linux-x86_64-debian-gcc, r-devel-linux-x86_64-fedora-clang, r-devel-linux-x86_64-fedora-gcc, r-devel-osx-x86_64-clang, r-devel-windows-ix86+x86_64, r-patched-linux-x86_64, r-patched-solaris-sparc, r-patched-solaris-x86