CRAN Package Check Results for Package FitAR

Last updated on 2015-07-04 17:47:21.

Flavor Version Tinstall Tcheck Ttotal Status Flags
r-devel-linux-x86_64-debian-clang 1.94 1.80 34.83 36.63 NOTE
r-devel-linux-x86_64-debian-gcc 1.94 1.74 34.43 36.17 NOTE
r-devel-linux-x86_64-fedora-clang 1.94 NOTE
r-devel-linux-x86_64-fedora-gcc 1.94 NOTE
r-devel-osx-x86_64-clang 1.94 64.11 NOTE
r-devel-windows-ix86+x86_64 1.94 19.00 70.00 89.00 NOTE
r-patched-linux-x86_64 1.94 1.81 34.69 36.50 NOTE
r-patched-solaris-sparc 1.94 464.70 NOTE
r-patched-solaris-x86 1.94 88.90 NOTE
r-release-linux-x86_64 1.94 1.84 34.50 36.33 NOTE
r-release-osx-x86_64-mavericks 1.94 NOTE
r-release-windows-ix86+x86_64 1.94 15.00 85.00 100.00 NOTE
r-oldrel-windows-ix86+x86_64 1.94 16.00 138.00 154.00 NOTE

Check Details

Version: 1.94
Check: DESCRIPTION meta-information
Result: NOTE
    Packages listed in more than one of Depends, Imports, Suggests, Enhances:
     ‘lattice’ ‘leaps’ ‘ltsa’
    A package should be listed in only one of these fields.
Flavors: r-devel-linux-x86_64-debian-clang, r-devel-linux-x86_64-debian-gcc, r-devel-linux-x86_64-fedora-clang, r-devel-linux-x86_64-fedora-gcc, r-devel-osx-x86_64-clang, r-devel-windows-ix86+x86_64, r-patched-linux-x86_64, r-patched-solaris-sparc, r-patched-solaris-x86, r-release-linux-x86_64, r-release-osx-x86_64-mavericks, r-release-windows-ix86+x86_64, r-oldrel-windows-ix86+x86_64

Version: 1.94
Check: dependencies in R code
Result: NOTE
    Package in Depends field not imported from: ‘bestglm’
     These packages need to be imported from (in the NAMESPACE file)
     for when this namespace is loaded but not attached.
Flavors: r-devel-linux-x86_64-debian-clang, r-devel-linux-x86_64-debian-gcc, r-devel-linux-x86_64-fedora-clang, r-devel-linux-x86_64-fedora-gcc, r-devel-osx-x86_64-clang, r-devel-windows-ix86+x86_64, r-patched-linux-x86_64, r-patched-solaris-sparc, r-patched-solaris-x86, r-release-linux-x86_64, r-release-osx-x86_64-mavericks, r-release-windows-ix86+x86_64, r-oldrel-windows-ix86+x86_64

Version: 1.94
Check: R code for possible problems
Result: NOTE
    ARSdf: no visible global function definition for ‘fft’
    AcfPlot: no visible global function definition for ‘plot’
    AcfPlot: no visible global function definition for ‘lines’
    BICqLL: no visible global function definition for ‘qchisq’
    BICqSelect: no visible global function definition for ‘qchisq’
    Boot.FitAR: no visible global function definition for ‘ts’
    BoxCox.Arima: no visible global function definition for ‘optimize’
    BoxCox.Arima: no visible global function definition for ‘spline’
    BoxCox.Arima: no visible global function definition for ‘plot’
    BoxCox.Arima: no visible global function definition for ‘abline’
    BoxCox.Arima: no visible global function definition for ‘text’
    BoxCox.FitAR: no visible global function definition for ‘optimize’
    BoxCox.FitAR: no visible global function definition for ‘spline’
    BoxCox.FitAR: no visible global function definition for ‘plot’
    BoxCox.FitAR: no visible global function definition for ‘abline’
    BoxCox.FitAR: no visible global function definition for ‘text’
    BoxCox.numeric: no visible global function definition for ‘optimize’
    BoxCox.numeric: no visible global function definition for ‘spline’
    BoxCox.numeric: no visible binding for global variable ‘data’
    BoxCox.numeric: no visible global function definition for ‘plot’
    BoxCox.numeric: no visible global function definition for ‘abline’
    BoxCox.numeric: no visible global function definition for ‘text’
    ChampernowneD: no visible global function definition for ‘toeplitz’
    FitARp: no visible global function definition for ‘acf’
    FitARp: no visible global function definition for ‘tsp’
    FitARz: no visible global function definition for ‘tsp’
    FitARz: no visible global function definition for ‘acf’
    GetB: no visible global function definition for ‘acf’
    GetFitARpLS: no visible global function definition for ‘embed’
    GetFitARpLS: no visible global function definition for ‘lm’
    GetFitARpLS: no visible global function definition for ‘resid’
    GetFitARpLS: no visible global function definition for ‘coef’
    GetFitARpLS: no visible global function definition for ‘vcov’
    GetFitARpMLE: no visible global function definition for ‘arima’
    GetFitARpMLE: no visible global function definition for ‘resid’
    GetFitARpMLE: no visible global function definition for ‘coef’
    GetFitARz: no visible global function definition for ‘ar.burg’
    GetFitARz: no visible global function definition for ‘optim’
    GetLeapsAR: no visible global function definition for ‘qchisq’
    InformationMatrixAR: no visible global function definition for
     ‘toeplitz’
    InformationMatrixARp: no visible global function definition for
     ‘toeplitz’
    JarqueBeraTest: no visible global function definition for ‘pchisq’
    LBQPlot: no visible global function definition for ‘plot’
    LBQPlot: no visible global function definition for ‘abline’
    LjungBoxTest: no visible global function definition for ‘acf’
    LjungBoxTest: no visible global function definition for ‘pchisq’
    PacfPlot: no visible global function definition for ‘ar.burg’
    PacfPlot: no visible global function definition for ‘plot’
    PacfPlot: no visible global function definition for ‘lines’
    PacfPlot: no visible global function definition for ‘segments’
    PacfPlot: no visible global function definition for ‘title’
    PlotARSdf: no visible global function definition for ‘plot’
    RacfPlot: no visible global function definition for ‘residuals’
    RacfPlot: no visible global function definition for ‘acf’
    RacfPlot: no visible global function definition for ‘qnorm’
    RacfPlot: no visible global function definition for ‘plot’
    RacfPlot: no visible global function definition for ‘lines’
    RacfPlot: no visible global function definition for ‘title’
    Readts: no visible global function definition for ‘ts’
    SelectModel: no visible global function definition for ‘ar.burg’
    SelectModel: no visible global function definition for ‘qchisq’
    SimulateGaussianAR: no visible global function definition for ‘rnorm’
    SimulateGaussianAR: no visible global function definition for
     ‘toeplitz’
    TimeSeriesPlot: no visible global function definition for ‘par’
    TimeSeriesPlot: no visible global function definition for ‘plot’
    UnitRootTest: no visible global function definition for ‘rnorm’
    cts: no visible global function definition for ‘is.ts’
    cts: no visible global function definition for ‘end’
    cts: no visible global function definition for ‘start’
    cts: no visible global function definition for ‘tsp’
    cts: no visible global function definition for ‘window’
    plot.FitAR: no visible global function definition for ‘resid’
    plot.FitAR: no visible global function definition for ‘layout’
    plot.FitAR: no visible global function definition for ‘plot’
    plot.FitAR: no visible global function definition for ‘title’
    plot.FitAR: no visible global function definition for ‘lines’
    plot.FitAR: no visible global function definition for ‘lowess’
    plot.FitAR: no visible global function definition for ‘acf’
    plot.FitAR: no visible global function definition for ‘var’
    plot.Selectmodel: no visible global function definition for ‘par’
    plot.Selectmodel: no visible global function definition for ‘plot’
    plot.Selectmodel: no visible global function definition for ‘abline’
    plot.Selectmodel: no visible global function definition for ‘title’
    plot.Selectmodel: no visible global function definition for ‘axis’
    plot.Selectmodel: no visible global function definition for ‘mtext’
    summary.FitAR: no visible global function definition for ‘var’
    Undefined global functions or variables:
     abline acf ar.burg arima axis coef data embed end fft is.ts layout
     lines lm lowess mtext optim optimize par pchisq plot qchisq qnorm
     resid residuals rnorm segments spline start text title toeplitz ts
     tsp var vcov window
Flavors: r-devel-linux-x86_64-debian-clang, r-devel-linux-x86_64-debian-gcc, r-devel-linux-x86_64-fedora-clang, r-devel-linux-x86_64-fedora-gcc, r-devel-windows-ix86+x86_64

Version: 1.94
Check: Rd line widths
Result: NOTE
    Rd file 'GetLeapsAR.Rd':
     \usage lines wider than 90 characters:
     GetLeapsAR(z, lag.max = 15, Criterion = "UBIC", Best = 3, Candidates=5, t="default", ExactQ=FALSE)
    
    Rd file 'PlotARSdf.Rd':
     \usage lines wider than 90 characters:
     PlotARSdf(phi = NULL, theta = NULL, units = "radial", logSdf = FALSE, InnovationVariance = 1, main = NULL, sub = NULL, lwd=3, col="blue ... [TRUNCATED]
    
    Rd file 'SelectModel.Rd':
     \usage lines wider than 90 characters:
     SelectModel(z, lag.max = 15, ARModel = c("AR", "ARz", "ARp"), Criterion = "default", Best = 3, Candidates = 5, t="default")
    
    Rd file 'UnitRootTest.Rd':
     \usage lines wider than 90 characters:
     UnitRootTest(z, method = c("MLE", "ExactMLE", "LS", "All"), statistic = c("Z", "T"), NumBoot = 1000, PValueMethod = c("DH", "ET"))
    
    These lines will be truncated in the PDF manual.
Flavors: r-devel-linux-x86_64-debian-clang, r-devel-linux-x86_64-debian-gcc, r-devel-linux-x86_64-fedora-clang, r-devel-linux-x86_64-fedora-gcc, r-patched-linux-x86_64, r-release-linux-x86_64