CRAN Package Check Results for Package FitAR

Last updated on 2014-10-30 18:47:46.

Flavor Version Tinstall Tcheck Ttotal Status Flags
r-devel-linux-x86_64-debian-clang 1.94 2.04 39.66 41.70 NOTE
r-devel-linux-x86_64-debian-gcc 1.94 1.86 39.82 41.68 NOTE
r-devel-linux-x86_64-fedora-clang 1.94 86.86 NOTE
r-devel-linux-x86_64-fedora-gcc 1.94 82.01 NOTE
r-devel-osx-x86_64-clang 1.94 70.39 NOTE
r-devel-windows-ix86+x86_64 1.94 9.00 89.00 98.00 NOTE
r-patched-linux-x86_64 1.94 2.06 41.58 43.65 NOTE
r-patched-solaris-sparc 1.94 497.00 NOTE
r-patched-solaris-x86 1.94 98.80 NOTE
r-release-linux-ix86 1.94 2.64 50.54 53.18 NOTE
r-release-linux-x86_64 1.94 1.88 41.33 43.21 NOTE
r-release-osx-x86_64-mavericks 1.94 NOTE
r-release-windows-ix86+x86_64 1.94 10.00 89.00 99.00 NOTE
r-oldrel-windows-ix86+x86_64 1.94 8.00 100.00 108.00 NOTE

Check Details

Version: 1.94
Check: DESCRIPTION meta-information
Result: NOTE
    Packages listed in more than one of Depends, Imports, Suggests, Enhances:
     ‘lattice’ ‘leaps’ ‘ltsa’
    A package should be listed in only one of these fields.
Flavors: r-devel-linux-x86_64-debian-clang, r-devel-linux-x86_64-debian-gcc, r-devel-linux-x86_64-fedora-clang, r-devel-linux-x86_64-fedora-gcc, r-devel-osx-x86_64-clang, r-devel-windows-ix86+x86_64, r-patched-linux-x86_64, r-patched-solaris-sparc, r-patched-solaris-x86, r-release-linux-ix86, r-release-linux-x86_64, r-release-osx-x86_64-mavericks, r-release-windows-ix86+x86_64, r-oldrel-windows-ix86+x86_64

Version: 1.94
Check: dependencies in R code
Result: NOTE
    Package in Depends field not imported from: ‘bestglm’
     These packages need to be imported from (in the NAMESPACE file)
     for when this namespace is loaded but not attached.
    See the information on DESCRIPTION files in the chapter ‘Creating R
    packages’ of the ‘Writing R Extensions’ manual.
Flavors: r-devel-linux-x86_64-debian-clang, r-devel-linux-x86_64-debian-gcc, r-devel-linux-x86_64-fedora-clang, r-devel-linux-x86_64-fedora-gcc, r-devel-osx-x86_64-clang, r-devel-windows-ix86+x86_64, r-patched-linux-x86_64, r-patched-solaris-sparc, r-patched-solaris-x86, r-release-linux-ix86, r-release-linux-x86_64, r-release-osx-x86_64-mavericks, r-release-windows-ix86+x86_64, r-oldrel-windows-ix86+x86_64

Version: 1.94
Check: Rd line widths
Result: NOTE
    Rd file 'GetLeapsAR.Rd':
     \usage lines wider than 90 characters:
     GetLeapsAR(z, lag.max = 15, Criterion = "UBIC", Best = 3, Candidates=5, t="default", ExactQ=FALSE)
    
    Rd file 'PlotARSdf.Rd':
     \usage lines wider than 90 characters:
     PlotARSdf(phi = NULL, theta = NULL, units = "radial", logSdf = FALSE, InnovationVariance = 1, main = NULL, sub = NULL, lwd=3, col="blue ... [TRUNCATED]
    
    Rd file 'SelectModel.Rd':
     \usage lines wider than 90 characters:
     SelectModel(z, lag.max = 15, ARModel = c("AR", "ARz", "ARp"), Criterion = "default", Best = 3, Candidates = 5, t="default")
    
    Rd file 'UnitRootTest.Rd':
     \usage lines wider than 90 characters:
     UnitRootTest(z, method = c("MLE", "ExactMLE", "LS", "All"), statistic = c("Z", "T"), NumBoot = 1000, PValueMethod = c("DH", "ET"))
    
    These lines will be truncated in the PDF manual.
Flavors: r-devel-linux-x86_64-debian-clang, r-devel-linux-x86_64-debian-gcc, r-devel-linux-x86_64-fedora-clang, r-devel-linux-x86_64-fedora-gcc, r-patched-linux-x86_64, r-release-linux-x86_64