CRAN Package Check Results for Package FitARMA

Last updated on 2014-10-31 06:47:18.

Flavor Version Tinstall Tcheck Ttotal Status Flags
r-devel-linux-x86_64-debian-clang 1.6 1.25 16.72 17.97 NOTE
r-devel-linux-x86_64-debian-gcc 1.6 1.37 16.47 17.84 NOTE
r-devel-linux-x86_64-fedora-clang 1.6 37.56 NOTE
r-devel-linux-x86_64-fedora-gcc 1.6 36.25 NOTE
r-devel-osx-x86_64-clang 1.6 34.16 NOTE
r-devel-windows-ix86+x86_64 1.6 7.00 32.00 39.00 NOTE
r-patched-linux-x86_64 1.6 1.29 17.00 18.28 NOTE
r-patched-solaris-sparc 1.6 195.30 NOTE
r-patched-solaris-x86 1.6 45.80 NOTE
r-release-linux-ix86 1.6 2.00 22.84 24.84 NOTE
r-release-linux-x86_64 1.6 1.26 17.50 18.76 NOTE
r-release-osx-x86_64-mavericks 1.6 NOTE
r-release-windows-ix86+x86_64 1.6 8.00 36.00 44.00 NOTE
r-oldrel-windows-ix86+x86_64 1.6 7.00 37.00 44.00 NOTE

Check Details

Version: 1.6
Check: dependencies in R code
Result: NOTE
    Package in Depends field not imported from: ‘FitAR’
     These packages need to be imported from (in the NAMESPACE file)
     for when this namespace is loaded but not attached.
    See the information on DESCRIPTION files in the chapter ‘Creating R
    packages’ of the ‘Writing R Extensions’ manual.
Flavors: r-devel-linux-x86_64-debian-clang, r-devel-linux-x86_64-debian-gcc, r-devel-linux-x86_64-fedora-clang, r-devel-linux-x86_64-fedora-gcc, r-devel-osx-x86_64-clang, r-devel-windows-ix86+x86_64, r-patched-linux-x86_64, r-patched-solaris-sparc, r-patched-solaris-x86, r-release-linux-ix86, r-release-linux-x86_64, r-release-osx-x86_64-mavericks, r-release-windows-ix86+x86_64, r-oldrel-windows-ix86+x86_64

Version: 1.6
Check: R code for possible problems
Result: NOTE
    FitARMA: no visible global function definition for ‘PacfDL’
    FitARMA: no visible global function definition for ‘GetARMeanMLE’
    FitARMA: no visible global function definition for
     ‘BackcastResidualsAR’
    FitARMA: no visible global function definition for ‘LjungBoxTest’
    GetFitARMA: no visible global function definition for ‘LoglikelihoodAR’
    GetFitARMA: no visible global function definition for ‘ChampernowneD’
    GetFitARMA : EntropyARMA: no visible global function definition for
     ‘PacfToAR’
    GetFitARMA : EntropyARMA: no visible global function definition for
     ‘PacfDL’
    GetFitARMA : EntropyARMA: no visible global function definition for
     ‘FastLoglikelihoodAR’
    GetFitARMA: no visible global function definition for ‘PacfToAR’
    InformationMatrixARMA: no visible global function definition for
     ‘InvertibleQ’
    TacvfARMA: no visible global function definition for ‘InvertibleQ’
Flavors: r-devel-linux-x86_64-debian-clang, r-devel-linux-x86_64-debian-gcc, r-devel-linux-x86_64-fedora-clang, r-devel-linux-x86_64-fedora-gcc, r-devel-osx-x86_64-clang, r-devel-windows-ix86+x86_64, r-patched-linux-x86_64, r-patched-solaris-sparc, r-patched-solaris-x86