CRAN Package Check Results for Package FitARMA

Last updated on 2015-08-29 00:48:10.

Flavor Version Tinstall Tcheck Ttotal Status Flags
r-devel-linux-x86_64-debian-clang 1.6 1.09 13.54 14.64 NOTE
r-devel-linux-x86_64-debian-gcc 1.6 1.06 13.11 14.17 NOTE
r-devel-linux-x86_64-fedora-clang 1.6 28.63 NOTE
r-devel-linux-x86_64-fedora-gcc 1.6 26.60 NOTE
r-devel-osx-x86_64-clang 1.6 25.84 NOTE
r-devel-windows-ix86+x86_64 1.6 13.00 34.00 47.00 NOTE
r-patched-linux-x86_64 1.6 1.19 13.86 15.05 NOTE
r-patched-solaris-sparc 1.6 178.10 NOTE
r-patched-solaris-x86 1.6 40.30 NOTE
r-release-linux-x86_64 1.6 1.18 13.74 14.93 NOTE
r-release-osx-x86_64-mavericks 1.6 NOTE
r-release-windows-ix86+x86_64 1.6 10.00 33.00 43.00 NOTE
r-oldrel-windows-ix86+x86_64 1.6 11.00 43.00 54.00 NOTE

Check Details

Version: 1.6
Check: dependencies in R code
Result: NOTE
    Package in Depends field not imported from: ‘FitAR’
     These packages need to be imported from (in the NAMESPACE file)
     for when this namespace is loaded but not attached.
Flavors: r-devel-linux-x86_64-debian-clang, r-devel-linux-x86_64-debian-gcc, r-devel-linux-x86_64-fedora-clang, r-devel-linux-x86_64-fedora-gcc, r-devel-osx-x86_64-clang, r-devel-windows-ix86+x86_64, r-patched-linux-x86_64, r-patched-solaris-sparc, r-patched-solaris-x86, r-release-linux-x86_64, r-release-osx-x86_64-mavericks, r-release-windows-ix86+x86_64, r-oldrel-windows-ix86+x86_64

Version: 1.6
Check: S3 generic/method consistency
Result: NOTE
    Found the following apparent S3 methods exported but not registered:
     fitted.FitARMA
    See section ‘Registering S3 methods’ in the ‘Writing R Extensions’
    manual.
Flavors: r-devel-linux-x86_64-debian-clang, r-devel-linux-x86_64-debian-gcc, r-devel-linux-x86_64-fedora-clang, r-devel-linux-x86_64-fedora-gcc, r-devel-osx-x86_64-clang, r-patched-linux-x86_64, r-patched-solaris-sparc, r-patched-solaris-x86, r-release-linux-x86_64

Version: 1.6
Check: R code for possible problems
Result: NOTE
    FitARMA: no visible global function definition for ‘PacfDL’
    FitARMA: no visible global function definition for ‘GetARMeanMLE’
    FitARMA: no visible global function definition for
     ‘BackcastResidualsAR’
    FitARMA: no visible global function definition for ‘acf’
    FitARMA: no visible global function definition for ‘LjungBoxTest’
    FitARMA: no visible global function definition for ‘tsp’
    GetFitARMA: no visible global function definition for ‘LoglikelihoodAR’
    GetFitARMA: no visible global function definition for ‘ChampernowneD’
    GetFitARMA : EntropyARMA: no visible global function definition for
     ‘PacfToAR’
    GetFitARMA : EntropyARMA: no visible global function definition for
     ‘PacfDL’
    GetFitARMA : EntropyARMA: no visible global function definition for
     ‘FastLoglikelihoodAR’
    GetFitARMA: no visible global function definition for ‘optim’
    GetFitARMA: no visible global function definition for ‘PacfToAR’
    InformationMatrixARMA: no visible global function definition for
     ‘InvertibleQ’
    InformationMatrixARMA: no visible global function definition for
     ‘toeplitz’
    SimulateGaussianARMA: no visible global function definition for ‘rnorm’
    SimulateGaussianARMA: no visible global function definition for
     ‘toeplitz’
    TacvfARMA: no visible global function definition for ‘InvertibleQ’
    Undefined global functions or variables:
     BackcastResidualsAR ChampernowneD FastLoglikelihoodAR GetARMeanMLE
     InvertibleQ LjungBoxTest LoglikelihoodAR PacfDL PacfToAR acf optim
     rnorm toeplitz tsp
    Consider adding
     importFrom("stats", "acf", "optim", "rnorm", "toeplitz", "tsp")
    to your NAMESPACE.
Flavors: r-devel-linux-x86_64-debian-clang, r-devel-linux-x86_64-debian-gcc, r-devel-linux-x86_64-fedora-clang, r-devel-linux-x86_64-fedora-gcc, r-devel-windows-ix86+x86_64

Version: 1.6
Check: R code for possible problems
Result: NOTE
    FitARMA: no visible global function definition for ‘PacfDL’
    FitARMA: no visible global function definition for ‘GetARMeanMLE’
    FitARMA: no visible global function definition for
     ‘BackcastResidualsAR’
    FitARMA: no visible global function definition for ‘LjungBoxTest’
    GetFitARMA: no visible global function definition for ‘LoglikelihoodAR’
    GetFitARMA: no visible global function definition for ‘ChampernowneD’
    GetFitARMA : EntropyARMA: no visible global function definition for
     ‘PacfToAR’
    GetFitARMA : EntropyARMA: no visible global function definition for
     ‘PacfDL’
    GetFitARMA : EntropyARMA: no visible global function definition for
     ‘FastLoglikelihoodAR’
    GetFitARMA: no visible global function definition for ‘PacfToAR’
    InformationMatrixARMA: no visible global function definition for
     ‘InvertibleQ’
    TacvfARMA: no visible global function definition for ‘InvertibleQ’
    Undefined global functions or variables:
     BackcastResidualsAR ChampernowneD FastLoglikelihoodAR GetARMeanMLE
     InvertibleQ LjungBoxTest LoglikelihoodAR PacfDL PacfToAR
Flavor: r-devel-osx-x86_64-clang

Version: 1.6
Check: R code for possible problems
Result: NOTE
    FitARMA: no visible global function definition for ‘PacfDL’
    FitARMA: no visible global function definition for ‘GetARMeanMLE’
    FitARMA: no visible global function definition for
     ‘BackcastResidualsAR’
    FitARMA: no visible global function definition for ‘LjungBoxTest’
    GetFitARMA: no visible global function definition for ‘LoglikelihoodAR’
    GetFitARMA: no visible global function definition for ‘ChampernowneD’
    GetFitARMA : EntropyARMA: no visible global function definition for
     ‘PacfToAR’
    GetFitARMA : EntropyARMA: no visible global function definition for
     ‘PacfDL’
    GetFitARMA : EntropyARMA: no visible global function definition for
     ‘FastLoglikelihoodAR’
    GetFitARMA: no visible global function definition for ‘PacfToAR’
    InformationMatrixARMA: no visible global function definition for
     ‘InvertibleQ’
    TacvfARMA: no visible global function definition for ‘InvertibleQ’
Flavors: r-patched-linux-x86_64, r-patched-solaris-sparc, r-patched-solaris-x86, r-release-linux-x86_64, r-release-osx-x86_64-mavericks, r-release-windows-ix86+x86_64, r-oldrel-windows-ix86+x86_64