CRAN Package Check Results for Package FitARMA

Last updated on 2014-07-22 10:47:18.

Flavor Version Tinstall Tcheck Ttotal Status Flags
r-devel-linux-x86_64-debian-clang 1.6 1.27 16.63 17.90 NOTE
r-devel-linux-x86_64-debian-gcc 1.6 1.16 15.66 16.82 NOTE
r-devel-linux-x86_64-fedora-clang 1.6 39.14 NOTE
r-devel-linux-x86_64-fedora-gcc 1.6 35.71 NOTE
r-devel-osx-x86_64-clang 1.6 33.98 NOTE
r-devel-windows-ix86+x86_64 1.6 8.00 40.00 48.00 NOTE
r-patched-linux-x86_64 1.6 1.33 15.82 17.15 NOTE
r-patched-solaris-sparc 1.6 193.00 NOTE
r-patched-solaris-x86 1.6 50.00 NOTE
r-release-linux-ix86 1.6 1.96 22.62 24.58 NOTE
r-release-linux-x86_64 1.6 1.25 15.76 17.01 NOTE
r-release-osx-x86_64-mavericks 1.6 NOTE
r-release-windows-ix86+x86_64 1.6 8.00 35.00 43.00 NOTE
r-oldrel-windows-ix86+x86_64 1.6 9.00 41.00 50.00 NOTE

Check Details

Version: 1.6
Check: dependencies in R code
Result: NOTE
    Package in Depends field not imported from: ‘FitAR’
     These packages need to be imported from (in the NAMESPACE file)
     for when this namespace is loaded but not attached.
    See the information on DESCRIPTION files in the chapter ‘Creating R
    packages’ of the ‘Writing R Extensions’ manual.
Flavors: r-devel-linux-x86_64-debian-clang, r-devel-linux-x86_64-debian-gcc, r-devel-linux-x86_64-fedora-clang, r-devel-linux-x86_64-fedora-gcc, r-devel-osx-x86_64-clang, r-devel-windows-ix86+x86_64, r-patched-linux-x86_64, r-patched-solaris-sparc, r-patched-solaris-x86, r-release-linux-ix86, r-release-linux-x86_64, r-release-osx-x86_64-mavericks, r-release-windows-ix86+x86_64, r-oldrel-windows-ix86+x86_64