CRAN Package Check Results for Package FitARMA

Last updated on 2014-04-19 03:49:19.

Flavor Version Tinstall Tcheck Ttotal Status Flags
r-devel-linux-x86_64-debian-clang 1.6 1.28 16.31 17.60 NOTE
r-devel-linux-x86_64-debian-gcc 1.6 1.36 17.00 18.36 NOTE
r-devel-linux-x86_64-fedora-clang 1.6 38.17 NOTE
r-devel-linux-x86_64-fedora-gcc 1.6 35.77 NOTE
r-devel-macosx-x86_64-clang 1.6 36.05 NOTE
r-devel-macosx-x86_64-gcc 1.6 NOTE
r-devel-windows-ix86+x86_64 1.6 8.00 38.00 46.00 NOTE
r-patched-linux-x86_64 1.6 1.30 16.71 18.00 NOTE
r-patched-solaris-sparc 1.6 193.00 NOTE
r-patched-solaris-x86 1.6 47.30 NOTE
r-release-linux-ix86 1.6 3.00 33.00 36.00 NOTE
r-release-linux-x86_64 1.6 1.35 16.34 17.69 NOTE
r-release-windows-ix86+x86_64 1.6 9.00 46.00 55.00 NOTE
r-oldrel-windows-ix86+x86_64 1.6 9.00 42.00 51.00 NOTE

Check Details

Version: 1.6
Check: dependencies in R code
Result: NOTE
    Package in Depends field not imported from: ‘FitAR’
     These packages need to be imported from (in the NAMESPACE file)
     for when this namespace is loaded but not attached.
    See the information on DESCRIPTION files in the chapter ‘Creating R
    packages’ of the ‘Writing R Extensions’ manual.
Flavors: r-devel-linux-x86_64-debian-clang, r-devel-linux-x86_64-debian-gcc, r-devel-linux-x86_64-fedora-clang, r-devel-linux-x86_64-fedora-gcc, r-devel-macosx-x86_64-clang, r-devel-macosx-x86_64-gcc, r-devel-windows-ix86+x86_64, r-patched-linux-x86_64, r-patched-solaris-sparc, r-patched-solaris-x86, r-release-linux-ix86, r-release-linux-x86_64, r-release-windows-ix86+x86_64, r-oldrel-windows-ix86+x86_64