CRAN Package Check Results for Package FitUltD

Last updated on 2021-10-24 10:49:41 CEST.

Flavor Version Tinstall Tcheck Ttotal Status Flags
r-devel-linux-x86_64-debian-clang 3.1.0 8.70 89.63 98.33 NOTE
r-devel-linux-x86_64-debian-gcc 3.1.0 7.93 66.12 74.05 NOTE
r-devel-linux-x86_64-fedora-clang 3.1.0 133.70 NOTE
r-devel-linux-x86_64-fedora-gcc 3.1.0 113.42 NOTE
r-devel-windows-x86_64 3.1.0 15.00 112.00 127.00 NOTE
r-devel-windows-x86_64-gcc10-UCRT 3.1.0 NOTE
r-patched-linux-x86_64 3.1.0 8.22 84.14 92.36 NOTE
r-patched-solaris-x86 3.1.0 168.00 NOTE
r-release-linux-x86_64 3.1.0 7.31 83.34 90.65 NOTE
r-release-macos-arm64 3.1.0 NOTE
r-release-macos-x86_64 3.1.0 NOTE
r-release-windows-ix86+x86_64 3.1.0 15.00 107.00 122.00 NOTE
r-oldrel-macos-x86_64 3.1.0 OK
r-oldrel-windows-ix86+x86_64 3.1.0 23.00 107.00 130.00 OK

Check Details

Version: 3.1.0
Check: LazyData
Result: NOTE
     'LazyData' is specified without a 'data' directory
Flavors: r-devel-linux-x86_64-debian-clang, r-devel-linux-x86_64-debian-gcc, r-devel-linux-x86_64-fedora-clang, r-devel-linux-x86_64-fedora-gcc, r-devel-windows-x86_64, r-devel-windows-x86_64-gcc10-UCRT, r-patched-linux-x86_64, r-patched-solaris-x86, r-release-linux-x86_64, r-release-macos-arm64, r-release-macos-x86_64, r-release-windows-ix86+x86_64