CRAN Package Check Results for Package FixSeqMTP

Last updated on 2024-04-22 13:52:17 CEST.

Flavor Version Tinstall Tcheck Ttotal Status Flags
r-devel-linux-x86_64-debian-clang 0.1.2 2.22 33.34 35.56 NOTE
r-devel-linux-x86_64-debian-gcc 0.1.2 2.16 24.25 26.41 NOTE
r-devel-linux-x86_64-fedora-clang 0.1.2 43.57 NOTE
r-devel-linux-x86_64-fedora-gcc 0.1.2 42.60 NOTE
r-prerel-macos-arm64 0.1.2 16.00 NOTE
r-prerel-windows-x86_64 0.1.2 3.00 49.00 52.00 NOTE
r-patched-linux-x86_64 0.1.2 2.31 32.09 34.40 NOTE
r-release-linux-x86_64 0.1.2 2.68 30.61 33.29 NOTE
r-release-macos-arm64 0.1.2 16.00 NOTE
r-release-macos-x86_64 0.1.2 24.00 NOTE
r-release-windows-x86_64 0.1.2 4.00 50.00 54.00 NOTE
r-oldrel-macos-arm64 0.1.2 16.00 NOTE
r-oldrel-windows-x86_64 0.1.2 5.00 51.00 56.00 NOTE

Check Details

Version: 0.1.2
Check: LazyData
Result: NOTE 'LazyData' is specified without a 'data' directory Flavors: r-devel-linux-x86_64-debian-clang, r-devel-linux-x86_64-debian-gcc, r-devel-linux-x86_64-fedora-clang, r-devel-linux-x86_64-fedora-gcc, r-prerel-macos-arm64, r-prerel-windows-x86_64, r-patched-linux-x86_64, r-release-linux-x86_64, r-release-macos-arm64, r-release-macos-x86_64, r-release-windows-x86_64, r-oldrel-macos-arm64, r-oldrel-windows-x86_64