CRAN Package Check Results for Package FjordLight

Last updated on 2024-06-13 02:58:57 CEST.

Flavor Version Tinstall Tcheck Ttotal Status Flags
r-devel-linux-x86_64-debian-clang 0.8 2.13 100.86 102.99 OK
r-devel-linux-x86_64-debian-gcc 0.8 2.22 59.05 61.27 ERROR
r-devel-linux-x86_64-fedora-clang 0.8 128.89 OK
r-devel-linux-x86_64-fedora-gcc 0.8 153.27 OK
r-devel-windows-x86_64 0.8 4.00 86.00 90.00 OK
r-patched-linux-x86_64 0.8 3.96 97.87 101.83 OK
r-release-linux-x86_64 0.8 2.65 99.55 102.20 OK
r-release-macos-arm64 0.8 50.00 OK
r-release-macos-x86_64 0.8 87.00 OK
r-release-windows-x86_64 0.8 4.00 93.00 97.00 OK
r-oldrel-macos-arm64 0.8 52.00 OK
r-oldrel-macos-x86_64 0.8 129.00 OK
r-oldrel-windows-x86_64 0.8 5.00 101.00 106.00 OK

Check Details

Version: 0.8
Check: package dependencies
Result: NOTE Package suggested but not available for checking: ‘testthat’ Flavor: r-devel-linux-x86_64-debian-gcc

Version: 0.8
Check: tests
Result: ERROR Running ‘testthat.R’ [0s/1s] Running the tests in ‘tests/testthat.R’ failed. Complete output: > # This file is part of the standard setup for testthat. > # It is recommended that you do not modify it. > # > # Where should you do additional test configuration? > # Learn more about the roles of various files in: > # * https://r-pkgs.org/testing-design.html#sec-tests-files-overview > # * https://testthat.r-lib.org/articles/special-files.html > > library(testthat) Error in library(testthat) : there is no package called 'testthat' Execution halted Flavor: r-devel-linux-x86_64-debian-gcc