CRAN Package Check Results for Package FlexParamCurve

Last updated on 2015-07-29 12:47:22.

Flavor Version Tinstall Tcheck Ttotal Status Flags
r-devel-linux-x86_64-debian-clang 1.5-2 1.21 51.69 52.90 NOTE
r-devel-linux-x86_64-debian-gcc 1.5-2 1.22 43.33 44.55 NOTE
r-devel-linux-x86_64-fedora-clang 1.5-2 89.59 NOTE
r-devel-linux-x86_64-fedora-gcc 1.5-2 85.04 NOTE
r-devel-osx-x86_64-clang 1.5-2 85.22 OK
r-devel-windows-ix86+x86_64 1.5-2 3.00 66.00 69.00 NOTE
r-patched-linux-x86_64 1.5-2 1.08 43.99 45.07 OK
r-patched-solaris-sparc 1.5-2 543.90 OK
r-patched-solaris-x86 1.5-2 102.70 OK
r-release-linux-x86_64 1.5-2 1.08 43.65 44.74 OK
r-release-osx-x86_64-mavericks 1.5-2 OK
r-release-windows-ix86+x86_64 1.5-2 4.00 65.00 69.00 OK
r-oldrel-windows-ix86+x86_64 1.5-2 6.00 111.00 117.00 OK

Check Details

Version: 1.5-2
Check: R code for possible problems
Result: NOTE
    change.pnparameters: no visible global function definition for ‘relist’
    extraF: no visible global function definition for ‘resid’
    extraF: no visible global function definition for ‘coef’
    extraF: no visible global function definition for ‘pf’
    extraF.nls: no visible global function definition for ‘anova’
    extraF.nls: no visible global function definition for ‘pf’
    modpar: no visible global function definition for ‘sortedXyData’
    modpar: no visible global function definition for ‘relist’
    pn.mod.compare : runmod: no visible global function definition for
     ‘coef’
    pn.mod.compare: no visible global function definition for ‘relist’
    pn.mod.compare: no visible global function definition for ‘coef’
    pn.modselect.step : rankmod: no visible global function definition for
     ‘coef’
    posnegRichardsInit: no visible global function definition for
     ‘sortedXyData’
    posnegRichardsInit: no visible global function definition for ‘relist’
    posnegRichardsInit : trnsfrm: no visible global function definition for
     ‘coef’
    posnegRichardsInit : trnsfrm: no visible global function definition for
     ‘lm’
    posnegRichardsInit : trnsfrm: no visible global function definition for
     ‘na.omit’
    posnegRichardsInit: no visible global function definition for ‘optim’
    posnegRichardsInit: no visible global function definition for ‘coef’
    posnegRichardsInit: no visible global function definition for ‘nls’
    posnegRichardsInit: no visible global function definition for
     ‘nls.control’
    Undefined global functions or variables:
     anova coef lm na.omit nls nls.control optim pf relist resid
     sortedXyData
    Consider adding
     importFrom("stats", "anova", "coef", "lm", "na.omit", "nls",
     "nls.control", "optim", "pf", "resid", "sortedXyData")
     importFrom("utils", "relist")
    to your NAMESPACE.
Flavors: r-devel-linux-x86_64-debian-clang, r-devel-linux-x86_64-debian-gcc, r-devel-linux-x86_64-fedora-clang, r-devel-linux-x86_64-fedora-gcc, r-devel-windows-ix86+x86_64