CRAN Package Check Results for Package FlexParamCurve

Last updated on 2015-06-30 22:47:17.

Flavor Version Tinstall Tcheck Ttotal Status Flags
r-devel-linux-x86_64-debian-clang 1.5-2 1.02 45.38 46.40 NOTE
r-devel-linux-x86_64-debian-gcc 1.5-2 1.03 43.34 44.36 NOTE
r-devel-linux-x86_64-fedora-clang 1.5-2 89.23 NOTE
r-devel-linux-x86_64-fedora-gcc 1.5-2 82.65 NOTE
r-devel-osx-x86_64-clang 1.5-2 83.65 OK
r-devel-windows-ix86+x86_64 1.5-2 6.00 67.00 73.00 NOTE
r-patched-linux-x86_64 1.5-2 1.03 44.30 45.33 OK
r-patched-solaris-sparc 1.5-2 543.50 OK
r-patched-solaris-x86 1.5-2 103.00 OK
r-release-linux-x86_64 1.5-2 1.05 43.88 44.93 OK
r-release-osx-x86_64-mavericks 1.5-2 OK
r-release-windows-ix86+x86_64 1.5-2 5.00 61.00 66.00 OK
r-oldrel-windows-ix86+x86_64 1.5-2 6.00 71.00 77.00 OK

Check Details

Version: 1.5-2
Check: R code for possible problems
Result: NOTE
    change.pnparameters: no visible global function definition for ‘relist’
    extraF: no visible global function definition for ‘resid’
    extraF: no visible global function definition for ‘coef’
    extraF: no visible global function definition for ‘pf’
    extraF.nls: no visible global function definition for ‘anova’
    extraF.nls: no visible global function definition for ‘pf’
    modpar: no visible global function definition for ‘sortedXyData’
    modpar: no visible global function definition for ‘relist’
    pn.mod.compare : runmod: no visible global function definition for
     ‘coef’
    pn.mod.compare: no visible global function definition for ‘relist’
    pn.mod.compare: no visible global function definition for ‘coef’
    pn.modselect.step : rankmod: no visible global function definition for
     ‘coef’
    posnegRichardsInit: no visible global function definition for
     ‘sortedXyData’
    posnegRichardsInit: no visible global function definition for ‘relist’
    posnegRichardsInit : trnsfrm: no visible global function definition for
     ‘coef’
    posnegRichardsInit : trnsfrm: no visible global function definition for
     ‘lm’
    posnegRichardsInit : trnsfrm: no visible global function definition for
     ‘na.omit’
    posnegRichardsInit: no visible global function definition for ‘optim’
    posnegRichardsInit: no visible global function definition for ‘coef’
    posnegRichardsInit: no visible global function definition for ‘nls’
    posnegRichardsInit: no visible global function definition for
     ‘nls.control’
Flavors: r-devel-linux-x86_64-debian-clang, r-devel-linux-x86_64-debian-gcc, r-devel-linux-x86_64-fedora-clang, r-devel-linux-x86_64-fedora-gcc, r-devel-windows-ix86+x86_64