Last updated on 2022-07-02 03:51:29 CEST.
Flavor | Version | Tinstall | Tcheck | Ttotal | Status | Flags |
---|---|---|---|---|---|---|
r-devel-linux-x86_64-debian-clang | 0.2.2 | 35.07 | 319.50 | 354.57 | OK | |
r-devel-linux-x86_64-debian-gcc | 0.2.2 | 28.60 | 231.76 | 260.36 | OK | |
r-devel-linux-x86_64-fedora-clang | 0.2.2 | 419.36 | WARN | |||
r-devel-linux-x86_64-fedora-gcc | 0.2.2 | 425.43 | WARN | |||
r-devel-windows-x86_64 | 0.2.2 | 34.00 | 305.00 | 339.00 | OK | |
r-patched-linux-x86_64 | 0.2.2 | 32.21 | 299.78 | 331.99 | OK | |
r-release-linux-x86_64 | 0.2.2 | 32.44 | 307.00 | 339.44 | OK | |
r-release-macos-arm64 | 0.2.2 | 95.00 | OK | |||
r-release-macos-x86_64 | 0.2.2 | 174.00 | OK | |||
r-release-windows-x86_64 | 0.2.2 | 34.00 | 302.00 | 336.00 | OK | |
r-oldrel-macos-arm64 | 0.2.2 | 82.00 | OK | |||
r-oldrel-macos-x86_64 | 0.2.2 | 139.00 | OK | |||
r-oldrel-windows-ix86+x86_64 | 0.2.2 | 80.00 | 310.00 | 390.00 | OK |
Version: 0.2.2
Check: package dependencies
Result: WARN
Requires (indirectly) orphaned package: ‘gtools’
Flavors: r-devel-linux-x86_64-fedora-clang, r-devel-linux-x86_64-fedora-gcc