CRAN Package Check Results for Package FlowCAr

Last updated on 2019-12-10 22:49:32 CET.

Flavor Version Tinstall Tcheck Ttotal Status Flags
r-devel-linux-x86_64-debian-clang 1.1.1 4.85 49.24 54.09 OK
r-devel-linux-x86_64-debian-gcc 1.1.1 3.60 37.78 41.38 OK
r-devel-linux-x86_64-fedora-clang 1.1.1 67.98 NOTE
r-devel-linux-x86_64-fedora-gcc 1.1.1 65.66 NOTE
r-devel-windows-ix86+x86_64 1.1.1 9.00 59.00 68.00 OK
r-devel-windows-ix86+x86_64-gcc8 1.1.1 12.00 58.00 70.00 OK
r-patched-linux-x86_64 1.1.1 3.72 45.06 48.78 OK
r-patched-solaris-x86 1.1.1 93.20 NOTE
r-release-linux-x86_64 1.1.1 3.85 44.76 48.61 OK
r-release-windows-ix86+x86_64 1.1.1 10.00 56.00 66.00 OK
r-release-osx-x86_64 1.1.1 NOTE
r-oldrel-windows-ix86+x86_64 1.1.1 6.00 59.00 65.00 OK
r-oldrel-osx-x86_64 1.1.1 NOTE

Check Details

Version: 1.1.1
Check: dependencies in R code
Result: NOTE
    Namespace in Imports field not imported from: ‘limSolve’
     All declared Imports should be used.
Flavors: r-devel-linux-x86_64-fedora-clang, r-devel-linux-x86_64-fedora-gcc, r-patched-solaris-x86, r-release-osx-x86_64, r-oldrel-osx-x86_64