CRAN Package Check Results for Package FlyingR

Last updated on 2022-08-10 18:52:30 CEST.

Flavor Version Tinstall Tcheck Ttotal Status Flags
r-devel-linux-x86_64-debian-clang 0.2.2 38.81 70.72 109.53 OK
r-devel-linux-x86_64-debian-gcc 0.2.2 30.45 51.84 82.29 OK
r-devel-linux-x86_64-fedora-clang 0.2.2 161.74 NOTE
r-devel-linux-x86_64-fedora-gcc 0.2.2 146.53 NOTE
r-devel-windows-x86_64 0.2.2 44.00 112.00 156.00 OK
r-patched-linux-x86_64 0.2.2 29.94 65.15 95.09 OK
r-release-linux-x86_64 0.2.2 OK
r-release-macos-arm64 0.2.2 45.00 NOTE
r-release-macos-x86_64 0.2.2 56.00 NOTE
r-release-windows-x86_64 0.2.2 42.00 120.00 162.00 OK
r-oldrel-macos-arm64 0.2.2 39.00 NOTE
r-oldrel-macos-x86_64 0.2.2 56.00 NOTE
r-oldrel-windows-ix86+x86_64 0.2.2 99.00 124.00 223.00 OK

Check Details

Version: 0.2.2
Check: dependencies in R code
Result: NOTE
    Namespaces in Imports field not imported from:
     ‘kableExtra’ ‘knitr’ ‘rmarkdown’
     All declared Imports should be used.
Flavors: r-devel-linux-x86_64-fedora-clang, r-devel-linux-x86_64-fedora-gcc, r-release-macos-arm64, r-release-macos-x86_64, r-oldrel-macos-arm64, r-oldrel-macos-x86_64