CRAN Package Check Results for Package ForImp

Last updated on 2014-11-23 01:48:03.

Flavor Version Tinstall Tcheck Ttotal Status Flags
r-devel-linux-x86_64-debian-clang 1.0.2 1.20 19.54 20.75 NOTE
r-devel-linux-x86_64-debian-gcc 1.0.2 1.16 19.42 20.58 NOTE
r-devel-linux-x86_64-fedora-clang 1.0.2 44.93 NOTE
r-devel-linux-x86_64-fedora-gcc 1.0.2 40.52 NOTE
r-devel-osx-x86_64-clang 1.0.2 40.26 NOTE
r-devel-windows-ix86+x86_64 1.0.2 6.00 34.00 40.00 NOTE
r-patched-linux-x86_64 1.0.2 1.59 20.42 22.01 NOTE
r-patched-solaris-sparc 1.0.2 232.30 NOTE
r-patched-solaris-x86 1.0.2 60.20 NOTE
r-release-linux-ix86 1.0.2 1.56 27.94 29.49 NOTE
r-release-linux-x86_64 1.0.2 1.20 20.50 21.71 NOTE
r-release-osx-x86_64-mavericks 1.0.2 NOTE
r-release-windows-ix86+x86_64 1.0.2 8.00 33.00 41.00 NOTE
r-oldrel-windows-ix86+x86_64 1.0.2 5.00 37.00 42.00 NOTE

Check Details

Version: 1.0.2
Check: top-level files
Result: NOTE
    Non-standard file/directory found at top level:
     ‘doc’
Flavors: r-devel-linux-x86_64-debian-clang, r-devel-linux-x86_64-debian-gcc, r-devel-linux-x86_64-fedora-clang, r-devel-linux-x86_64-fedora-gcc, r-patched-linux-x86_64, r-release-linux-x86_64

Version: 1.0.2
Check: dependencies in R code
Result: NOTE
    Packages in Depends field not imported from:
     ‘homals’ ‘mvtnorm’ ‘sampling’
     These packages need to be imported from (in the NAMESPACE file)
     for when this namespace is loaded but not attached.
    See the information on DESCRIPTION files in the chapter ‘Creating R
    packages’ of the ‘Writing R Extensions’ manual.
Flavors: r-devel-linux-x86_64-debian-clang, r-devel-linux-x86_64-debian-gcc, r-devel-linux-x86_64-fedora-clang, r-devel-linux-x86_64-fedora-gcc, r-devel-osx-x86_64-clang, r-devel-windows-ix86+x86_64, r-patched-linux-x86_64, r-patched-solaris-sparc, r-patched-solaris-x86, r-release-linux-ix86, r-release-linux-x86_64, r-release-osx-x86_64-mavericks, r-release-windows-ix86+x86_64, r-oldrel-windows-ix86+x86_64

Version: 1.0.2
Check: R code for possible problems
Result: NOTE
    ForImp: no visible global function definition for ‘homals’
    missingmat: no visible global function definition for ‘UPpivotal’
Flavors: r-devel-linux-x86_64-debian-clang, r-devel-linux-x86_64-debian-gcc, r-devel-linux-x86_64-fedora-clang, r-devel-linux-x86_64-fedora-gcc, r-devel-osx-x86_64-clang, r-devel-windows-ix86+x86_64, r-patched-linux-x86_64, r-patched-solaris-sparc, r-patched-solaris-x86, r-release-linux-ix86, r-release-linux-x86_64, r-release-windows-ix86+x86_64

Version: 1.0.2
Check: Rd line widths
Result: NOTE
    Rd file 'missingmat2.Rd':
     \examples lines wider than 100 characters:
     # if you want 20 rows with 1 missing, 10 rows with 2 missing, 4 rows with 3 missing, 1 row with 4 missing
    
    These lines will be truncated in the PDF manual.
Flavors: r-devel-linux-x86_64-debian-clang, r-devel-linux-x86_64-debian-gcc, r-devel-linux-x86_64-fedora-clang, r-devel-linux-x86_64-fedora-gcc, r-patched-linux-x86_64, r-release-linux-x86_64