CRAN Package Check Results for Package ForImp

Last updated on 2016-02-09 23:48:23.

Flavor Version Tinstall Tcheck Ttotal Status Flags
r-devel-linux-x86_64-debian-gcc 1.0.3 0.83 15.97 16.80 NOTE
r-devel-linux-x86_64-fedora-clang 1.0.3 32.07 NOTE
r-devel-linux-x86_64-fedora-gcc 1.0.3 30.24 NOTE
r-devel-osx-x86_64-clang 1.0.3 33.83 NOTE
r-devel-windows-ix86+x86_64 1.0.3 6.00 43.00 49.00 NOTE
r-patched-linux-x86_64 1.0.3 0.94 17.07 18.00 NOTE
r-patched-solaris-sparc 1.0.3 207.40 NOTE
r-patched-solaris-x86 1.0.3 46.90 NOTE
r-release-linux-x86_64 1.0.3 1.02 17.20 18.23 NOTE
r-release-osx-x86_64-mavericks 1.0.3 NOTE
r-release-windows-ix86+x86_64 1.0.3 6.00 30.00 36.00 NOTE
r-oldrel-windows-ix86+x86_64 1.0.3 8.00 44.00 52.00 OK

Check Details

Version: 1.0.3
Check: DESCRIPTION meta-information
Result: NOTE
    Malformed Description field: should contain one or more complete sentences.
Flavors: r-devel-linux-x86_64-debian-gcc, r-devel-linux-x86_64-fedora-clang, r-devel-linux-x86_64-fedora-gcc, r-devel-osx-x86_64-clang, r-devel-windows-ix86+x86_64, r-patched-linux-x86_64, r-patched-solaris-sparc, r-patched-solaris-x86, r-release-linux-x86_64, r-release-osx-x86_64-mavericks, r-release-windows-ix86+x86_64

Version: 1.0.3
Check: R code for possible problems
Result: NOTE
    ForImp: no visible global function definition for ‘head’
    ForImp: no visible global function definition for ‘tail’
    ForImp: no visible global function definition for ‘dist’
    medianimp: no visible global function definition for ‘quantile’
    rancatmat: no visible global function definition for ‘runif’
    transfmatcat: no visible global function definition for ‘qnorm’
    transfmatcat: no visible global function definition for ‘sd’
    Undefined global functions or variables:
     dist head qnorm quantile runif sd tail
    Consider adding
     importFrom("stats", "dist", "qnorm", "quantile", "runif", "sd")
     importFrom("utils", "head", "tail")
    to your NAMESPACE file.
Flavors: r-devel-linux-x86_64-debian-gcc, r-devel-linux-x86_64-fedora-clang, r-devel-linux-x86_64-fedora-gcc, r-devel-osx-x86_64-clang, r-devel-windows-ix86+x86_64