CRAN Package Check Results for Package ForImp

Last updated on 2015-08-01 03:48:53.

Flavor Version Tinstall Tcheck Ttotal Status Flags
r-devel-linux-x86_64-debian-clang 1.0.3 0.92 16.77 17.68 NOTE
r-devel-linux-x86_64-debian-gcc 1.0.3 1.01 16.70 17.71 NOTE
r-devel-linux-x86_64-fedora-clang 1.0.3 36.03 NOTE
r-devel-linux-x86_64-fedora-gcc 1.0.3 35.08 NOTE
r-devel-osx-x86_64-clang 1.0.3 32.84 NOTE
r-devel-windows-ix86+x86_64 1.0.3 6.00 46.00 52.00 NOTE
r-patched-linux-x86_64 1.0.3 0.96 16.60 17.56 NOTE
r-patched-solaris-sparc 1.0.3 214.10 NOTE
r-patched-solaris-x86 1.0.3 53.20 NOTE
r-release-linux-x86_64 1.0.3 0.95 16.76 17.71 NOTE
r-release-osx-x86_64-mavericks 1.0.3 NOTE
r-release-windows-ix86+x86_64 1.0.3 5.00 28.00 33.00 NOTE
r-oldrel-windows-ix86+x86_64 1.0.3 6.00 40.00 46.00 OK

Check Details

Version: 1.0.3
Check: DESCRIPTION meta-information
Result: NOTE
    Malformed Description field: should contain one or more complete sentences.
Flavors: r-devel-linux-x86_64-debian-clang, r-devel-linux-x86_64-debian-gcc, r-devel-linux-x86_64-fedora-clang, r-devel-linux-x86_64-fedora-gcc, r-devel-osx-x86_64-clang, r-devel-windows-ix86+x86_64, r-patched-linux-x86_64, r-patched-solaris-sparc, r-patched-solaris-x86, r-release-linux-x86_64, r-release-osx-x86_64-mavericks, r-release-windows-ix86+x86_64

Version: 1.0.3
Check: R code for possible problems
Result: NOTE
    ForImp: no visible global function definition for ‘head’
    ForImp: no visible global function definition for ‘tail’
    ForImp: no visible global function definition for ‘dist’
    medianimp: no visible global function definition for ‘quantile’
    rancatmat: no visible global function definition for ‘runif’
    transfmatcat: no visible global function definition for ‘qnorm’
    transfmatcat: no visible global function definition for ‘sd’
    Undefined global functions or variables:
     dist head qnorm quantile runif sd tail
    Consider adding
     importFrom("stats", "dist", "qnorm", "quantile", "runif", "sd")
     importFrom("utils", "head", "tail")
    to your NAMESPACE.
Flavors: r-devel-linux-x86_64-debian-clang, r-devel-linux-x86_64-debian-gcc, r-devel-linux-x86_64-fedora-clang, r-devel-linux-x86_64-fedora-gcc, r-devel-windows-ix86+x86_64