CRAN Package Check Results for Package ForImp

Last updated on 2015-05-28 23:47:25.

Flavor Version Tinstall Tcheck Ttotal Status Flags
r-devel-linux-x86_64-debian-clang 1.0.3 0.96 16.14 17.10 NOTE
r-devel-linux-x86_64-debian-gcc 1.0.3 0.90 15.74 16.64 NOTE
r-devel-linux-x86_64-fedora-clang 1.0.3 35.93 NOTE
r-devel-linux-x86_64-fedora-gcc 1.0.3 32.67 NOTE
r-devel-osx-x86_64-clang 1.0.3 33.14 NOTE
r-devel-windows-ix86+x86_64 1.0.3 4.00 28.00 32.00 NOTE
r-patched-linux-x86_64 1.0.3 0.93 16.29 17.22 NOTE
r-patched-solaris-sparc 1.0.3 211.10 NOTE
r-patched-solaris-x86 1.0.3 53.10 NOTE
r-release-linux-x86_64 1.0.3 0.94 16.32 17.26 NOTE
r-release-osx-x86_64-mavericks 1.0.3 NOTE
r-release-osx-x86_64-snowleopard 1.0.3 NOTE
r-release-windows-ix86+x86_64 1.0.3 4.00 25.00 29.00 NOTE
r-oldrel-windows-ix86+x86_64 1.0.3 7.00 41.00 48.00 OK

Check Details

Version: 1.0.3
Check: DESCRIPTION meta-information
Result: NOTE
    Malformed Description field: should contain one or more complete sentences.
Flavors: r-devel-linux-x86_64-debian-clang, r-devel-linux-x86_64-debian-gcc, r-devel-linux-x86_64-fedora-clang, r-devel-linux-x86_64-fedora-gcc, r-devel-osx-x86_64-clang, r-devel-windows-ix86+x86_64, r-patched-linux-x86_64, r-patched-solaris-sparc, r-patched-solaris-x86, r-release-linux-x86_64, r-release-osx-x86_64-mavericks, r-release-osx-x86_64-snowleopard, r-release-windows-ix86+x86_64