CRAN Package Check Results for Package ForImp

Last updated on 2016-05-03 09:48:49.

Flavor Version Tinstall Tcheck Ttotal Status Flags
r-devel-linux-x86_64-debian-gcc 1.0.3 0.90 17.10 18.00 NOTE
r-devel-linux-x86_64-fedora-clang 1.0.3 32.22 NOTE
r-devel-linux-x86_64-fedora-gcc 1.0.3 29.37 NOTE
r-devel-osx-x86_64-clang 1.0.3 34.65 NOTE
r-devel-windows-ix86+x86_64 1.0.3 4.00 35.00 39.00 NOTE
r-patched-linux-x86_64 1.0.3 0.99 16.88 17.87 NOTE
r-patched-solaris-sparc 1.0.3 197.20 NOTE
r-patched-solaris-x86 1.0.3 46.00 NOTE
r-release-linux-x86_64 1.0.3 0.96 18.17 19.14 NOTE
r-release-osx-x86_64-mavericks 1.0.3 NOTE
r-release-windows-ix86+x86_64 1.0.3 3.00 56.00 59.00 NOTE
r-oldrel-windows-ix86+x86_64 1.0.3 9.00 50.00 59.00 OK

Check Details

Version: 1.0.3
Check: DESCRIPTION meta-information
Result: NOTE
    Malformed Description field: should contain one or more complete sentences.
Flavors: r-devel-linux-x86_64-debian-gcc, r-devel-linux-x86_64-fedora-clang, r-devel-linux-x86_64-fedora-gcc, r-devel-osx-x86_64-clang, r-devel-windows-ix86+x86_64, r-patched-linux-x86_64, r-patched-solaris-sparc, r-patched-solaris-x86, r-release-linux-x86_64, r-release-osx-x86_64-mavericks, r-release-windows-ix86+x86_64

Version: 1.0.3
Check: R code for possible problems
Result: NOTE
    ForImp: no visible global function definition for ‘head’
    ForImp: no visible global function definition for ‘tail’
    ForImp: no visible global function definition for ‘dist’
    medianimp: no visible global function definition for ‘quantile’
    rancatmat: no visible global function definition for ‘runif’
    transfmatcat: no visible global function definition for ‘qnorm’
    transfmatcat: no visible global function definition for ‘sd’
    Undefined global functions or variables:
     dist head qnorm quantile runif sd tail
    Consider adding
     importFrom("stats", "dist", "qnorm", "quantile", "runif", "sd")
     importFrom("utils", "head", "tail")
    to your NAMESPACE file.
Flavors: r-devel-linux-x86_64-debian-gcc, r-devel-linux-x86_64-fedora-clang, r-devel-linux-x86_64-fedora-gcc, r-devel-osx-x86_64-clang, r-devel-windows-ix86+x86_64, r-patched-linux-x86_64, r-patched-solaris-sparc, r-patched-solaris-x86