CRAN Package Check Results for Package ForImp

Last updated on 2015-09-01 10:50:52.

Flavor Version Tinstall Tcheck Ttotal Status Flags
r-devel-linux-x86_64-debian-clang 1.0.3 0.92 16.43 17.34 NOTE
r-devel-linux-x86_64-debian-gcc 1.0.3 0.88 16.16 17.04 NOTE
r-devel-linux-x86_64-fedora-clang 1.0.3 34.25 NOTE
r-devel-linux-x86_64-fedora-gcc 1.0.3 32.01 NOTE
r-devel-osx-x86_64-clang 1.0.3 29.50 NOTE
r-devel-windows-ix86+x86_64 1.0.3 5.00 32.00 37.00 NOTE
r-patched-linux-x86_64 1.0.3 0.96 16.51 17.47 NOTE
r-patched-solaris-sparc 1.0.3 214.10 NOTE
r-patched-solaris-x86 1.0.3 55.70 NOTE
r-release-linux-x86_64 1.0.3 0.98 16.88 17.85 NOTE
r-release-osx-x86_64-mavericks 1.0.3 NOTE
r-release-windows-ix86+x86_64 1.0.3 5.00 29.00 34.00 NOTE
r-oldrel-windows-ix86+x86_64 1.0.3 8.00 44.00 52.00 OK

Check Details

Version: 1.0.3
Check: DESCRIPTION meta-information
Result: NOTE
    Malformed Description field: should contain one or more complete sentences.
Flavors: r-devel-linux-x86_64-debian-clang, r-devel-linux-x86_64-debian-gcc, r-devel-linux-x86_64-fedora-clang, r-devel-linux-x86_64-fedora-gcc, r-devel-osx-x86_64-clang, r-devel-windows-ix86+x86_64, r-patched-linux-x86_64, r-patched-solaris-sparc, r-patched-solaris-x86, r-release-linux-x86_64, r-release-osx-x86_64-mavericks, r-release-windows-ix86+x86_64

Version: 1.0.3
Check: R code for possible problems
Result: NOTE
    ForImp: no visible global function definition for ‘head’
    ForImp: no visible global function definition for ‘tail’
    ForImp: no visible global function definition for ‘dist’
    medianimp: no visible global function definition for ‘quantile’
    rancatmat: no visible global function definition for ‘runif’
    transfmatcat: no visible global function definition for ‘qnorm’
    transfmatcat: no visible global function definition for ‘sd’
    Undefined global functions or variables:
     dist head qnorm quantile runif sd tail
    Consider adding
     importFrom("stats", "dist", "qnorm", "quantile", "runif", "sd")
     importFrom("utils", "head", "tail")
    to your NAMESPACE.
Flavors: r-devel-linux-x86_64-debian-clang, r-devel-linux-x86_64-debian-gcc, r-devel-linux-x86_64-fedora-clang, r-devel-linux-x86_64-fedora-gcc, r-devel-windows-ix86+x86_64