CRAN Package Check Results for Package ForImp

Last updated on 2014-04-17 20:47:34.

Flavor Version Tinstall Tcheck Ttotal Status Flags
r-devel-linux-x86_64-debian-clang 1.0.2 1.23 21.50 22.73 NOTE
r-devel-linux-x86_64-debian-gcc 1.0.2 1.21 21.55 22.76 NOTE
r-devel-linux-x86_64-fedora-clang 1.0.2 44.51 NOTE
r-devel-linux-x86_64-fedora-gcc 1.0.2 42.57 NOTE
r-devel-macosx-x86_64-clang 1.0.2 42.87 NOTE
r-devel-macosx-x86_64-gcc 1.0.2 NOTE
r-devel-windows-ix86+x86_64 1.0.2 6.00 32.00 38.00 NOTE
r-patched-linux-x86_64 1.0.2 1.28 21.31 22.59 NOTE
r-patched-solaris-sparc 1.0.2 236.40 NOTE
r-patched-solaris-x86 1.0.2 58.90 NOTE
r-release-linux-ix86 1.0.2 3.00 40.00 43.00 NOTE
r-release-linux-x86_64 1.0.2 1.19 21.10 22.29 NOTE
r-release-windows-ix86+x86_64 1.0.2 6.00 33.00 39.00 NOTE
r-oldrel-windows-ix86+x86_64 1.0.2 6.00 34.00 40.00 NOTE

Check Details

Version: 1.0.2
Check: dependencies in R code
Result: NOTE
    Packages in Depends field not imported from:
     ‘homals’ ‘mvtnorm’ ‘sampling’
     These packages need to be imported from (in the NAMESPACE file)
     for when this namespace is loaded but not attached.
    See the information on DESCRIPTION files in the chapter ‘Creating R
    packages’ of the ‘Writing R Extensions’ manual.
Flavors: r-devel-linux-x86_64-debian-clang, r-devel-linux-x86_64-debian-gcc, r-devel-linux-x86_64-fedora-clang, r-devel-linux-x86_64-fedora-gcc, r-devel-macosx-x86_64-clang, r-devel-macosx-x86_64-gcc, r-devel-windows-ix86+x86_64, r-patched-linux-x86_64, r-patched-solaris-sparc, r-patched-solaris-x86, r-release-linux-ix86, r-release-linux-x86_64, r-release-windows-ix86+x86_64, r-oldrel-windows-ix86+x86_64

Version: 1.0.2
Check: top-level files
Result: NOTE
    Non-standard file/directory found at top level:
     ‘doc’
Flavors: r-devel-linux-x86_64-fedora-clang, r-devel-linux-x86_64-fedora-gcc

Version: 1.0.2
Check: Rd line widths
Result: NOTE
    Rd file 'missingmat2.Rd':
     \examples lines wider than 100 characters:
     # if you want 20 rows with 1 missing, 10 rows with 2 missing, 4 rows with 3 missing, 1 row with 4 missing
    
    These lines will be truncated in the PDF manual.
Flavors: r-devel-linux-x86_64-fedora-clang, r-devel-linux-x86_64-fedora-gcc