CRAN Package Check Results for Package ForeCA

Last updated on 2014-04-24 03:47:44.

Flavor Version Tinstall Tcheck Ttotal Status Flags
r-devel-linux-x86_64-debian-clang 0.1 4.96 55.01 59.97 OK
r-devel-linux-x86_64-debian-gcc 0.1 5.00 54.97 59.97 OK
r-devel-linux-x86_64-fedora-clang 0.1 134.82 OK
r-devel-linux-x86_64-fedora-gcc 0.1 129.82 OK
r-devel-osx-x86_64-clang 0.1 109.21 OK
r-devel-osx-x86_64-gcc 0.1 OK
r-devel-windows-ix86+x86_64 0.1 13.00 76.00 89.00 OK
r-patched-linux-x86_64 0.1 4.87 55.00 59.87 OK
r-patched-solaris-sparc 0.1 710.10 OK
r-patched-solaris-x86 0.1 166.00 OK
r-release-linux-ix86 0.1 8.00 86.00 94.00 OK
r-release-linux-x86_64 0.1 5.11 54.57 59.68 OK
r-release-osx-x86_64-mavericks 0.1 WARN
r-release-osx-x86_64-snowleopard 0.1 OK
r-release-windows-ix86+x86_64 0.1 14.00 78.00 92.00 OK
r-oldrel-windows-ix86+x86_64 0.1 12.00 75.00 87.00 OK

Check Details

Version: 0.1
Check: PDF version of manual
Result: WARNING
    LaTeX errors when creating PDF version.
    This typically indicates Rd problems.
    LaTeX errors found:
    ! LaTeX Error: File `upquote.sty' not found.
    
    Type X to quit or <RETURN> to proceed,
    or enter new name. (Default extension: sty)
    
    82867f1/Rd2.tex:8: ==> Fatal error occurred, no output PDF file produced!
Flavor: r-release-osx-x86_64-mavericks