CRAN Package Check Results for Package ForeCA

Last updated on 2014-08-20 09:48:06.

Flavor Version Tinstall Tcheck Ttotal Status Flags
r-devel-linux-x86_64-debian-clang 0.1 4.72 53.06 57.78 OK
r-devel-linux-x86_64-debian-gcc 0.1 4.79 52.15 56.94 OK
r-devel-linux-x86_64-fedora-clang 0.1 134.01 NOTE
r-devel-linux-x86_64-fedora-gcc 0.1 124.85 NOTE
r-devel-osx-x86_64-clang 0.1 101.74 NOTE
r-devel-windows-ix86+x86_64 0.1 12.00 77.00 89.00 OK
r-patched-linux-x86_64 0.1 4.96 52.46 57.41 OK
r-patched-solaris-sparc 0.1 725.50 OK
r-patched-solaris-x86 0.1 166.50 OK
r-release-linux-ix86 0.1 5.61 64.25 69.86 OK
r-release-linux-x86_64 0.1 4.70 54.47 59.17 OK
r-release-osx-x86_64-mavericks 0.1 OK
r-release-osx-x86_64-snowleopard 0.1 OK
r-release-windows-ix86+x86_64 0.1 12.00 76.00 88.00 OK
r-oldrel-windows-ix86+x86_64 0.1 15.00 68.00 83.00 OK

Check Details

Version: 0.1
Check: R code for possible problems
Result: NOTE
    foreca.EM: no visible global function definition for ‘Null’
Flavors: r-devel-linux-x86_64-fedora-clang, r-devel-linux-x86_64-fedora-gcc, r-devel-osx-x86_64-clang