CRAN Package Check Results for Package ForeCA

Last updated on 2014-10-31 11:47:22.

Flavor Version Tinstall Tcheck Ttotal Status Flags
r-devel-linux-x86_64-debian-clang 0.1 5.20 54.75 59.95 NOTE
r-devel-linux-x86_64-debian-gcc 0.1 4.40 50.80 55.20 NOTE
r-devel-linux-x86_64-fedora-clang 0.1 129.41 NOTE
r-devel-linux-x86_64-fedora-gcc 0.1 123.11 NOTE
r-devel-osx-x86_64-clang 0.1 107.06 NOTE
r-devel-windows-ix86+x86_64 0.1 12.00 74.00 86.00 NOTE
r-patched-linux-x86_64 0.1 6.01 53.47 59.48 NOTE
r-patched-solaris-sparc 0.1 710.40 NOTE
r-patched-solaris-x86 0.1 164.90 NOTE
r-release-linux-ix86 0.1 5.74 65.10 70.84 OK
r-release-linux-x86_64 0.1 4.83 53.36 58.20 OK
r-release-osx-x86_64-mavericks 0.1 OK
r-release-osx-x86_64-snowleopard 0.1 OK
r-release-windows-ix86+x86_64 0.1 12.00 75.00 87.00 OK
r-oldrel-windows-ix86+x86_64 0.1 13.00 74.00 87.00 OK

Check Details

Version: 0.1
Check: R code for possible problems
Result: NOTE
    foreca.EM: no visible global function definition for ‘Null’
Flavors: r-devel-linux-x86_64-debian-clang, r-devel-linux-x86_64-debian-gcc, r-devel-linux-x86_64-fedora-clang, r-devel-linux-x86_64-fedora-gcc, r-devel-osx-x86_64-clang, r-devel-windows-ix86+x86_64, r-patched-linux-x86_64, r-patched-solaris-sparc, r-patched-solaris-x86