CRAN Package Check Results for Package ForeCA

Last updated on 2014-11-26 13:47:04.

Flavor Version Tinstall Tcheck Ttotal Status Flags
r-devel-linux-x86_64-debian-clang 0.1 6.50 51.27 57.77 NOTE
r-devel-linux-x86_64-debian-gcc 0.1 4.38 49.56 53.95 NOTE
r-devel-linux-x86_64-fedora-clang 0.1 137.05 NOTE
r-devel-linux-x86_64-fedora-gcc 0.1 128.41 NOTE
r-devel-osx-x86_64-clang 0.1 109.43 NOTE
r-devel-windows-ix86+x86_64 0.1 12.00 69.00 81.00 NOTE
r-patched-linux-x86_64 0.1 4.72 53.58 58.30 NOTE
r-patched-solaris-sparc 0.1 710.40 NOTE
r-patched-solaris-x86 0.1 167.20 NOTE
r-release-linux-ix86 0.1 5.37 61.48 66.85 NOTE
r-release-linux-x86_64 0.1 5.20 53.89 59.08 NOTE
r-release-osx-x86_64-mavericks 0.1 OK
r-release-osx-x86_64-snowleopard 0.1 OK
r-release-windows-ix86+x86_64 0.1 13.00 79.00 92.00 NOTE
r-oldrel-windows-ix86+x86_64 0.1 12.00 75.00 87.00 OK

Check Details

Version: 0.1
Check: R code for possible problems
Result: NOTE
    foreca.EM: no visible global function definition for ‘Null’
Flavors: r-devel-linux-x86_64-debian-clang, r-devel-linux-x86_64-debian-gcc, r-devel-linux-x86_64-fedora-clang, r-devel-linux-x86_64-fedora-gcc, r-devel-osx-x86_64-clang, r-devel-windows-ix86+x86_64, r-patched-linux-x86_64, r-patched-solaris-sparc, r-patched-solaris-x86, r-release-linux-ix86, r-release-linux-x86_64, r-release-windows-ix86+x86_64