CRAN Package Check Results for Package ForeCA

Last updated on 2014-09-22 01:48:02.

Flavor Version Tinstall Tcheck Ttotal Status Flags
r-devel-linux-x86_64-debian-clang 0.1 4.73 51.19 55.92 NOTE
r-devel-linux-x86_64-debian-gcc 0.1 4.69 50.54 55.23 NOTE
r-devel-linux-x86_64-fedora-clang 0.1 130.39 NOTE
r-devel-linux-x86_64-fedora-gcc 0.1 136.41 NOTE
r-devel-osx-x86_64-clang 0.1 100.09 NOTE
r-devel-windows-ix86+x86_64 0.1 12.00 76.00 88.00 NOTE
r-patched-linux-x86_64 0.1 5.19 54.32 59.50 OK
r-patched-solaris-sparc 0.1 725.50 OK
r-patched-solaris-x86 0.1 168.00 OK
r-release-linux-ix86 0.1 5.63 65.51 71.14 OK
r-release-linux-x86_64 0.1 5.00 54.98 59.98 OK
r-release-osx-x86_64-mavericks 0.1 OK
r-release-osx-x86_64-snowleopard 0.1 OK
r-release-windows-ix86+x86_64 0.1 11.00 76.00 87.00 OK
r-oldrel-windows-ix86+x86_64 0.1 13.00 73.00 86.00 OK

Check Details

Version: 0.1
Check: R code for possible problems
Result: NOTE
    foreca.EM: no visible global function definition for ‘Null’
Flavors: r-devel-linux-x86_64-debian-clang, r-devel-linux-x86_64-debian-gcc, r-devel-linux-x86_64-fedora-clang, r-devel-linux-x86_64-fedora-gcc, r-devel-osx-x86_64-clang, r-devel-windows-ix86+x86_64