CRAN Package Check Results for Package ForeCA

Last updated on 2015-07-04 09:47:57.

Flavor Version Tinstall Tcheck Ttotal Status Flags
r-devel-linux-x86_64-debian-clang 0.2.2 1.46 51.86 53.32 NOTE
r-devel-linux-x86_64-debian-gcc 0.2.2 1.41 51.85 53.26 NOTE
r-devel-linux-x86_64-fedora-clang 0.2.2 111.21 NOTE
r-devel-linux-x86_64-fedora-gcc 0.2.2 104.05 NOTE
r-devel-osx-x86_64-clang 0.2.2 92.39 OK
r-devel-windows-ix86+x86_64 0.2.2 6.00 83.00 89.00 NOTE
r-patched-linux-x86_64 0.2.2 1.41 52.30 53.72 OK
r-patched-solaris-sparc 0.2.2 705.30 OK
r-patched-solaris-x86 0.2.2 134.70 OK
r-release-linux-x86_64 0.2.2 1.41 51.68 53.09 OK
r-release-osx-x86_64-mavericks 0.2.2 OK
r-release-windows-ix86+x86_64 0.2.2 7.00 81.00 88.00 OK
r-oldrel-windows-ix86+x86_64 0.2.2 7.00 102.00 109.00 OK

Check Details

Version: 0.2.2
Check: R code for possible problems
Result: NOTE
    biplot.foreca: no visible global function definition for ‘abline’
    check_whitened: no visible binding for global variable ‘sd’
    check_whitened: no visible global function definition for ‘cor’
    continuous_entropy: no visible global function definition for
     ‘integrate’
    foreca.EM.one_weightvector: no visible global function definition for
     ‘is.ts’
    foreca.EM.one_weightvector: no visible global function definition for
     ‘ts’
    foreca.EM.one_weightvector: no visible global function definition for
     ‘na.omit’
    foreca.EM.one_weightvector: no visible global function definition for
     ‘tail’
    foreca.one_weightvector: no visible global function definition for
     ‘is.ts’
    foreca.one_weightvector: no visible global function definition for ‘ts’
    foreca.one_weightvector: no visible global function definition for
     ‘frequency’
    foreca.one_weightvector: no visible global function definition for
     ‘tail’
    initialize_weightvector: no visible global function definition for
     ‘is.ts’
    initialize_weightvector: no visible global function definition for
     ‘rcauchy’
    initialize_weightvector: no visible global function definition for
     ‘runif’
    initialize_weightvector: no visible global function definition for
     ‘rnorm’
    initialize_weightvector: no visible global function definition for
     ‘princomp’
    mvpgram: no visible global function definition for ‘mvfft’
    mvpgram: no visible global function definition for ‘fft’
    mvspectrum: no visible global function definition for ‘spec.ar’
    mvspectrum: Error while checking: invalid ‘envir’ argument
    plot.foreca: no visible global function definition for ‘par’
    plot.foreca: no visible global function definition for ‘layout’
    plot.foreca: no visible global function definition for ‘biplot’
    plot.foreca: no visible global function definition for ‘barplot’
    plot.foreca: no visible global function definition for ‘abline’
    plot.foreca: no visible global function definition for ‘plot.new’
    plot.foreca: no visible global function definition for ‘mtext’
    plot.foreca: no visible global function definition for ‘title’
    plot.foreca.one_weightvector: Error while checking: invalid ‘envir’
     argument
    plot.mvspectrum: no visible global function definition for ‘matplot’
    sfa: no visible binding for global variable ‘sd’
    sfa: no visible global function definition for ‘cov’
    spectral_entropy: no visible global function definition for ‘cov’
    summary.foreca : .aux_pvalues: no visible global function definition
     for ‘Box.test’
    summary.foreca.one_weightvector : .aux_pvalues: no visible global
     function definition for ‘Box.test’
    whiten: no visible global function definition for ‘var’
    whiten: no visible global function definition for ‘cov’
    Undefined global functions or variables:
     Box.test abline barplot biplot cor cov fft frequency integrate is.ts
     layout matplot mtext mvfft na.omit par plot.new princomp rcauchy
     rnorm runif sd spec.ar tail title ts var
Flavors: r-devel-linux-x86_64-debian-clang, r-devel-linux-x86_64-debian-gcc, r-devel-linux-x86_64-fedora-clang, r-devel-linux-x86_64-fedora-gcc

Version: 0.2.2
Check: R code for possible problems
Result: NOTE
    biplot.foreca: no visible global function definition for 'abline'
    check_whitened: no visible binding for global variable 'sd'
    check_whitened: no visible global function definition for 'cor'
    continuous_entropy: no visible global function definition for
     'integrate'
    foreca.EM.one_weightvector: no visible global function definition for
     'is.ts'
    foreca.EM.one_weightvector: no visible global function definition for
     'ts'
    foreca.EM.one_weightvector: no visible global function definition for
     'na.omit'
    foreca.EM.one_weightvector: no visible global function definition for
     'tail'
    foreca.one_weightvector: no visible global function definition for
     'is.ts'
    foreca.one_weightvector: no visible global function definition for 'ts'
    foreca.one_weightvector: no visible global function definition for
     'frequency'
    foreca.one_weightvector: no visible global function definition for
     'tail'
    initialize_weightvector: no visible global function definition for
     'is.ts'
    initialize_weightvector: no visible global function definition for
     'rcauchy'
    initialize_weightvector: no visible global function definition for
     'runif'
    initialize_weightvector: no visible global function definition for
     'rnorm'
    initialize_weightvector: no visible global function definition for
     'princomp'
    mvpgram: no visible global function definition for 'mvfft'
    mvpgram: no visible global function definition for 'fft'
    mvspectrum: no visible global function definition for 'spec.ar'
    mvspectrum: no visible global function definition for 'Gamma'
    mvspectrum: no visible global function definition for 'predict'
    plot.foreca: no visible global function definition for 'par'
    plot.foreca: no visible global function definition for 'layout'
    plot.foreca: no visible global function definition for 'biplot'
    plot.foreca: no visible global function definition for 'barplot'
    plot.foreca: no visible global function definition for 'abline'
    plot.foreca: no visible global function definition for 'plot.new'
    plot.foreca: no visible global function definition for 'mtext'
    plot.foreca: no visible global function definition for 'title'
    plot.foreca.one_weightvector: no visible global function definition for
     'Gamma'
    plot.foreca.one_weightvector: no visible global function definition for
     'predict'
    plot.foreca.one_weightvector: no visible global function definition for
     'par'
    plot.foreca.one_weightvector: no visible global function definition for
     'layout'
    plot.foreca.one_weightvector: no visible global function definition for
     'plot'
    plot.foreca.one_weightvector: no visible global function definition for
     'axis'
    plot.foreca.one_weightvector: no visible global function definition for
     'box'
    plot.foreca.one_weightvector: no visible global function definition for
     'grid'
    plot.foreca.one_weightvector: no visible global function definition for
     'points'
    plot.foreca.one_weightvector: no visible global function definition for
     'mtext'
    plot.foreca.one_weightvector: no visible global function definition for
     'matplot'
    plot.foreca.one_weightvector: no visible global function definition for
     'abline'
    plot.foreca.one_weightvector: no visible global function definition for
     'matpoints'
    plot.foreca.one_weightvector: no visible global function definition for
     'lines'
    plot.mvspectrum: no visible global function definition for 'matplot'
    sfa: no visible binding for global variable 'sd'
    sfa: no visible global function definition for 'cov'
    spectral_entropy: no visible global function definition for 'cov'
    summary.foreca : .aux_pvalues: no visible global function definition
     for 'Box.test'
    summary.foreca.one_weightvector : .aux_pvalues: no visible global
     function definition for 'Box.test'
    whiten: no visible global function definition for 'var'
    whiten: no visible global function definition for 'cov'
    Undefined global functions or variables:
     Box.test Gamma abline axis barplot biplot box cor cov fft frequency
     grid integrate is.ts layout lines matplot matpoints mtext mvfft
     na.omit par plot plot.new points predict princomp rcauchy rnorm runif
     sd spec.ar tail title ts var
Flavor: r-devel-windows-ix86+x86_64