CRAN Package Check Results for Package ForeCA

Last updated on 2015-08-02 23:48:02.

Flavor Version Tinstall Tcheck Ttotal Status Flags
r-devel-linux-x86_64-debian-clang 0.2.2 1.44 53.68 55.12 NOTE
r-devel-linux-x86_64-debian-gcc 0.2.2 1.40 51.72 53.12 NOTE
r-devel-linux-x86_64-fedora-clang 0.2.2 112.72 NOTE
r-devel-linux-x86_64-fedora-gcc 0.2.2 104.60 NOTE
r-devel-osx-x86_64-clang 0.2.2 99.63 OK
r-devel-windows-ix86+x86_64 0.2.2 4.00 85.00 89.00 NOTE
r-patched-linux-x86_64 0.2.2 1.44 52.29 53.73 OK
r-patched-solaris-sparc 0.2.2 722.70 OK
r-patched-solaris-x86 0.2.2 135.70 OK
r-release-linux-x86_64 0.2.2 1.41 51.23 52.64 OK
r-release-osx-x86_64-mavericks 0.2.2 OK
r-release-windows-ix86+x86_64 0.2.2 8.00 96.00 104.00 OK
r-oldrel-windows-ix86+x86_64 0.2.2 9.00 107.00 116.00 OK

Check Details

Version: 0.2.2
Check: R code for possible problems
Result: NOTE
    biplot.foreca: no visible global function definition for ‘abline’
    check_whitened: no visible binding for global variable ‘sd’
    check_whitened: no visible global function definition for ‘cor’
    continuous_entropy: no visible global function definition for
     ‘integrate’
    foreca.EM.one_weightvector: no visible global function definition for
     ‘is.ts’
    foreca.EM.one_weightvector: no visible global function definition for
     ‘ts’
    foreca.EM.one_weightvector: no visible global function definition for
     ‘na.omit’
    foreca.EM.one_weightvector: no visible global function definition for
     ‘tail’
    foreca.one_weightvector: no visible global function definition for
     ‘is.ts’
    foreca.one_weightvector: no visible global function definition for ‘ts’
    foreca.one_weightvector: no visible global function definition for
     ‘frequency’
    foreca.one_weightvector: no visible global function definition for
     ‘tail’
    initialize_weightvector: no visible global function definition for
     ‘is.ts’
    initialize_weightvector: no visible global function definition for
     ‘rcauchy’
    initialize_weightvector: no visible global function definition for
     ‘runif’
    initialize_weightvector: no visible global function definition for
     ‘rnorm’
    initialize_weightvector: no visible global function definition for
     ‘princomp’
    mvpgram: no visible global function definition for ‘mvfft’
    mvpgram: no visible global function definition for ‘fft’
    mvspectrum: no visible global function definition for ‘spec.ar’
    mvspectrum: no visible global function definition for ‘Gamma’
    mvspectrum: no visible global function definition for ‘predict’
    plot.foreca: no visible global function definition for ‘par’
    plot.foreca: no visible global function definition for ‘layout’
    plot.foreca: no visible global function definition for ‘biplot’
    plot.foreca: no visible global function definition for ‘barplot’
    plot.foreca: no visible global function definition for ‘abline’
    plot.foreca: no visible global function definition for ‘plot.new’
    plot.foreca: no visible global function definition for ‘mtext’
    plot.foreca: no visible global function definition for ‘title’
    plot.foreca.one_weightvector: no visible global function definition for
     ‘Gamma’
    plot.foreca.one_weightvector: no visible global function definition for
     ‘predict’
    plot.foreca.one_weightvector: no visible global function definition for
     ‘par’
    plot.foreca.one_weightvector: no visible global function definition for
     ‘layout’
    plot.foreca.one_weightvector: no visible global function definition for
     ‘plot’
    plot.foreca.one_weightvector: no visible global function definition for
     ‘axis’
    plot.foreca.one_weightvector: no visible global function definition for
     ‘box’
    plot.foreca.one_weightvector: no visible global function definition for
     ‘grid’
    plot.foreca.one_weightvector: no visible global function definition for
     ‘points’
    plot.foreca.one_weightvector: no visible global function definition for
     ‘mtext’
    plot.foreca.one_weightvector: no visible global function definition for
     ‘matplot’
    plot.foreca.one_weightvector: no visible global function definition for
     ‘abline’
    plot.foreca.one_weightvector: no visible global function definition for
     ‘matpoints’
    plot.foreca.one_weightvector: no visible global function definition for
     ‘lines’
    plot.mvspectrum: no visible global function definition for ‘matplot’
    sfa: no visible binding for global variable ‘sd’
    sfa: no visible global function definition for ‘cov’
    spectral_entropy: no visible global function definition for ‘cov’
    summary.foreca : .aux_pvalues: no visible global function definition
     for ‘Box.test’
    summary.foreca.one_weightvector : .aux_pvalues: no visible global
     function definition for ‘Box.test’
    whiten: no visible global function definition for ‘var’
    whiten: no visible global function definition for ‘cov’
    Undefined global functions or variables:
     Box.test Gamma abline axis barplot biplot box cor cov fft frequency
     grid integrate is.ts layout lines matplot matpoints mtext mvfft
     na.omit par plot plot.new points predict princomp rcauchy rnorm runif
     sd spec.ar tail title ts var
    Consider adding
     importFrom("graphics", "abline", "axis", "barplot", "box", "grid",
     "layout", "lines", "matplot", "matpoints", "mtext", "par",
     "plot", "plot.new", "points", "title")
     importFrom("stats", "Box.test", "Gamma", "biplot", "cor", "cov", "fft",
     "frequency", "integrate", "is.ts", "mvfft", "na.omit",
     "predict", "princomp", "rcauchy", "rnorm", "runif", "sd",
     "spec.ar", "ts", "var")
     importFrom("utils", "tail")
    to your NAMESPACE.
Flavors: r-devel-linux-x86_64-debian-clang, r-devel-linux-x86_64-debian-gcc, r-devel-linux-x86_64-fedora-clang, r-devel-linux-x86_64-fedora-gcc, r-devel-windows-ix86+x86_64