CRAN Package Check Results for Package ForecastComb

Last updated on 2024-02-25 21:49:33 CET.

Flavor Version Tinstall Tcheck Ttotal Status Flags
r-devel-linux-x86_64-debian-clang 1.3.1 17.05 212.60 229.65 OK
r-devel-linux-x86_64-debian-gcc 1.3.1 11.99 160.16 172.15 OK
r-devel-linux-x86_64-fedora-clang 1.3.1 276.48 NOTE
r-devel-linux-x86_64-fedora-gcc 1.3.1 267.97 OK
r-devel-windows-x86_64 1.3.1 14.00 158.00 172.00 OK
r-patched-linux-x86_64 1.3.1 19.04 201.94 220.98 OK
r-release-linux-x86_64 1.3.1 13.08 203.76 216.84 OK
r-release-macos-arm64 1.3.1 74.00 OK
r-release-macos-x86_64 1.3.1 139.00 OK
r-release-windows-x86_64 1.3.1 19.00 205.00 224.00 OK
r-oldrel-macos-arm64 1.3.1 76.00 OK
r-oldrel-windows-x86_64 1.3.1 19.00 214.00 233.00 OK

Check Details

Version: 1.3.1
Check: Rd cross-references
Result: NOTE Undeclared package ‘ForecastCombinations’ in Rd xrefs Flavor: r-devel-linux-x86_64-fedora-clang