CRAN Package Check Results for Package ForecastTB

Last updated on 2021-01-22 03:50:37 CET.

Flavor Version Tinstall Tcheck Ttotal Status Flags
r-devel-linux-x86_64-debian-clang 1.0.1 9.40 96.47 105.87 OK
r-devel-linux-x86_64-debian-gcc 1.0.1 7.16 72.13 79.29 OK
r-devel-linux-x86_64-fedora-clang 1.0.1 132.02 NOTE
r-devel-linux-x86_64-fedora-gcc 1.0.1 129.52 NOTE
r-devel-windows-ix86+x86_64 1.0.1 22.00 122.00 144.00 OK
r-patched-linux-x86_64 1.0.1 5.44 92.30 97.74 OK
r-patched-solaris-x86 1.0.1 177.30 NOTE
r-release-linux-x86_64 1.0.1 5.33 88.55 93.88 OK
r-release-macos-x86_64 1.0.1 NOTE
r-release-windows-ix86+x86_64 1.0.1 24.00 122.00 146.00 OK
r-oldrel-macos-x86_64 1.0.1 NOTE
r-oldrel-windows-ix86+x86_64 1.0.1 12.00 87.00 99.00 OK

Check Details

Version: 1.0.1
Check: dependencies in R code
Result: NOTE
    Namespace in Imports field not imported from: ‘decomposedPSF’
     All declared Imports should be used.
Flavors: r-devel-linux-x86_64-fedora-clang, r-devel-linux-x86_64-fedora-gcc, r-patched-solaris-x86, r-release-macos-x86_64, r-oldrel-macos-x86_64