CRAN Package Check Results for Package ForestDisc

Last updated on 2022-08-11 06:51:44 CEST.

Flavor Version Tinstall Tcheck Ttotal Status Flags
r-devel-linux-x86_64-debian-clang 0.1.0 2.22 32.47 34.69 NOTE
r-devel-linux-x86_64-debian-gcc 0.1.0 2.04 23.66 25.70 NOTE
r-devel-linux-x86_64-fedora-clang 0.1.0 53.47 NOTE
r-devel-linux-x86_64-fedora-gcc 0.1.0 52.94 NOTE
r-devel-windows-x86_64 0.1.0 7.00 57.00 64.00 NOTE
r-patched-linux-x86_64 0.1.0 2.58 31.21 33.79 NOTE
r-release-linux-x86_64 0.1.0 NOTE
r-release-macos-arm64 0.1.0 17.00 NOTE
r-release-macos-x86_64 0.1.0 27.00 NOTE
r-release-windows-x86_64 0.1.0 13.00 55.00 68.00 NOTE
r-oldrel-macos-arm64 0.1.0 19.00 NOTE
r-oldrel-macos-x86_64 0.1.0 32.00 NOTE
r-oldrel-windows-ix86+x86_64 0.1.0 7.00 48.00 55.00 NOTE

Check Details

Version: 0.1.0
Check: LazyData
Result: NOTE
     'LazyData' is specified without a 'data' directory
Flavors: r-devel-linux-x86_64-debian-clang, r-devel-linux-x86_64-debian-gcc, r-devel-linux-x86_64-fedora-clang, r-devel-linux-x86_64-fedora-gcc, r-devel-windows-x86_64, r-patched-linux-x86_64, r-release-linux-x86_64, r-release-macos-arm64, r-release-macos-x86_64, r-release-windows-x86_64, r-oldrel-macos-arm64, r-oldrel-macos-x86_64, r-oldrel-windows-ix86+x86_64