Last updated on 2022-05-16 10:52:39 CEST.
Flavor | Version | Tinstall | Tcheck | Ttotal | Status | Flags |
---|---|---|---|---|---|---|
r-devel-linux-x86_64-debian-clang | 0.2.5 | 21.50 | 149.45 | 170.95 | OK | |
r-devel-linux-x86_64-debian-gcc | 0.2.5 | 16.20 | 112.99 | 129.19 | OK | |
r-devel-linux-x86_64-fedora-clang | 0.2.5 | 219.86 | NOTE | |||
r-devel-linux-x86_64-fedora-gcc | 0.2.5 | 204.20 | NOTE | |||
r-devel-windows-x86_64 | 0.2.5 | 84.00 | 188.00 | 272.00 | OK | |
r-patched-linux-x86_64 | 0.2.5 | 15.95 | 143.01 | 158.96 | OK | |
r-release-linux-x86_64 | 0.2.5 | 18.88 | 144.82 | 163.70 | OK | |
r-release-macos-arm64 | 0.2.5 | 52.00 | NOTE | |||
r-release-macos-x86_64 | 0.2.5 | 74.00 | NOTE | |||
r-release-windows-x86_64 | 0.2.5 | 69.00 | 195.00 | 264.00 | OK | |
r-oldrel-macos-arm64 | 0.2.5 | 49.00 | NOTE | |||
r-oldrel-macos-x86_64 | 0.2.5 | 65.00 | NOTE | |||
r-oldrel-windows-ix86+x86_64 | 0.2.5 | 53.00 | 217.00 | 270.00 | NOTE |
Version: 0.2.5
Check: dependencies in R code
Result: NOTE
Namespace in Imports field not imported from: ‘methods’
All declared Imports should be used.
Flavors: r-devel-linux-x86_64-fedora-clang, r-devel-linux-x86_64-fedora-gcc, r-release-macos-arm64, r-release-macos-x86_64, r-oldrel-macos-arm64, r-oldrel-macos-x86_64
Version: 0.2.5
Check: installed package size
Result: NOTE
installed size is 5.5Mb
sub-directories of 1Mb or more:
data 2.4Mb
libs 2.0Mb
Flavor: r-oldrel-windows-ix86+x86_64