CRAN Package Check Results for Package Formula

Last updated on 2014-04-24 11:48:46.

Flavor Version Tinstall Tcheck Ttotal Status Flags
r-devel-linux-x86_64-debian-clang 1.1-1 0.58 13.96 14.54 OK
r-devel-linux-x86_64-debian-gcc 1.1-1 0.61 13.60 14.21 OK
r-devel-linux-x86_64-fedora-clang 1.1-1 30.23 OK
r-devel-linux-x86_64-fedora-gcc 1.1-1 28.94 OK
r-devel-osx-x86_64-clang 1.1-1 38.51 OK
r-devel-osx-x86_64-gcc 1.1-1 OK
r-devel-windows-ix86+x86_64 1.1-1 3.00 22.00 25.00 OK
r-patched-linux-x86_64 1.1-1 0.80 14.06 14.86 OK
r-patched-solaris-sparc 1.1-1 165.20 OK
r-patched-solaris-x86 1.1-1 44.00 OK
r-release-linux-ix86 1.1-1 1.00 32.00 33.00 OK
r-release-linux-x86_64 1.1-1 0.81 13.90 14.71 OK
r-release-osx-x86_64-mavericks 1.1-1 WARN
r-release-windows-ix86+x86_64 1.1-1 5.00 30.00 35.00 OK
r-oldrel-windows-ix86+x86_64 1.1-1 2.00 22.00 24.00 OK

Check Details

Version: 1.1-1
Check: PDF version of manual
Result: WARNING
    LaTeX errors when creating PDF version.
    This typically indicates Rd problems.
    LaTeX errors found:
    ! LaTeX Error: File `upquote.sty' not found.
    
    Type X to quit or <RETURN> to proceed,
    or enter new name. (Default extension: sty)
    
    b23819f/Rd2.tex:8: ==> Fatal error occurred, no output PDF file produced!
Flavor: r-release-osx-x86_64-mavericks