CRAN Package Check Results for Package Formula

Last updated on 2015-08-02 23:48:02.

Flavor Version Tinstall Tcheck Ttotal Status Flags
r-devel-linux-x86_64-debian-clang 1.2-1 1.08 14.30 15.37 OK
r-devel-linux-x86_64-debian-gcc 1.2-1 0.52 14.32 14.84 OK
r-devel-linux-x86_64-fedora-clang 1.2-1 29.46 OK
r-devel-linux-x86_64-fedora-gcc 1.2-1 28.58 OK
r-devel-osx-x86_64-clang 1.2-1 33.27 OK
r-devel-windows-ix86+x86_64 1.2-1 3.00 26.00 29.00 OK
r-patched-linux-x86_64 1.2-1 0.54 14.30 14.84 OK
r-patched-solaris-sparc 1.2-1 201.40 OK
r-patched-solaris-x86 1.2-1 42.80 OK
r-release-linux-x86_64 1.2-1 0.58 14.47 15.04 OK
r-release-osx-x86_64-mavericks 1.2-1 NOTE
r-release-windows-ix86+x86_64 1.2-1 4.00 26.00 30.00 OK
r-oldrel-windows-ix86+x86_64 1.2-1 5.00 40.00 45.00 OK

Check Details

Version: 1.2-1
Check: re-building of vignette outputs
Result: NOTE
    Error in re-building vignettes:
     ...
    Error in texi2dvi(file = file, pdf = TRUE, clean = clean, quiet = quiet, :
     Running 'texi2dvi' on 'Formula.tex' failed.
    LaTeX errors:
    ! LaTeX Error: Missing \begin{document}.
    
    See the LaTeX manual or LaTeX Companion for explanation.
    Type H <return> for immediate help.
     ...
    ! Undefined control sequence.
    l.22 p<81>'<f6>^^\<f3>`<cc><e9><e7><c0>^^Sa<ee>yB<b0><81><c4>q<9c><fe>7<f2><e7><8a>9/<db><de><fc><b4>\<f1>
     <fd>ޫ<9d><c6>E<80><82><f4>^^V<e7>^^\<b8>^^G^^Y0<c6>hG<0b>^^W<87><cc>...
    The control sequence at the end of the top line
    of your error message was never \def'ed. If you have
    ! Missing $ inserted.
    <inserted text>
     $
    l.23 ...G<9e>3<97><cb><cd><cc><cc><d4>j5<ac><93>B<a1><b0><b0><b0>P(^^T^^R<89><84>a^^X<aa><aa>nmm)<8a><e2>y^
     <a5>Ra<8c>U*^^U^^\<c3>i<b7><db><c8>|2<c6><f0><ab>^^P<e2>...
    ! Undefined control sequence.
    l.23 ...Ra<8c>U*^^U^^\<c3>i<b7><db><c8>|2<c6><f0><ab>^^P<e2>ѣG<b3><b3><b3>B<88>X,<96><c
    Calls: buildVignettes -> texi2pdf -> texi2dvi
    Execution halted
Flavor: r-release-osx-x86_64-mavericks