CRAN Package Check Results for Package FourgameteP

Last updated on 2024-02-29 14:54:07 CET.

Flavor Version Tinstall Tcheck Ttotal Status Flags
r-devel-linux-x86_64-debian-clang 0.1.0 2.24 20.33 22.57 NOTE
r-devel-linux-x86_64-debian-gcc 0.1.0 1.71 15.63 17.34 NOTE
r-devel-linux-x86_64-fedora-clang 0.1.0 28.48 NOTE
r-devel-linux-x86_64-fedora-gcc 0.1.0 27.72 NOTE
r-devel-windows-x86_64 0.1.0 3.00 34.00 37.00 NOTE
r-patched-linux-x86_64 0.1.0 1.78 19.81 21.59 NOTE
r-release-linux-x86_64 0.1.0 2.15 19.88 22.03 NOTE
r-release-macos-arm64 0.1.0 14.00 NOTE
r-release-macos-x86_64 0.1.0 19.00 NOTE
r-release-windows-x86_64 0.1.0 4.00 34.00 38.00 NOTE
r-oldrel-macos-arm64 0.1.0 15.00 NOTE
r-oldrel-windows-x86_64 0.1.0 5.00 40.00 45.00 NOTE

Check Details

Version: 0.1.0
Check: Rd files
Result: NOTE checkRd: (-1) FGf.Rd:15: Lost braces in \itemize; \value handles \item{}{} directly checkRd: (-1) FGf.Rd:16: Lost braces in \itemize; \value handles \item{}{} directly checkRd: (-1) FGf.Rd:17: Lost braces in \itemize; \value handles \item{}{} directly checkRd: (-1) FGf.Rd:18: Lost braces in \itemize; \value handles \item{}{} directly checkRd: (-1) FGf.Rd:19: Lost braces in \itemize; \value handles \item{}{} directly checkRd: (-1) FourgameteP.Rd:20: Lost braces in \itemize; meant \describe ? checkRd: (-1) FourgameteP.Rd:21: Lost braces in \itemize; meant \describe ? checkRd: (-1) FourgameteP.Rd:22: Lost braces in \itemize; meant \describe ? checkRd: (-1) FourgameteP.Rd:23: Lost braces in \itemize; meant \describe ? checkRd: (-1) FourgameteP.Rd:24: Lost braces in \itemize; meant \describe ? checkRd: (-1) FourgameteP.Rd:32: Lost braces in \itemize; meant \describe ? checkRd: (-1) FourgameteP.Rd:33: Lost braces in \itemize; meant \describe ? checkRd: (-1) FourgameteP.Rd:34: Lost braces in \itemize; meant \describe ? checkRd: (-1) FourgameteP.Rd:35: Lost braces in \itemize; meant \describe ? checkRd: (-1) FourgameteP.Rd:36: Lost braces in \itemize; meant \describe ? checkRd: (-1) FourgameteP.Rd:37: Lost braces in \itemize; meant \describe ? checkRd: (-1) FourgameteP.Rd:38: Lost braces in \itemize; meant \describe ? Flavors: r-devel-linux-x86_64-debian-clang, r-devel-linux-x86_64-debian-gcc, r-devel-linux-x86_64-fedora-clang, r-devel-linux-x86_64-fedora-gcc

Version: 0.1.0
Check: LazyData
Result: NOTE 'LazyData' is specified without a 'data' directory Flavors: r-devel-linux-x86_64-debian-clang, r-devel-linux-x86_64-debian-gcc, r-devel-linux-x86_64-fedora-clang, r-devel-linux-x86_64-fedora-gcc, r-devel-windows-x86_64, r-patched-linux-x86_64, r-release-linux-x86_64, r-release-macos-arm64, r-release-macos-x86_64, r-release-windows-x86_64, r-oldrel-macos-arm64, r-oldrel-windows-x86_64