CRAN Package Check Results for Package FrF2.catlg128

Last updated on 2015-07-28 03:48:14.

Flavor Version Tinstall Tcheck Ttotal Status Flags
r-devel-linux-x86_64-debian-clang 1.2-1 73.60 41.65 115.25 NOTE
r-devel-linux-x86_64-debian-gcc 1.2-1 72.90 40.86 113.76 NOTE
r-devel-linux-x86_64-fedora-clang 1.2-1 226.14 NOTE
r-devel-linux-x86_64-fedora-gcc 1.2-1 227.11 NOTE
r-devel-osx-x86_64-clang 1.2-1 186.63 NOTE
r-devel-windows-ix86+x86_64 1.2-1 111.00 64.00 175.00 NOTE
r-patched-linux-x86_64 1.2-1 72.76 43.69 116.45 NOTE
r-patched-solaris-sparc 1.2-1 1543.80 NOTE
r-patched-solaris-x86 1.2-1 386.60 NOTE
r-release-linux-x86_64 1.2-1 76.07 41.23 117.30 NOTE
r-release-osx-x86_64-mavericks 1.2-1 NOTE
r-release-windows-ix86+x86_64 1.2-1 134.00 61.00 195.00 NOTE
r-oldrel-windows-ix86+x86_64 1.2-1 148.00 112.00 260.00 NOTE

Check Details

Version: 1.2-1
Check: installed package size
Result: NOTE
     installed size is 5.7Mb
     sub-directories of 1Mb or more:
     R 5.7Mb
Flavors: r-devel-linux-x86_64-debian-clang, r-devel-linux-x86_64-debian-gcc, r-devel-linux-x86_64-fedora-clang, r-devel-linux-x86_64-fedora-gcc, r-devel-osx-x86_64-clang, r-devel-windows-ix86+x86_64, r-patched-linux-x86_64, r-patched-solaris-sparc, r-patched-solaris-x86, r-release-linux-x86_64, r-release-osx-x86_64-mavericks, r-release-windows-ix86+x86_64, r-oldrel-windows-ix86+x86_64

Version: 1.2-1
Check: top-level files
Result: NOTE
    Non-standard file/directory found at top level:
     ‘FrF2.catlg128-Ex.R’
Flavors: r-devel-linux-x86_64-debian-clang, r-devel-linux-x86_64-debian-gcc, r-devel-linux-x86_64-fedora-clang, r-devel-linux-x86_64-fedora-gcc, r-patched-linux-x86_64, r-release-linux-x86_64

Version: 1.2-1
Check: dependencies in R code
Result: NOTE
    Package in Depends field not imported from: ‘FrF2’
     These packages need to be imported from (in the NAMESPACE file)
     for when this namespace is loaded but not attached.
Flavors: r-devel-linux-x86_64-debian-clang, r-devel-linux-x86_64-debian-gcc, r-devel-linux-x86_64-fedora-clang, r-devel-linux-x86_64-fedora-gcc, r-devel-osx-x86_64-clang, r-devel-windows-ix86+x86_64, r-patched-linux-x86_64, r-patched-solaris-sparc, r-patched-solaris-x86, r-release-linux-x86_64, r-release-osx-x86_64-mavericks, r-release-windows-ix86+x86_64, r-oldrel-windows-ix86+x86_64