CRAN Package Check Results for Package FrF2.catlg128

Last updated on 2016-02-12 08:48:44.

Flavor Version Tinstall Tcheck Ttotal Status Flags
r-devel-linux-x86_64-debian-gcc 1.2-1 76.01 39.17 115.18 NOTE
r-devel-linux-x86_64-fedora-clang 1.2-1 199.21 NOTE
r-devel-linux-x86_64-fedora-gcc 1.2-1 194.95 NOTE
r-devel-osx-x86_64-clang 1.2-1 213.71 NOTE
r-devel-windows-ix86+x86_64 1.2-1 133.00 91.00 224.00 NOTE
r-patched-linux-x86_64 1.2-1 75.68 42.02 117.70 NOTE
r-patched-solaris-sparc 1.2-1 1474.00 NOTE
r-patched-solaris-x86 1.2-1 372.10 NOTE
r-release-linux-x86_64 1.2-1 76.10 42.28 118.38 NOTE
r-release-osx-x86_64-mavericks 1.2-1 NOTE
r-release-windows-ix86+x86_64 1.2-1 132.00 67.00 199.00 NOTE
r-oldrel-windows-ix86+x86_64 1.2-1 145.00 84.00 229.00 NOTE

Check Details

Version: 1.2-1
Check: installed package size
Result: NOTE
     installed size is 5.7Mb
     sub-directories of 1Mb or more:
     R 5.7Mb
Flavors: r-devel-linux-x86_64-debian-gcc, r-devel-linux-x86_64-fedora-clang, r-devel-linux-x86_64-fedora-gcc, r-devel-osx-x86_64-clang, r-devel-windows-ix86+x86_64, r-patched-linux-x86_64, r-patched-solaris-sparc, r-patched-solaris-x86, r-release-linux-x86_64, r-release-osx-x86_64-mavericks, r-release-windows-ix86+x86_64, r-oldrel-windows-ix86+x86_64

Version: 1.2-1
Check: top-level files
Result: NOTE
    Non-standard file/directory found at top level:
     ‘FrF2.catlg128-Ex.R’
Flavors: r-devel-linux-x86_64-debian-gcc, r-devel-linux-x86_64-fedora-clang, r-devel-linux-x86_64-fedora-gcc, r-patched-linux-x86_64, r-release-linux-x86_64

Version: 1.2-1
Check: dependencies in R code
Result: NOTE
    Package in Depends field not imported from: ‘FrF2’
     These packages need to be imported from (in the NAMESPACE file)
     for when this namespace is loaded but not attached.
Flavors: r-devel-linux-x86_64-debian-gcc, r-devel-linux-x86_64-fedora-clang, r-devel-linux-x86_64-fedora-gcc, r-devel-osx-x86_64-clang, r-devel-windows-ix86+x86_64, r-patched-linux-x86_64, r-patched-solaris-sparc, r-patched-solaris-x86, r-release-linux-x86_64, r-release-osx-x86_64-mavericks, r-release-windows-ix86+x86_64, r-oldrel-windows-ix86+x86_64