CRAN Package Check Results for Package FrF2.catlg128

Last updated on 2024-02-27 18:49:16 CET.

Flavor Version Tinstall Tcheck Ttotal Status Flags
r-devel-linux-x86_64-debian-clang 1.2-3 88.39 91.00 179.39 OK
r-devel-linux-x86_64-debian-gcc 1.2-3 75.79 69.22 145.01 OK
r-devel-linux-x86_64-fedora-clang 1.2-3 246.41 NOTE
r-devel-linux-x86_64-fedora-gcc 1.2-3 239.62 OK
r-devel-windows-x86_64 1.2-3 75.00 81.00 156.00 NOTE
r-patched-linux-x86_64 1.2-3 87.01 85.63 172.64 OK
r-release-linux-x86_64 1.2-3 84.20 86.46 170.66 OK
r-release-macos-arm64 1.2-3 99.00 NOTE
r-release-macos-x86_64 1.2-3 256.00 NOTE
r-release-windows-x86_64 1.2-3 102.00 98.00 200.00 NOTE
r-oldrel-macos-arm64 1.2-3 106.00 NOTE
r-oldrel-windows-x86_64 1.2-3 108.00 100.00 208.00 NOTE

Check Details

Version: 1.2-3
Check: installed package size
Result: NOTE installed size is 5.8Mb sub-directories of 1Mb or more: R 5.7Mb Flavors: r-devel-linux-x86_64-fedora-clang, r-devel-windows-x86_64, r-release-macos-arm64, r-release-macos-x86_64, r-release-windows-x86_64, r-oldrel-macos-arm64, r-oldrel-windows-x86_64