CRAN Package Check Results for Package FrF2.catlg128

Last updated on 2014-07-26 01:49:44.

Flavor Version Tinstall Tcheck Ttotal Status Flags
r-devel-linux-x86_64-debian-clang 1.2-1 71.94 51.90 123.84 NOTE
r-devel-linux-x86_64-debian-gcc 1.2-1 71.48 51.31 122.79 NOTE
r-devel-linux-x86_64-fedora-clang 1.2-1 294.79 NOTE
r-devel-linux-x86_64-fedora-gcc 1.2-1 281.63 NOTE
r-devel-osx-x86_64-clang 1.2-1 235.81 NOTE
r-devel-windows-ix86+x86_64 1.2-1 106.00 69.00 175.00 NOTE
r-patched-linux-x86_64 1.2-1 71.24 52.08 123.32 NOTE
r-patched-solaris-sparc 1.2-1 1601.50 NOTE
r-patched-solaris-x86 1.2-1 490.00 NOTE
r-release-linux-ix86 1.2-1 96.15 76.49 172.64 NOTE
r-release-linux-x86_64 1.2-1 74.08 54.13 128.21 NOTE
r-release-osx-x86_64-mavericks 1.2-1 NOTE
r-release-osx-x86_64-snowleopard 1.2-1 WARN
r-release-windows-ix86+x86_64 1.2-1 113.00 76.00 189.00 NOTE
r-oldrel-windows-ix86+x86_64 1.2-1 111.00 70.00 181.00 NOTE

Check Details

Version: 1.2-1
Check: installed package size
Result: NOTE
     installed size is 5.7Mb
     sub-directories of 1Mb or more:
     R 5.7Mb
Flavors: r-devel-linux-x86_64-debian-clang, r-devel-linux-x86_64-debian-gcc, r-devel-linux-x86_64-fedora-clang, r-devel-linux-x86_64-fedora-gcc, r-devel-osx-x86_64-clang, r-devel-windows-ix86+x86_64, r-patched-linux-x86_64, r-patched-solaris-sparc, r-patched-solaris-x86, r-release-linux-ix86, r-release-linux-x86_64, r-release-osx-x86_64-mavericks, r-release-osx-x86_64-snowleopard, r-release-windows-ix86+x86_64, r-oldrel-windows-ix86+x86_64

Version: 1.2-1
Check: dependencies in R code
Result: NOTE
    Package in Depends field not imported from: ‘FrF2’
     These packages need to be imported from (in the NAMESPACE file)
     for when this namespace is loaded but not attached.
    See the information on DESCRIPTION files in the chapter ‘Creating R
    packages’ of the ‘Writing R Extensions’ manual.
Flavors: r-devel-linux-x86_64-debian-clang, r-devel-linux-x86_64-debian-gcc, r-devel-linux-x86_64-fedora-clang, r-devel-linux-x86_64-fedora-gcc, r-devel-osx-x86_64-clang, r-devel-windows-ix86+x86_64, r-patched-linux-x86_64, r-patched-solaris-sparc, r-patched-solaris-x86, r-release-linux-ix86, r-release-linux-x86_64, r-release-osx-x86_64-mavericks, r-release-windows-ix86+x86_64, r-oldrel-windows-ix86+x86_64

Version: 1.2-1
Check: top-level files
Result: NOTE
    Non-standard file/directory found at top level:
     ‘FrF2.catlg128-Ex.R’
Flavors: r-devel-linux-x86_64-fedora-clang, r-devel-linux-x86_64-fedora-gcc

Version: 1.2-1
Check: examples
Result: WARNING
    checking a package with encoding 'latin1' in an ASCII locale
    
     OK
Flavor: r-release-osx-x86_64-snowleopard