CRAN Package Check Results for Package FrF2.catlg128

Last updated on 2015-05-25 10:47:10.

Flavor Version Tinstall Tcheck Ttotal Status Flags
r-devel-linux-x86_64-debian-clang 1.2-1 68.34 39.69 108.02 NOTE
r-devel-linux-x86_64-debian-gcc 1.2-1 68.86 40.15 109.01 NOTE
r-devel-linux-x86_64-fedora-clang 1.2-1 227.10 NOTE
r-devel-linux-x86_64-fedora-gcc 1.2-1 222.21 NOTE
r-devel-osx-x86_64-clang 1.2-1 171.52 NOTE
r-devel-windows-ix86+x86_64 1.2-1 107.00 63.00 170.00 NOTE
r-patched-linux-x86_64 1.2-1 68.02 39.10 107.12 NOTE
r-patched-solaris-sparc 1.2-1 1488.50 NOTE
r-patched-solaris-x86 1.2-1 390.50 NOTE
r-release-linux-x86_64 1.2-1 67.68 39.55 107.23 NOTE
r-release-osx-x86_64-mavericks 1.2-1 NOTE
r-release-osx-x86_64-snowleopard 1.2-1 ERROR
r-release-windows-ix86+x86_64 1.2-1 106.00 59.00 165.00 NOTE
r-oldrel-windows-ix86+x86_64 1.2-1 108.00 72.00 180.00 NOTE

Check Details

Version: 1.2-1
Check: installed package size
Result: NOTE
     installed size is 5.7Mb
     sub-directories of 1Mb or more:
     R 5.7Mb
Flavors: r-devel-linux-x86_64-debian-clang, r-devel-linux-x86_64-debian-gcc, r-devel-linux-x86_64-fedora-clang, r-devel-linux-x86_64-fedora-gcc, r-devel-osx-x86_64-clang, r-devel-windows-ix86+x86_64, r-patched-linux-x86_64, r-patched-solaris-sparc, r-patched-solaris-x86, r-release-linux-x86_64, r-release-osx-x86_64-mavericks, r-release-windows-ix86+x86_64, r-oldrel-windows-ix86+x86_64

Version: 1.2-1
Check: top-level files
Result: NOTE
    Non-standard file/directory found at top level:
     ‘FrF2.catlg128-Ex.R’
Flavors: r-devel-linux-x86_64-debian-clang, r-devel-linux-x86_64-debian-gcc, r-devel-linux-x86_64-fedora-clang, r-devel-linux-x86_64-fedora-gcc, r-patched-linux-x86_64, r-release-linux-x86_64

Version: 1.2-1
Check: dependencies in R code
Result: NOTE
    Package in Depends field not imported from: ‘FrF2’
     These packages need to be imported from (in the NAMESPACE file)
     for when this namespace is loaded but not attached.
Flavors: r-devel-linux-x86_64-debian-clang, r-devel-linux-x86_64-debian-gcc, r-devel-linux-x86_64-fedora-clang, r-devel-linux-x86_64-fedora-gcc, r-devel-osx-x86_64-clang, r-devel-windows-ix86+x86_64, r-patched-linux-x86_64, r-patched-solaris-sparc, r-patched-solaris-x86, r-release-linux-x86_64, r-release-osx-x86_64-mavericks, r-release-windows-ix86+x86_64, r-oldrel-windows-ix86+x86_64

Version: 1.2-1
Check: package dependencies
Result: ERROR
    Package required but not available: ‘FrF2’
    
    See section ‘The DESCRIPTION file’ in the ‘Writing R Extensions’
    manual.
Flavor: r-release-osx-x86_64-snowleopard