CRAN Package Check Results for Package FrF2.catlg128

Last updated on 2016-10-01 18:47:22.

Flavor Version Tinstall Tcheck Ttotal Status Flags
r-devel-linux-x86_64-debian-clang 1.2-1 75.74 42.65 118.39 NOTE
r-devel-linux-x86_64-debian-gcc 1.2-1 74.16 41.83 115.99 NOTE
r-devel-linux-x86_64-fedora-clang 1.2-1 229.82 NOTE
r-devel-linux-x86_64-fedora-gcc 1.2-1 197.09 NOTE
r-devel-macos-x86_64-clang 1.2-1 159.46 NOTE
r-devel-windows-ix86+x86_64 1.2-1 134.00 95.00 229.00 NOTE
r-patched-linux-x86_64 1.2-1 78.51 40.81 119.32 NOTE
r-patched-solaris-sparc 1.2-1 1447.50 NOTE
r-patched-solaris-x86 1.2-1 364.00 NOTE
r-release-linux-x86_64 1.2-1 75.14 40.96 116.10 NOTE
r-release-osx-x86_64-mavericks 1.2-1 NOTE
r-release-windows-ix86+x86_64 1.2-1 108.00 77.00 185.00 NOTE
r-oldrel-windows-ix86+x86_64 1.2-1 108.00 75.00 183.00 NOTE

Check Details

Version: 1.2-1
Check: installed package size
Result: NOTE
     installed size is 5.7Mb
     sub-directories of 1Mb or more:
     R 5.7Mb
Flavors: r-devel-linux-x86_64-debian-clang, r-devel-linux-x86_64-debian-gcc, r-devel-linux-x86_64-fedora-clang, r-devel-linux-x86_64-fedora-gcc, r-devel-macos-x86_64-clang, r-devel-windows-ix86+x86_64, r-patched-linux-x86_64, r-patched-solaris-sparc, r-patched-solaris-x86, r-release-linux-x86_64, r-release-osx-x86_64-mavericks, r-release-windows-ix86+x86_64, r-oldrel-windows-ix86+x86_64

Version: 1.2-1
Check: top-level files
Result: NOTE
    Non-standard file/directory found at top level:
     ‘FrF2.catlg128-Ex.R’
Flavors: r-devel-linux-x86_64-debian-clang, r-devel-linux-x86_64-debian-gcc, r-devel-linux-x86_64-fedora-clang, r-devel-linux-x86_64-fedora-gcc, r-patched-linux-x86_64, r-release-linux-x86_64

Version: 1.2-1
Check: dependencies in R code
Result: NOTE
    Package in Depends field not imported from: ‘FrF2’
     These packages need to be imported from (in the NAMESPACE file)
     for when this namespace is loaded but not attached.
Flavors: r-devel-linux-x86_64-debian-clang, r-devel-linux-x86_64-debian-gcc, r-devel-linux-x86_64-fedora-clang, r-devel-linux-x86_64-fedora-gcc, r-devel-macos-x86_64-clang, r-devel-windows-ix86+x86_64, r-patched-linux-x86_64, r-patched-solaris-sparc, r-patched-solaris-x86, r-release-linux-x86_64, r-release-osx-x86_64-mavericks, r-release-windows-ix86+x86_64, r-oldrel-windows-ix86+x86_64