CRAN Package Check Results for Package FrF2.catlg128

Last updated on 2017-01-16 17:49:11.

Flavor Version Tinstall Tcheck Ttotal Status Flags
r-devel-linux-x86_64-debian-clang 1.2-1 60.18 44.07 104.25 NOTE
r-devel-linux-x86_64-debian-gcc 1.2-1 60.70 44.69 105.39 NOTE
r-devel-linux-x86_64-fedora-clang 1.2-1 194.87 NOTE --no-stop-on-test-error
r-devel-linux-x86_64-fedora-gcc 1.2-1 201.62 NOTE --no-stop-on-test-error
r-devel-macos-x86_64-clang 1.2-1 159.30 NOTE --no-stop-on-test-error
r-devel-windows-ix86+x86_64 1.2-1 134.00 83.00 217.00 NOTE
r-patched-linux-x86_64 1.2-1 61.64 40.60 102.23 NOTE
r-patched-solaris-sparc 1.2-1 1438.20 NOTE
r-patched-solaris-x86 1.2-1 374.50 NOTE
r-release-linux-x86_64 1.2-1 61.77 40.70 102.47 NOTE
r-release-osx-x86_64-mavericks 1.2-1 NOTE
r-release-windows-ix86+x86_64 1.2-1 136.00 80.00 216.00 NOTE
r-oldrel-windows-ix86+x86_64 1.2-1 116.00 95.00 211.00 NOTE

Check Details

Version: 1.2-1
Check: top-level files
Result: NOTE
    Non-standard file/directory found at top level:
     ‘FrF2.catlg128-Ex.R’
Flavors: r-devel-linux-x86_64-debian-clang, r-devel-linux-x86_64-debian-gcc, r-patched-linux-x86_64, r-release-linux-x86_64

Version: 1.2-1
Check: dependencies in R code
Result: NOTE
    Package in Depends field not imported from: ‘FrF2’
     These packages need to be imported from (in the NAMESPACE file)
     for when this namespace is loaded but not attached.
Flavors: r-devel-linux-x86_64-debian-clang, r-devel-linux-x86_64-debian-gcc, r-devel-windows-ix86+x86_64, r-patched-linux-x86_64, r-patched-solaris-sparc, r-patched-solaris-x86, r-release-linux-x86_64, r-release-osx-x86_64-mavericks, r-release-windows-ix86+x86_64, r-oldrel-windows-ix86+x86_64

Version: 1.2-1
Flags: --no-stop-on-test-error
Check: installed package size
Result: NOTE
     installed size is 5.7Mb
     sub-directories of 1Mb or more:
     R 5.7Mb
Flavors: r-devel-linux-x86_64-fedora-clang, r-devel-linux-x86_64-fedora-gcc, r-devel-macos-x86_64-clang

Version: 1.2-1
Flags: --no-stop-on-test-error
Check: top-level files
Result: NOTE
    Non-standard file/directory found at top level:
     ‘FrF2.catlg128-Ex.R’
Flavors: r-devel-linux-x86_64-fedora-clang, r-devel-linux-x86_64-fedora-gcc

Version: 1.2-1
Flags: --no-stop-on-test-error
Check: dependencies in R code
Result: NOTE
    Package in Depends field not imported from: ‘FrF2’
     These packages need to be imported from (in the NAMESPACE file)
     for when this namespace is loaded but not attached.
Flavors: r-devel-linux-x86_64-fedora-clang, r-devel-linux-x86_64-fedora-gcc, r-devel-macos-x86_64-clang

Version: 1.2-1
Check: installed package size
Result: NOTE
     installed size is 5.7Mb
     sub-directories of 1Mb or more:
     R 5.6Mb
Flavors: r-devel-windows-ix86+x86_64, r-patched-solaris-sparc, r-patched-solaris-x86, r-release-osx-x86_64-mavericks, r-release-windows-ix86+x86_64, r-oldrel-windows-ix86+x86_64