CRAN Package Check Results for Package FrF2.catlg128

Last updated on 2017-10-19 19:47:04.

Flavor Version Tinstall Tcheck Ttotal Status Flags
r-devel-linux-x86_64-debian-clang 1.2-1 59.64 42.29 101.93 NOTE
r-devel-linux-x86_64-debian-gcc 1.2-1 60.65 47.24 107.89 NOTE
r-devel-linux-x86_64-fedora-clang 1.2-1 202.52 NOTE
r-devel-linux-x86_64-fedora-gcc 1.2-1 199.72 NOTE
r-devel-windows-ix86+x86_64 1.2-1 109.00 82.00 191.00 NOTE
r-patched-linux-x86_64 1.2-1 61.48 45.17 106.65 NOTE
r-patched-solaris-x86 1.2-1 398.20 NOTE
r-release-linux-x86_64 1.2-1 61.78 44.88 106.65 NOTE
r-release-windows-ix86+x86_64 1.2-1 136.00 77.00 213.00 NOTE
r-release-osx-x86_64 1.2-1 NOTE
r-oldrel-windows-ix86+x86_64 1.2-1 139.00 92.00 231.00 NOTE
r-oldrel-osx-x86_64 1.2-1 NOTE

Check Details

Version: 1.2-1
Check: top-level files
Result: NOTE
    Non-standard file/directory found at top level:
     ‘FrF2.catlg128-Ex.R’
Flavors: r-devel-linux-x86_64-debian-clang, r-devel-linux-x86_64-debian-gcc, r-devel-linux-x86_64-fedora-clang, r-devel-linux-x86_64-fedora-gcc, r-patched-linux-x86_64, r-release-linux-x86_64

Version: 1.2-1
Check: dependencies in R code
Result: NOTE
    Package in Depends field not imported from: ‘FrF2’
     These packages need to be imported from (in the NAMESPACE file)
     for when this namespace is loaded but not attached.
Flavors: r-devel-linux-x86_64-debian-clang, r-devel-linux-x86_64-debian-gcc, r-devel-linux-x86_64-fedora-clang, r-devel-linux-x86_64-fedora-gcc, r-devel-windows-ix86+x86_64, r-patched-linux-x86_64, r-patched-solaris-x86, r-release-linux-x86_64, r-release-windows-ix86+x86_64, r-release-osx-x86_64, r-oldrel-windows-ix86+x86_64, r-oldrel-osx-x86_64

Version: 1.2-1
Check: installed package size
Result: NOTE
     installed size is 5.7Mb
     sub-directories of 1Mb or more:
     R 5.7Mb
Flavors: r-devel-linux-x86_64-fedora-clang, r-devel-linux-x86_64-fedora-gcc, r-devel-windows-ix86+x86_64, r-patched-solaris-x86, r-release-windows-ix86+x86_64, r-release-osx-x86_64, r-oldrel-windows-ix86+x86_64, r-oldrel-osx-x86_64