CRAN Package Check Results for Package FrF2.catlg128

Last updated on 2017-06-27 20:48:34.

Flavor Version Tinstall Tcheck Ttotal Status Flags
r-devel-linux-x86_64-debian-clang 1.2-1 60.72 44.73 105.45 NOTE
r-devel-linux-x86_64-debian-gcc 1.2-1 64.24 43.21 107.44 NOTE
r-devel-linux-x86_64-fedora-clang 1.2-1 200.77 NOTE
r-devel-linux-x86_64-fedora-gcc 1.2-1 199.48 NOTE
r-devel-windows-ix86+x86_64 1.2-1 129.00 83.00 212.00 NOTE
r-patched-linux-x86_64 1.2-1 60.68 44.09 104.77 NOTE
r-patched-solaris-sparc 1.2-1 1465.40 NOTE
r-patched-solaris-x86 1.2-1 389.20 NOTE
r-release-linux-x86_64 1.2-1 61.03 44.26 105.29 NOTE
r-release-windows-ix86+x86_64 1.2-1 116.00 100.00 216.00 NOTE
r-release-osx-x86_64 1.2-1 NOTE
r-oldrel-windows-ix86+x86_64 1.2-1 132.00 100.00 232.00 NOTE
r-oldrel-osx-x86_64 1.2-1 NOTE

Check Details

Version: 1.2-1
Check: top-level files
Result: NOTE
    Non-standard file/directory found at top level:
     ‘FrF2.catlg128-Ex.R’
Flavors: r-devel-linux-x86_64-debian-clang, r-devel-linux-x86_64-debian-gcc, r-devel-linux-x86_64-fedora-clang, r-devel-linux-x86_64-fedora-gcc, r-patched-linux-x86_64, r-release-linux-x86_64

Version: 1.2-1
Check: dependencies in R code
Result: NOTE
    Package in Depends field not imported from: ‘FrF2’
     These packages need to be imported from (in the NAMESPACE file)
     for when this namespace is loaded but not attached.
Flavors: r-devel-linux-x86_64-debian-clang, r-devel-linux-x86_64-debian-gcc, r-devel-linux-x86_64-fedora-clang, r-devel-linux-x86_64-fedora-gcc, r-devel-windows-ix86+x86_64, r-patched-linux-x86_64, r-patched-solaris-sparc, r-patched-solaris-x86, r-release-linux-x86_64, r-release-windows-ix86+x86_64, r-release-osx-x86_64, r-oldrel-windows-ix86+x86_64, r-oldrel-osx-x86_64

Version: 1.2-1
Check: installed package size
Result: NOTE
     installed size is 5.7Mb
     sub-directories of 1Mb or more:
     R 5.7Mb
Flavors: r-devel-linux-x86_64-fedora-clang, r-devel-linux-x86_64-fedora-gcc, r-devel-windows-ix86+x86_64, r-patched-solaris-sparc, r-patched-solaris-x86, r-release-windows-ix86+x86_64, r-release-osx-x86_64, r-oldrel-windows-ix86+x86_64, r-oldrel-osx-x86_64