CRAN Package Check Results for Package FrF2.catlg128

Last updated on 2014-04-21 01:48:04.

Flavor Version Tinstall Tcheck Ttotal Status Flags
r-devel-linux-x86_64-debian-clang 1.2-1 72.38 53.76 126.14 NOTE
r-devel-linux-x86_64-debian-gcc 1.2-1 72.31 54.24 126.54 NOTE
r-devel-linux-x86_64-fedora-clang 1.2-1 289.34 NOTE
r-devel-linux-x86_64-fedora-gcc 1.2-1 285.76 NOTE
r-devel-macosx-x86_64-clang 1.2-1 235.45 NOTE
r-devel-macosx-x86_64-gcc 1.2-1 ERROR
r-devel-windows-ix86+x86_64 1.2-1 108.00 67.00 175.00 NOTE
r-patched-linux-x86_64 1.2-1 72.23 55.78 128.00 NOTE
r-patched-solaris-sparc 1.2-1 1601.50 NOTE
r-patched-solaris-x86 1.2-1 448.30 NOTE
r-release-linux-ix86 NOTE
r-release-linux-x86_64 1.2-1 72.01 53.89 125.90 NOTE
r-release-macosx-x86_64 1.2-1 WARN
r-release-windows-ix86+x86_64 1.2-1 133.00 71.00 204.00 NOTE
r-oldrel-windows-ix86+x86_64 1.2-1 118.00 71.00 189.00 NOTE

Check Details

Version: 1.2-1
Check: installed package size
Result: NOTE
     installed size is 5.7Mb
     sub-directories of 1Mb or more:
     R 5.7Mb
Flavors: r-devel-linux-x86_64-debian-clang, r-devel-linux-x86_64-debian-gcc, r-devel-linux-x86_64-fedora-clang, r-devel-linux-x86_64-fedora-gcc, r-devel-macosx-x86_64-clang, r-devel-windows-ix86+x86_64, r-patched-linux-x86_64, r-patched-solaris-sparc, r-patched-solaris-x86, r-release-linux-ix86, r-release-linux-x86_64, r-release-macosx-x86_64, r-release-windows-ix86+x86_64, r-oldrel-windows-ix86+x86_64

Version: 1.2-1
Check: dependencies in R code
Result: NOTE
    Package in Depends field not imported from: ‘FrF2’
     These packages need to be imported from (in the NAMESPACE file)
     for when this namespace is loaded but not attached.
    See the information on DESCRIPTION files in the chapter ‘Creating R
    packages’ of the ‘Writing R Extensions’ manual.
Flavors: r-devel-linux-x86_64-debian-clang, r-devel-linux-x86_64-debian-gcc, r-devel-linux-x86_64-fedora-clang, r-devel-linux-x86_64-fedora-gcc, r-devel-macosx-x86_64-clang, r-devel-windows-ix86+x86_64, r-patched-linux-x86_64, r-patched-solaris-sparc, r-patched-solaris-x86, r-release-linux-ix86, r-release-linux-x86_64, r-release-windows-ix86+x86_64, r-oldrel-windows-ix86+x86_64

Version: 1.2-1
Check: top-level files
Result: NOTE
    Non-standard file/directory found at top level:
     ‘FrF2.catlg128-Ex.R’
Flavors: r-devel-linux-x86_64-fedora-clang, r-devel-linux-x86_64-fedora-gcc

Version: 1.2-1
Check: package dependencies
Result: ERROR
    Package required but not available: ‘FrF2’
    
    See the information on DESCRIPTION files in the chapter ‘Creating R
    packages’ of the ‘Writing R Extensions’ manual.
Flavor: r-devel-macosx-x86_64-gcc

Version: 1.2-1
Check: examples
Result: WARNING
    checking a package with encoding 'latin1' in an ASCII locale
    
     OK
Flavor: r-release-macosx-x86_64