CRAN Package Check Results for Package FrF2.catlg128

Last updated on 2014-12-18 03:50:27.

Flavor Version Tinstall Tcheck Ttotal Status Flags
r-devel-linux-x86_64-debian-clang 1.2-1 69.54 51.03 120.58 NOTE
r-devel-linux-x86_64-debian-gcc 1.2-1 69.35 51.12 120.48 NOTE
r-devel-linux-x86_64-fedora-clang 1.2-1 290.24 NOTE
r-devel-linux-x86_64-fedora-gcc 1.2-1 241.73 NOTE
r-devel-osx-x86_64-clang 1.2-1 238.71 NOTE
r-devel-windows-ix86+x86_64 1.2-1 107.00 70.00 177.00 NOTE
r-patched-linux-x86_64 1.2-1 69.31 50.94 120.26 NOTE
r-patched-solaris-sparc 1.2-1 1640.70 NOTE
r-patched-solaris-x86 1.2-1 505.10 NOTE
r-release-linux-ix86 1.2-1 84.92 66.20 151.13 NOTE
r-release-linux-x86_64 1.2-1 69.67 52.35 122.02 NOTE
r-release-osx-x86_64-mavericks 1.2-1 NOTE
r-release-osx-x86_64-snowleopard 1.2-1 WARN
r-release-windows-ix86+x86_64 1.2-1 124.00 74.00 198.00 NOTE
r-oldrel-windows-ix86+x86_64 1.2-1 121.00 68.00 189.00 NOTE

Check Details

Version: 1.2-1
Check: installed package size
Result: NOTE
     installed size is 5.7Mb
     sub-directories of 1Mb or more:
     R 5.7Mb
Flavors: r-devel-linux-x86_64-debian-clang, r-devel-linux-x86_64-debian-gcc, r-devel-linux-x86_64-fedora-clang, r-devel-linux-x86_64-fedora-gcc, r-devel-osx-x86_64-clang, r-devel-windows-ix86+x86_64, r-patched-linux-x86_64, r-patched-solaris-sparc, r-patched-solaris-x86, r-release-linux-ix86, r-release-linux-x86_64, r-release-osx-x86_64-mavericks, r-release-osx-x86_64-snowleopard, r-release-windows-ix86+x86_64, r-oldrel-windows-ix86+x86_64

Version: 1.2-1
Check: top-level files
Result: NOTE
    Non-standard file/directory found at top level:
     ‘FrF2.catlg128-Ex.R’
Flavors: r-devel-linux-x86_64-debian-clang, r-devel-linux-x86_64-debian-gcc, r-devel-linux-x86_64-fedora-clang, r-devel-linux-x86_64-fedora-gcc, r-patched-linux-x86_64, r-release-linux-x86_64

Version: 1.2-1
Check: dependencies in R code
Result: NOTE
    Package in Depends field not imported from: ‘FrF2’
     These packages need to be imported from (in the NAMESPACE file)
     for when this namespace is loaded but not attached.
    See the information on DESCRIPTION files in the chapter ‘Creating R
    packages’ of the ‘Writing R Extensions’ manual.
Flavors: r-devel-linux-x86_64-debian-clang, r-devel-linux-x86_64-debian-gcc, r-devel-linux-x86_64-fedora-clang, r-devel-linux-x86_64-fedora-gcc, r-devel-osx-x86_64-clang, r-devel-windows-ix86+x86_64, r-patched-linux-x86_64, r-patched-solaris-sparc, r-patched-solaris-x86, r-release-linux-ix86, r-release-linux-x86_64, r-release-osx-x86_64-mavericks, r-release-windows-ix86+x86_64, r-oldrel-windows-ix86+x86_64

Version: 1.2-1
Check: examples
Result: WARN
    checking a package with encoding 'latin1' in an ASCII locale
    
     OK
Flavor: r-release-osx-x86_64-snowleopard