CRAN Package Check Results for Package FrF2.catlg128

Last updated on 2016-04-29 17:48:18.

Flavor Version Tinstall Tcheck Ttotal Status Flags
r-devel-linux-x86_64-debian-gcc 1.2-1 76.69 40.95 117.64 NOTE
r-devel-linux-x86_64-fedora-clang 1.2-1 195.19 NOTE
r-devel-linux-x86_64-fedora-gcc 1.2-1 196.01 NOTE
r-devel-osx-x86_64-clang 1.2-1 214.50 NOTE
r-devel-windows-ix86+x86_64 1.2-1 114.00 76.00 190.00 NOTE
r-patched-linux-x86_64 1.2-1 77.78 40.72 118.50 NOTE
r-patched-solaris-sparc 1.2-1 1499.40 NOTE
r-patched-solaris-x86 1.2-1 370.20 NOTE
r-release-linux-x86_64 1.2-1 75.36 42.68 118.04 NOTE
r-release-osx-x86_64-mavericks 1.2-1 NOTE
r-release-windows-ix86+x86_64 1.2-1 118.00 70.00 188.00 NOTE
r-oldrel-windows-ix86+x86_64 1.2-1 143.00 89.00 232.00 NOTE

Check Details

Version: 1.2-1
Check: installed package size
Result: NOTE
     installed size is 5.7Mb
     sub-directories of 1Mb or more:
     R 5.7Mb
Flavors: r-devel-linux-x86_64-debian-gcc, r-devel-linux-x86_64-fedora-clang, r-devel-linux-x86_64-fedora-gcc, r-devel-osx-x86_64-clang, r-devel-windows-ix86+x86_64, r-patched-linux-x86_64, r-patched-solaris-sparc, r-patched-solaris-x86, r-release-linux-x86_64, r-release-osx-x86_64-mavericks, r-release-windows-ix86+x86_64, r-oldrel-windows-ix86+x86_64

Version: 1.2-1
Check: top-level files
Result: NOTE
    Non-standard file/directory found at top level:
     ‘FrF2.catlg128-Ex.R’
Flavors: r-devel-linux-x86_64-debian-gcc, r-devel-linux-x86_64-fedora-clang, r-devel-linux-x86_64-fedora-gcc, r-patched-linux-x86_64, r-release-linux-x86_64

Version: 1.2-1
Check: dependencies in R code
Result: NOTE
    Package in Depends field not imported from: ‘FrF2’
     These packages need to be imported from (in the NAMESPACE file)
     for when this namespace is loaded but not attached.
Flavors: r-devel-linux-x86_64-debian-gcc, r-devel-linux-x86_64-fedora-clang, r-devel-linux-x86_64-fedora-gcc, r-devel-osx-x86_64-clang, r-devel-windows-ix86+x86_64, r-patched-linux-x86_64, r-patched-solaris-sparc, r-patched-solaris-x86, r-release-linux-x86_64, r-release-osx-x86_64-mavericks, r-release-windows-ix86+x86_64, r-oldrel-windows-ix86+x86_64