CRAN Package Check Results for Package FrF2

Last updated on 2015-02-28 17:48:36.

Flavor Version Tinstall Tcheck Ttotal Status Flags
r-devel-linux-x86_64-debian-clang 1.7-1 1.69 74.84 76.53 NOTE
r-devel-linux-x86_64-debian-gcc 1.7-1 1.65 72.94 74.59 NOTE
r-devel-linux-x86_64-fedora-clang 1.7-1 158.71 NOTE
r-devel-linux-x86_64-fedora-gcc 1.7-1 143.49 NOTE
r-devel-osx-x86_64-clang 1.7-1 139.04 NOTE
r-devel-windows-ix86+x86_64 1.7-1 7.00 104.00 111.00 NOTE
r-patched-linux-x86_64 1.7-1 2.16 85.38 87.54 NOTE
r-patched-solaris-sparc 1.7-1 1019.50 NOTE
r-patched-solaris-x86 1.7-1 198.60 NOTE
r-release-linux-ix86 1.7-1 2.55 103.61 106.16 OK
r-release-linux-x86_64 1.7-1 2.74 82.42 85.16 OK
r-release-osx-x86_64-mavericks 1.7-1 OK
r-release-osx-x86_64-snowleopard 1.7-1 OK
r-release-windows-ix86+x86_64 1.7-1 8.00 123.00 131.00 OK
r-oldrel-windows-ix86+x86_64 1.7-1 7.00 125.00 132.00 OK

Check Details

Version: 1.7-1
Check: dependencies in R code
Result: NOTE
    'library' or 'require' call to ‘FrF2.catlg128’ in package code.
     Please use :: or requireNamespace() instead.
     See section 'Suggested packages' in the 'Writing R Extensions' manual.
Flavors: r-devel-linux-x86_64-debian-clang, r-devel-linux-x86_64-debian-gcc, r-devel-linux-x86_64-fedora-clang, r-devel-linux-x86_64-fedora-gcc, r-devel-osx-x86_64-clang, r-devel-windows-ix86+x86_64, r-patched-linux-x86_64, r-patched-solaris-sparc, r-patched-solaris-x86