CRAN Package Check Results for Package FrF2

Last updated on 2015-03-27 21:47:48.

Flavor Version Tinstall Tcheck Ttotal Status Flags
r-devel-linux-x86_64-debian-clang 1.7-1 1.74 76.92 78.66 NOTE
r-devel-linux-x86_64-debian-gcc 1.7-1 1.60 73.84 75.44 NOTE
r-devel-linux-x86_64-fedora-clang 1.7-1 159.08 NOTE
r-devel-linux-x86_64-fedora-gcc 1.7-1 143.56 NOTE
r-devel-osx-x86_64-clang 1.7-1 137.82 NOTE
r-prerel-windows-ix86+x86_64 1.7-1 6.00 107.00 113.00 NOTE
r-prerel-linux-x86_64 1.7-1 1.61 72.48 74.09 NOTE
r-prerel-solaris-sparc 1.7-1 908.10 NOTE
r-prerel-solaris-x86 1.7-1 176.90 NOTE
r-release-linux-x86_64 1.7-1 2.14 84.44 86.58 NOTE
r-release-osx-x86_64-mavericks 1.7-1 OK
r-release-osx-x86_64-snowleopard 1.7-1 OK
r-release-windows-ix86+x86_64 1.7-1 8.00 121.00 129.00 NOTE
r-oldrel-windows-ix86+x86_64 1.7-1 7.00 125.00 132.00 OK

Check Details

Version: 1.7-1
Check: dependencies in R code
Result: NOTE
    'library' or 'require' call to ‘FrF2.catlg128’ in package code.
     Please use :: or requireNamespace() instead.
     See section 'Suggested packages' in the 'Writing R Extensions' manual.
Flavors: r-devel-linux-x86_64-debian-clang, r-devel-linux-x86_64-debian-gcc, r-devel-linux-x86_64-fedora-clang, r-devel-linux-x86_64-fedora-gcc, r-devel-osx-x86_64-clang, r-prerel-windows-ix86+x86_64, r-prerel-linux-x86_64, r-prerel-solaris-sparc, r-prerel-solaris-x86, r-release-linux-x86_64, r-release-windows-ix86+x86_64