CRAN Package Check Results for Package FrF2

Last updated on 2015-07-04 23:47:14.

Flavor Version Tinstall Tcheck Ttotal Status Flags
r-devel-linux-x86_64-debian-clang 1.7-1 1.78 72.93 74.71 NOTE
r-devel-linux-x86_64-debian-gcc 1.7-1 1.75 71.91 73.66 NOTE
r-devel-linux-x86_64-fedora-clang 1.7-1 147.42 NOTE
r-devel-linux-x86_64-fedora-gcc 1.7-1 138.61 NOTE
r-devel-osx-x86_64-clang 1.7-1 122.22 NOTE
r-devel-windows-ix86+x86_64 1.7-1 9.00 107.00 116.00 NOTE
r-patched-linux-x86_64 1.7-1 2.30 75.87 78.17 NOTE
r-patched-solaris-sparc 1.7-1 868.70 NOTE
r-patched-solaris-x86 1.7-1 183.50 NOTE
r-release-linux-x86_64 1.7-1 1.86 75.16 77.02 NOTE
r-release-osx-x86_64-mavericks 1.7-1 NOTE
r-release-windows-ix86+x86_64 1.7-1 10.00 108.00 118.00 NOTE
r-oldrel-windows-ix86+x86_64 1.7-1 11.00 132.00 143.00 NOTE

Check Details

Version: 1.7-1
Check: dependencies in R code
Result: NOTE
    'library' or 'require' call to ‘FrF2.catlg128’ in package code.
     Please use :: or requireNamespace() instead.
     See section 'Suggested packages' in the 'Writing R Extensions' manual.
Flavors: r-devel-linux-x86_64-debian-clang, r-devel-linux-x86_64-debian-gcc, r-devel-linux-x86_64-fedora-clang, r-devel-linux-x86_64-fedora-gcc, r-devel-osx-x86_64-clang, r-devel-windows-ix86+x86_64, r-patched-linux-x86_64, r-patched-solaris-sparc, r-patched-solaris-x86, r-release-linux-x86_64, r-release-osx-x86_64-mavericks, r-release-windows-ix86+x86_64, r-oldrel-windows-ix86+x86_64

Version: 1.7-1
Check: R code for possible problems
Result: NOTE
    CIG: no visible global function definition for ‘is’
    CIG: no visible global function definition for ‘terms’
    CIG: no visible global function definition for ‘formula’
    CIGstatic: no visible global function definition for ‘plot’
    DanielPlot.default: no visible global function definition for ‘par’
    DanielPlot.default: no visible global function definition for ‘coef’
    DanielPlot.default: no visible global function definition for ‘qnorm’
    DanielPlot.default: no visible global function definition for ‘ppoints’
    DanielPlot.default: no visible global function definition for ‘qqnorm’
    DanielPlot.default: no visible global function definition for
     ‘plot.default’
    DanielPlot.default: no visible global function definition for ‘mtext’
    DanielPlot.default: no visible global function definition for ‘text’
    DanielPlot.design: no visible global function definition for ‘coef’
    DanielPlot.design: no visible global function definition for
     ‘model.matrix’
    FrF2: no visible global function definition for ‘packageVersion’
    FrF2: no visible global function definition for ‘sessionInfo’
    FrF2: no visible global function definition for ‘contrasts<-’
    FrF2: no visible global function definition for ‘model.matrix’
    FrF2Large: no visible global function definition for ‘contrasts<-’
    FrF2Large: no visible global function definition for ‘sessionInfo’
    IAPlot.default: no visible global function definition for ‘par’
    IAPlot.default: no visible global function definition for ‘terms’
    IAPlot.default: no visible global function definition for
     ‘model.matrix’
    IAPlot.default: no visible global function definition for ‘coef’
    IAPlot.default: no visible global function definition for ‘plot’
    IAPlot.default: no visible global function definition for ‘box’
    IAPlot.default: no visible global function definition for ‘points’
    IAPlot.default: no visible global function definition for ‘text’
    IAPlot.default: no visible global function definition for ‘axis’
    IAPlot.default: no visible global function definition for ‘lines’
    IAPlot.default: no visible global function definition for ‘title’
    MEPlot.default: no visible global function definition for ‘par’
    MEPlot.default: no visible global function definition for ‘terms’
    MEPlot.default: no visible global function definition for
     ‘model.matrix’
    MEPlot.default: no visible global function definition for ‘coef’
    MEPlot.default: no visible global function definition for ‘plot’
    MEPlot.default: no visible global function definition for ‘box’
    MEPlot.default: no visible global function definition for ‘abline’
    MEPlot.default: no visible global function definition for ‘axis’
    MEPlot.default: no visible global function definition for ‘title’
    add.center: no visible global function definition for ‘contrasts’
    add.center: no visible global function definition for ‘contrasts<-’
    add.center: no visible global function definition for ‘model.matrix’
    add.center: no visible global function definition for ‘formula’
    aliases: no visible global function definition for ‘model.matrix’
    aliases: no visible global function definition for ‘coef’
    aliases: no visible global function definition for ‘terms’
    check: no visible global function definition for ‘model.matrix’
    cubePlot: no visible global function definition for ‘par’
    cubePlot: no visible global function definition for ‘aggregate’
    cubePlot: no visible global function definition for ‘predict’
    cubecorners: no visible global function definition for ‘symbols’
    cubedraw: no visible global function definition for ‘grey’
    cubelabel: no visible global function definition for ‘text’
    estimable.check: no visible global function definition for ‘terms’
    estimable.check: no visible global function definition for ‘formula’
    fold.design: no visible global function definition for ‘contrasts<-’
    fold.design: no visible global function definition for ‘rnorm’
    fold.design: no visible global function definition for ‘model.matrix’
    fold.design: no visible global function definition for ‘as.formula’
    formula2matrix: no visible global function definition for ‘terms’
    generators.from.design: no visible global function definition for
     ‘formula’
    generators.from.design : <anonymous>: no visible global function
     definition for ‘as.formula’
    myscatterplot3d: no visible global function definition for ‘par’
    myscatterplot3d: no visible global function definition for ‘xyz.coords’
    myscatterplot3d: no visible global function definition for ‘rgb’
    myscatterplot3d: no visible global function definition for ‘plot.new’
    myscatterplot3d: no visible global function definition for
     ‘plot.window’
    myscatterplot3d: no visible global function definition for ‘strwidth’
    myscatterplot3d: no visible global function definition for ‘title’
    myscatterplot3d: no visible global function definition for ‘segments’
    myscatterplot3d : mysegs: no visible global function definition for
     ‘segments’
    myscatterplot3d : mytext: no visible global function definition for
     ‘mtext’
    myscatterplot3d: no visible global function definition for ‘text’
    myscatterplot3d : mytext2: no visible global function definition for
     ‘mtext’
    myscatterplot3d: no visible global function definition for ‘lines’
    myscatterplot3d: no visible global function definition for ‘points’
    myscatterplot3d : <anonymous>: no visible global function definition
     for ‘xyz.coords’
    myscatterplot3d : <anonymous>: no visible global function definition
     for ‘par’
    myscatterplot3d : <anonymous>: no visible global function definition
     for ‘segments’
    myscatterplot3d : <anonymous>: no visible global function definition
     for ‘points’
    myscatterplot3d : <anonymous>: no visible global function definition
     for ‘coef’
    myscatterplot3d : <anonymous>: no visible global function definition
     for ‘lines’
    pb: no visible global function definition for ‘contrasts<-’
    print.catlg: no visible global function definition for ‘as.roman’
    remodel: no visible global function definition for ‘coef’
    remodel: no visible global function definition for ‘terms’
    Undefined global functions or variables:
     abline aggregate as.formula as.roman axis box coef contrasts
     contrasts<- formula grey is lines model.matrix mtext packageVersion
     par plot plot.default plot.new plot.window points ppoints predict
     qnorm qqnorm rgb rnorm segments sessionInfo strwidth symbols terms
     text title xyz.coords
Flavors: r-devel-linux-x86_64-debian-clang, r-devel-linux-x86_64-debian-gcc, r-devel-linux-x86_64-fedora-clang, r-devel-linux-x86_64-fedora-gcc, r-devel-windows-ix86+x86_64

Version: 1.7-1
Check: Rd cross-references
Result: NOTE
    Package unavailable to check Rd xrefs: ‘DoE.wrapper’
Flavor: r-release-osx-x86_64-mavericks