CRAN Package Check Results for Package FrF2

Last updated on 2015-01-25 16:49:10.

Flavor Version Tinstall Tcheck Ttotal Status Flags
r-devel-linux-x86_64-debian-clang 1.7-1 1.95 80.40 82.35 NOTE
r-devel-linux-x86_64-debian-gcc 1.7-1 1.93 78.72 80.65 NOTE
r-devel-linux-x86_64-fedora-clang 1.7-1 168.45 NOTE
r-devel-linux-x86_64-fedora-gcc 1.7-1 160.05 NOTE
r-devel-osx-x86_64-clang 1.7-1 139.17 NOTE
r-devel-windows-ix86+x86_64 1.7-1 7.00 113.00 120.00 NOTE
r-patched-linux-x86_64 1.7-1 2.01 86.94 88.96 OK
r-patched-solaris-sparc 1.7-1 941.70 OK
r-patched-solaris-x86 1.7-1 198.70 OK
r-release-linux-ix86 1.7-1 2.61 95.96 98.57 OK
r-release-linux-x86_64 1.7-1 2.02 81.66 83.68 OK
r-release-osx-x86_64-mavericks 1.7-1 OK
r-release-osx-x86_64-snowleopard 1.7-1 OK
r-release-windows-ix86+x86_64 1.7-1 8.00 124.00 132.00 OK
r-oldrel-windows-ix86+x86_64 1.7-1 8.00 125.00 133.00 OK

Check Details

Version: 1.7-1
Check: dependencies in R code
Result: NOTE
    'library' or 'require' call to ‘FrF2.catlg128’ in package code.
     Please use :: or requireNamespace() instead.
     See section 'Suggested packages' in the 'Writing R Extensions' manual.
Flavors: r-devel-linux-x86_64-debian-clang, r-devel-linux-x86_64-debian-gcc, r-devel-linux-x86_64-fedora-clang, r-devel-linux-x86_64-fedora-gcc, r-devel-osx-x86_64-clang, r-devel-windows-ix86+x86_64