CRAN Package Check Results for Package FrF2

Last updated on 2015-05-28 09:47:24.

Flavor Version Tinstall Tcheck Ttotal Status Flags
r-devel-linux-x86_64-debian-clang 1.7-1 1.76 74.51 76.27 NOTE
r-devel-linux-x86_64-debian-gcc 1.7-1 1.73 73.66 75.39 NOTE
r-devel-linux-x86_64-fedora-clang 1.7-1 145.46 NOTE
r-devel-linux-x86_64-fedora-gcc 1.7-1 142.21 NOTE
r-devel-osx-x86_64-clang 1.7-1 124.37 NOTE
r-devel-windows-ix86+x86_64 1.7-1 6.00 103.00 109.00 NOTE
r-patched-linux-x86_64 1.7-1 1.60 72.93 74.53 NOTE
r-patched-solaris-sparc 1.7-1 868.70 NOTE
r-patched-solaris-x86 1.7-1 174.30 NOTE
r-release-linux-x86_64 1.7-1 1.62 78.39 80.01 NOTE
r-release-osx-x86_64-mavericks 1.7-1 NOTE
r-release-osx-x86_64-snowleopard 1.7-1 ERROR
r-release-windows-ix86+x86_64 1.7-1 6.00 105.00 111.00 NOTE
r-oldrel-windows-ix86+x86_64 1.7-1 7.00 112.00 119.00 NOTE

Check Details

Version: 1.7-1
Check: dependencies in R code
Result: NOTE
    'library' or 'require' call to ‘FrF2.catlg128’ in package code.
     Please use :: or requireNamespace() instead.
     See section 'Suggested packages' in the 'Writing R Extensions' manual.
Flavors: r-devel-linux-x86_64-debian-clang, r-devel-linux-x86_64-debian-gcc, r-devel-linux-x86_64-fedora-clang, r-devel-linux-x86_64-fedora-gcc, r-devel-osx-x86_64-clang, r-devel-windows-ix86+x86_64, r-patched-linux-x86_64, r-patched-solaris-sparc, r-patched-solaris-x86, r-release-linux-x86_64, r-release-osx-x86_64-mavericks, r-release-windows-ix86+x86_64, r-oldrel-windows-ix86+x86_64

Version: 1.7-1
Check: Rd cross-references
Result: NOTE
    Package unavailable to check Rd xrefs: ‘DoE.wrapper’
Flavor: r-release-osx-x86_64-mavericks

Version: 1.7-1
Check: package dependencies
Result: ERROR
    Package required but not available: ‘igraph’
    
    Package suggested but not available for checking: ‘FrF2.catlg128’
    
    See section ‘The DESCRIPTION file’ in the ‘Writing R Extensions’
    manual.
Flavor: r-release-osx-x86_64-snowleopard