CRAN Package Check Results for Package FrF2

Last updated on 2014-04-23 12:48:18.

Flavor Version Tinstall Tcheck Ttotal Status Flags
r-devel-linux-x86_64-debian-clang 1.7 2.22 84.02 86.24 OK
r-devel-linux-x86_64-debian-gcc 1.7 2.20 86.80 89.01 OK
r-devel-linux-x86_64-fedora-clang 1.7 175.93 OK
r-devel-linux-x86_64-fedora-gcc 1.7 168.19 OK
r-devel-osx-x86_64-clang 1.7 141.82 OK
r-devel-osx-x86_64-gcc 1.7 ERROR
r-devel-windows-ix86+x86_64 1.7 8.00 121.00 129.00 OK
r-patched-linux-x86_64 1.7 2.19 83.62 85.81 OK
r-patched-solaris-sparc 1.7 939.90 OK
r-patched-solaris-x86 1.7 196.10 OK
r-release-linux-ix86 1.7 4.00 132.00 136.00 OK
r-release-linux-x86_64 1.7 2.43 84.68 87.11 OK
r-release-osx-x86_64-mavericks 1.7 WARN
r-release-osx-x86_64-snowleopard 1.7 ERROR
r-release-windows-ix86+x86_64 1.7 6.00 121.00 127.00 OK
r-oldrel-windows-ix86+x86_64 1.7 8.00 139.00 147.00 OK

Check Details

Version: 1.7
Check: package dependencies
Result: ERROR
    Package required but not available: ‘igraph’
    
    Package suggested but not available for checking: ‘FrF2.catlg128’
    
    See the information on DESCRIPTION files in the chapter ‘Creating R
    packages’ of the ‘Writing R Extensions’ manual.
Flavor: r-devel-osx-x86_64-gcc

Version: 1.7
Check: package dependencies
Result: NOTE
    Package suggested but not available for checking: ‘FrF2.catlg128’
Flavor: r-release-osx-x86_64-mavericks

Version: 1.7
Check: Rd cross-references
Result: NOTE
    Packages unavailable to check Rd xrefs: ‘DoE.wrapper’, ‘FrF2.catlg128’
Flavor: r-release-osx-x86_64-mavericks

Version: 1.7
Check: PDF version of manual
Result: WARNING
    LaTeX errors when creating PDF version.
    This typically indicates Rd problems.
    LaTeX errors found:
    ! LaTeX Error: File `upquote.sty' not found.
    
    Type X to quit or <RETURN> to proceed,
    or enter new name. (Default extension: sty)
    
    df5ce12/Rd2.tex:8: ==> Fatal error occurred, no output PDF file produced!
Flavor: r-release-osx-x86_64-mavericks

Version: 1.7
Check: package dependencies
Result: ERROR
    Package required and available but unsuitable version: ‘igraph’
    
    See the information on DESCRIPTION files in the chapter ‘Creating R
    packages’ of the ‘Writing R Extensions’ manual.
Flavor: r-release-osx-x86_64-snowleopard