CRAN Package Check Results for Package FracKrigingR

Last updated on 2022-05-21 22:58:14 CEST.

Flavor Version Tinstall Tcheck Ttotal Status Flags
r-devel-linux-x86_64-debian-clang 1.0.0 2.12 46.88 49.00 OK
r-devel-linux-x86_64-debian-gcc 1.0.0 1.74 32.17 33.91 OK
r-devel-linux-x86_64-fedora-clang 1.0.0 57.03 NOTE
r-devel-linux-x86_64-fedora-gcc 1.0.0 55.54 NOTE
r-devel-windows-x86_64 1.0.0 16.00 64.00 80.00 OK
r-patched-linux-x86_64 1.0.0 2.31 42.51 44.82 OK
r-release-linux-x86_64 1.0.0 2.17 42.47 44.64 OK
r-release-macos-arm64 1.0.0 19.00 NOTE
r-release-macos-x86_64 1.0.0 24.00 NOTE
r-release-windows-x86_64 1.0.0 14.00 62.00 76.00 OK
r-oldrel-macos-arm64 1.0.0 21.00 NOTE
r-oldrel-macos-x86_64 1.0.0 24.00 NOTE
r-oldrel-windows-ix86+x86_64 1.0.0 5.00 60.00 65.00 OK

Check Details

Version: 1.0.0
Check: dependencies in R code
Result: NOTE
    Namespace in Imports field not imported from: ‘psych’
     All declared Imports should be used.
Flavors: r-devel-linux-x86_64-fedora-clang, r-devel-linux-x86_64-fedora-gcc, r-release-macos-arm64, r-release-macos-x86_64, r-oldrel-macos-arm64, r-oldrel-macos-x86_64