CRAN Package Check Results for Package FuncMap

Last updated on 2015-07-04 16:46:23.

Flavor Version Tinstall Tcheck Ttotal Status Flags
r-devel-linux-x86_64-debian-clang 1.0-3 0.95 14.03 14.98 NOTE
r-devel-linux-x86_64-debian-gcc 1.0-3 0.87 14.30 15.18 NOTE
r-devel-linux-x86_64-fedora-clang 1.0-3 28.36 NOTE
r-devel-linux-x86_64-fedora-gcc 1.0-3 27.76 NOTE
r-devel-osx-x86_64-clang 1.0-3 27.97 OK
r-devel-windows-ix86+x86_64 1.0-3 6.00 21.00 27.00 NOTE
r-patched-linux-x86_64 1.0-3 0.93 14.27 15.20 OK
r-patched-solaris-sparc 1.0-3 194.50 OK
r-patched-solaris-x86 1.0-3 42.40 OK
r-release-linux-x86_64 1.0-3 0.90 14.13 15.03 OK
r-release-osx-x86_64-mavericks 1.0-3 OK
r-release-windows-ix86+x86_64 1.0-3 4.00 24.00 28.00 OK
r-oldrel-windows-ix86+x86_64 1.0-3 4.00 39.00 43.00 OK

Check Details

Version: 1.0-3
Check: R code for possible problems
Result: NOTE
    FuncMap: no visible global function definition for ‘na.omit’
    FuncMap: no visible global function definition for ‘aggregate’
    Undefined global functions or variables:
     aggregate na.omit
Flavors: r-devel-linux-x86_64-debian-clang, r-devel-linux-x86_64-debian-gcc, r-devel-linux-x86_64-fedora-clang, r-devel-linux-x86_64-fedora-gcc, r-devel-windows-ix86+x86_64