CRAN Package Check Results for Package FuncMap

Last updated on 2014-04-24 15:50:38.

Flavor Version Tinstall Tcheck Ttotal Status Flags
r-devel-linux-x86_64-debian-clang 1.0-2 1.02 15.20 16.22 OK
r-devel-linux-x86_64-debian-gcc 1.0-2 1.02 15.20 16.22 OK
r-devel-linux-x86_64-fedora-clang 1.0-2 32.05 OK
r-devel-linux-x86_64-fedora-gcc 1.0-2 31.23 OK
r-devel-osx-x86_64-clang 1.0-2 33.17 OK
r-devel-osx-x86_64-gcc 1.0-2 OK
r-devel-windows-ix86+x86_64 1.0-2 3.00 23.00 26.00 OK
r-patched-linux-x86_64 1.0-2 1.01 15.70 16.70 OK
r-patched-solaris-sparc 1.0-2 192.30 OK
r-patched-solaris-x86 1.0-2 47.30 OK
r-release-linux-ix86 1.0-2 2.00 29.00 31.00 OK
r-release-linux-x86_64 1.0-2 1.01 14.94 15.95 OK
r-release-osx-x86_64-mavericks 1.0-2 WARN
r-release-windows-ix86+x86_64 1.0-2 3.00 23.00 26.00 OK
r-oldrel-windows-ix86+x86_64 1.0-2 4.00 24.00 28.00 OK

Check Details

Version: 1.0-2
Check: PDF version of manual
Result: WARNING
    LaTeX errors when creating PDF version.
    This typically indicates Rd problems.
    LaTeX errors found:
    ! LaTeX Error: File `upquote.sty' not found.
    
    Type X to quit or <RETURN> to proceed,
    or enter new name. (Default extension: sty)
    
    16c7ad21/Rd2.tex:8: ==> Fatal error occurred, no output PDF file produced!
Flavor: r-release-osx-x86_64-mavericks