CRAN Package Check Results for Package FunnelPlotR

Last updated on 2020-08-12 18:47:21 CEST.

Flavor Version Tinstall Tcheck Ttotal Status Flags
r-devel-linux-x86_64-debian-clang 0.2.3 6.14 49.97 56.11 WARN
r-devel-linux-x86_64-debian-gcc 0.2.3 5.00 45.08 50.08 OK
r-devel-linux-x86_64-fedora-clang 0.2.3 84.42 OK
r-devel-linux-x86_64-fedora-gcc 0.2.3 75.91 OK
r-devel-windows-ix86+x86_64 0.2.3 21.00 95.00 116.00 OK
r-patched-linux-x86_64 0.2.3 5.30 56.61 61.91 OK
r-patched-solaris-x86 0.2.3 109.80 OK
r-release-linux-x86_64 0.2.3 4.84 48.12 52.96 WARN
r-release-macos-x86_64 0.2.3 OK
r-release-windows-ix86+x86_64 0.2.3 22.00 92.00 114.00 OK
r-oldrel-macos-x86_64 0.2.3 OK
r-oldrel-windows-ix86+x86_64 0.2.3 12.00 71.00 83.00 OK

Check Details

Version: 0.2.3
Check: package dependencies
Result: NOTE
    Package suggested but not available for checking: 'tidyr'
Flavors: r-devel-linux-x86_64-debian-clang, r-release-linux-x86_64

Version: 0.2.3
Check: re-building of vignette outputs
Result: WARN
    Error(s) in re-building vignettes:
     ...
    --- re-building 'funnel_plots.Rmd' using rmarkdown
    Quitting from lines 47-78 (funnel_plots.Rmd)
    Error: processing vignette 'funnel_plots.Rmd' failed with diagnostics:
    there is no package called 'tidyr'
    --- failed re-building 'funnel_plots.Rmd'
    
    SUMMARY: processing the following file failed:
     'funnel_plots.Rmd'
    
    Error: Vignette re-building failed.
    Execution halted
Flavors: r-devel-linux-x86_64-debian-clang, r-release-linux-x86_64