CRAN Package Check Results for Package FusionLearn

Last updated on 2021-11-28 03:54:07 CET.

Flavor Version Tinstall Tcheck Ttotal Status Flags
r-devel-linux-x86_64-debian-clang 0.1.1 NOTE
r-devel-linux-x86_64-debian-gcc 0.1.1 3.56 56.76 60.32 NOTE
r-devel-linux-x86_64-fedora-clang 0.1.1 105.91 OK
r-devel-linux-x86_64-fedora-gcc 0.1.1 95.99 OK
r-devel-windows-x86_64-new-UL 0.1.1 9.00 120.00 129.00 NOTE
r-devel-windows-x86_64-new-TK 0.1.1 OK
r-devel-windows-x86_64-old 0.1.1 6.00 89.00 95.00 NOTE
r-patched-linux-x86_64 0.1.1 4.02 71.76 75.78 NOTE
r-patched-solaris-x86 0.1.1 79.70 OK
r-release-linux-x86_64 0.1.1 NOTE
r-release-macos-arm64 0.1.1 OK
r-release-macos-x86_64 0.1.1 OK
r-release-windows-ix86+x86_64 0.1.1 8.00 104.00 112.00 NOTE
r-oldrel-macos-x86_64 0.1.1 OK
r-oldrel-windows-ix86+x86_64 0.1.1 6.00 100.00 106.00 NOTE

Check Details

Version: 0.1.1
Check: package vignettes
Result: NOTE
    Package vignette with placeholder title 'Vignette Title':
     'FusionLearn.Rmd'
Flavors: r-devel-linux-x86_64-debian-clang, r-devel-linux-x86_64-debian-gcc, r-devel-windows-x86_64-new-UL, r-devel-windows-x86_64-old, r-patched-linux-x86_64, r-release-linux-x86_64, r-release-windows-ix86+x86_64, r-oldrel-windows-ix86+x86_64