CRAN Package Check Results for Package FuzzyAHP

Last updated on 2023-09-25 19:03:50 CEST.

Flavor Version Tinstall Tcheck Ttotal Status Flags
r-devel-linux-x86_64-debian-clang 0.9.5 6.84 36.99 43.83 NOTE
r-devel-linux-x86_64-debian-gcc 0.9.5 5.71 29.88 35.59 NOTE
r-devel-linux-x86_64-fedora-clang 0.9.5 57.58 NOTE
r-devel-linux-x86_64-fedora-gcc 0.9.5 71.22 NOTE
r-devel-windows-x86_64 0.9.5 7.00 61.00 68.00 NOTE
r-patched-linux-x86_64 0.9.5 6.38 36.18 42.56 NOTE
r-release-linux-x86_64 0.9.5 5.21 37.00 42.21 NOTE
r-release-macos-arm64 0.9.5 35.00 NOTE
r-release-macos-x86_64 0.9.5 44.00 NOTE
r-release-windows-x86_64 0.9.5 11.00 61.00 72.00 NOTE
r-oldrel-macos-arm64 0.9.5 26.00 NOTE
r-oldrel-macos-x86_64 0.9.5 32.00 NOTE
r-oldrel-windows-x86_64 0.9.5 14.00 58.00 72.00 NOTE

Check Details

Version: 0.9.5
Check: LazyData
Result: NOTE
     'LazyData' is specified without a 'data' directory
Flavors: r-devel-linux-x86_64-debian-clang, r-devel-linux-x86_64-debian-gcc, r-devel-linux-x86_64-fedora-clang, r-devel-linux-x86_64-fedora-gcc, r-devel-windows-x86_64, r-patched-linux-x86_64, r-release-linux-x86_64, r-release-macos-arm64, r-release-macos-x86_64, r-release-windows-x86_64, r-oldrel-macos-arm64, r-oldrel-macos-x86_64, r-oldrel-windows-x86_64