CRAN Package Check Results for Package FuzzyNumbers

Last updated on 2014-12-18 00:48:49.

Flavor Version Tinstall Tcheck Ttotal Status Flags
r-devel-linux-x86_64-debian-clang 0.3-5 3.92 55.73 59.65 OK
r-devel-linux-x86_64-debian-gcc 0.3-5 3.83 53.15 56.98 OK
r-devel-linux-x86_64-fedora-clang 0.3-5 120.08 OK
r-devel-linux-x86_64-fedora-gcc 0.3-5 112.04 OK
r-devel-osx-x86_64-clang 0.3-5 104.53 OK
r-devel-windows-ix86+x86_64 0.3-5 13.00 90.00 103.00 OK
r-patched-linux-x86_64 0.3-5 4.54 57.54 62.09 OK
r-patched-solaris-sparc 0.3-5 634.90 OK
r-patched-solaris-x86 0.3-5 147.80 OK
r-release-linux-ix86 0.3-5 4.88 66.54 71.42 OK
r-release-linux-x86_64 0.3-5 4.25 56.61 60.86 OK
r-release-osx-x86_64-mavericks 0.3-5 NOTE
r-release-osx-x86_64-snowleopard 0.3-5 OK
r-release-windows-ix86+x86_64 0.3-5 10.00 99.00 109.00 OK
r-oldrel-windows-ix86+x86_64 0.3-5 8.00 94.00 102.00 OK

Check Details

Version: 0.3-5
Check: re-building of vignette outputs
Result: NOTE
    Error in re-building vignettes:
     ...
    Warning: running command 'kpsewhich framed.sty' had status 1
    Warning in test_latex_pkg("framed", system.file("misc", "framed.sty", package = "knitr")) :
     unable to find LaTeX package 'framed'; will use a copy from knitr
    Loading required package: knitr
    Error in texi2dvi(file = file, pdf = TRUE, clean = clean, quiet = quiet, :
     Running 'texi2dvi' on 'FuzzyNumbersTutorial.tex' failed.
    LaTeX errors:
    ! LaTeX Error: File `multirow.sty' not found.
    
    Type X to quit or <RETURN> to proceed,
    or enter new name. (Default extension: sty)
    
    /vign_test/FuzzyNumbers/vignettes/FuzzyNumbersTutorial.tex:77: ==> Fatal error
     occurred, no output PDF file produced!
    Calls: buildVignettes -> texi2pdf -> texi2dvi
    Execution halted
Flavor: r-release-osx-x86_64-mavericks