CRAN Package Check Results for Package FuzzyNumbers

Last updated on 2014-04-16 09:47:59.

Flavor Version Tinstall Tcheck Ttotal Status Flags
r-devel-linux-x86_64-debian-clang 0.3-3 4.21 25.98 30.20 NOTE
r-devel-linux-x86_64-debian-gcc 0.3-3 4.36 26.15 30.51 NOTE
r-devel-linux-x86_64-fedora-clang 0.3-3 61.68 NOTE
r-devel-linux-x86_64-fedora-gcc 0.3-3 59.33 NOTE
r-devel-macosx-x86_64-clang 0.3-3 59.54 NOTE
r-devel-macosx-x86_64-gcc 0.3-3 NOTE
r-devel-windows-ix86+x86_64 0.3-3 8.00 68.00 76.00 NOTE
r-patched-linux-x86_64 0.3-3 4.25 25.63 29.88 NOTE
r-patched-solaris-sparc 0.3-3 361.40 NOTE
r-patched-solaris-x86 0.3-3 82.60 NOTE
r-release-linux-ix86 0.3-3 8.00 44.00 52.00 NOTE
r-release-linux-x86_64 0.3-3 4.24 25.80 30.04 NOTE
r-release-macosx-x86_64 0.3-3 OK
r-release-windows-ix86+x86_64 0.3-3 12.00 68.00 80.00 NOTE
r-oldrel-windows-ix86+x86_64 0.3-3 8.00 57.00 65.00 NOTE

Check Details

Version: 0.3-3
Check: dependencies in R code
Result: NOTE
    Package in Depends field not imported from: ‘methods’
     These packages need to be imported from (in the NAMESPACE file)
     for when this namespace is loaded but not attached.
    See the information on DESCRIPTION files in the chapter ‘Creating R
    packages’ of the ‘Writing R Extensions’ manual.
Flavors: r-devel-linux-x86_64-debian-clang, r-devel-linux-x86_64-debian-gcc, r-devel-linux-x86_64-fedora-clang, r-devel-linux-x86_64-fedora-gcc, r-devel-macosx-x86_64-clang, r-devel-macosx-x86_64-gcc, r-devel-windows-ix86+x86_64, r-patched-linux-x86_64, r-patched-solaris-sparc, r-patched-solaris-x86, r-release-linux-ix86, r-release-linux-x86_64, r-release-windows-ix86+x86_64, r-oldrel-windows-ix86+x86_64