CRAN Package Check Results for Package FuzzyNumbers

Last updated on 2016-12-09 13:46:56.

Flavor Version Tinstall Tcheck Ttotal Status Flags
r-devel-linux-x86_64-debian-clang 0.4-1 3.98 53.34 57.33 OK
r-devel-linux-x86_64-debian-gcc 0.4-1 4.00 53.54 57.54 OK
r-devel-linux-x86_64-fedora-clang 0.4-1 109.52 OK --no-stop-on-test-error
r-devel-linux-x86_64-fedora-gcc 0.4-1 105.65 OK --no-stop-on-test-error
r-devel-macos-x86_64-clang 0.4-1 84.13 OK
r-devel-windows-ix86+x86_64 0.4-1 12.00 148.00 160.00 OK
r-patched-linux-x86_64 0.4-1 5.02 49.19 54.20 OK
r-patched-solaris-sparc 0.4-1 621.50 OK
r-patched-solaris-x86 0.4-1 116.20 OK
r-release-linux-x86_64 0.4-1 5.00 51.50 56.50 OK
r-release-osx-x86_64-mavericks 0.4-1 OK
r-release-windows-ix86+x86_64 0.4-1 10.00 103.00 113.00 OK
r-oldrel-windows-ix86+x86_64 0.4-1 15.00 92.00 107.00 NOTE

Check Details

Version: 0.4-1
Check: re-building of vignette outputs
Result: NOTE
    Error in re-building vignettes:
     ...
    Loading required package: knitr
    Warning: running command '"D:\compiler\texmf\miktex\bin\texify.exe" --quiet --pdf "FuzzyNumbersTutorial.tex" --max-iterations=20 -I "D:/RCompile/recent/R-3.2.5/share/texmf/tex/latex" -I "D:/RCompile/recent/R-3.2.5/share/texmf/bibtex/bst"' had status 1
    Error in find_vignette_product(name, by = "texi2pdf", engine = engine) :
     Failed to locate the 'texi2pdf' output file (by engine 'knitr::knitr') for vignette with name 'FuzzyNumbersTutorial'. The following files exist in directory '.': 'FuzzyNumbersTutorial.R', 'FuzzyNumbersTutorial.Rnw', 'FuzzyNumbersTutorial.tex'
    Calls: buildVignettes -> find_vignette_product
    Execution halted
Flavor: r-oldrel-windows-ix86+x86_64