CRAN Package Check Results for Package FuzzyNumbers

Last updated on 2015-08-01 03:48:54.

Flavor Version Tinstall Tcheck Ttotal Status Flags
r-devel-linux-x86_64-debian-clang 0.4-1 4.87 45.72 50.59 OK
r-devel-linux-x86_64-debian-gcc 0.4-1 4.81 49.64 54.44 OK
r-devel-linux-x86_64-fedora-clang 0.4-1 102.21 OK
r-devel-linux-x86_64-fedora-gcc 0.4-1 94.25 OK
r-devel-osx-x86_64-clang 0.4-1 88.64 OK
r-devel-windows-ix86+x86_64 0.4-1 17.00 114.00 131.00 NOTE
r-patched-linux-x86_64 0.4-1 5.12 44.92 50.04 OK
r-patched-solaris-sparc 0.4-1 636.30 OK
r-patched-solaris-x86 0.4-1 127.00 OK
r-release-linux-x86_64 0.4-1 5.14 45.78 50.91 OK
r-release-osx-x86_64-mavericks 0.4-1 OK
r-release-windows-ix86+x86_64 0.4-1 16.00 100.00 116.00 NOTE
r-oldrel-windows-ix86+x86_64 0.4-1 11.00 101.00 112.00 NOTE

Check Details

Version: 0.4-1
Check: re-building of vignette outputs
Result: NOTE
    Error in re-building vignettes:
     ...
    Loading required package: knitr
    Warning: running command '"D:\compiler\texmf\miktex\bin\texi2dvi.exe" --quiet --pdf "FuzzyNumbersTutorial.tex" --max-iterations=20 -I "D:/RCompile/recent/R/share/texmf/tex/latex" -I "D:/RCompile/recent/R/share/texmf/bibtex/bst"' had status 1
    Error: running 'texi2dvi' on 'FuzzyNumbersTutorial.tex' failed
    
    LaTeX errors:
    tes/FuzzyNumbersTutorial.tex:170: Package inputenc Error: Unicode char \u8:Â<c2><8a> n
    ot set up for use with LaTeX.
    
    See the inputenc package documentation for explanation.
    Type H <return> for immediate help
    Execution halted
Flavor: r-devel-windows-ix86+x86_64

Version: 0.4-1
Check: re-building of vignette outputs
Result: NOTE
    Error in re-building vignettes:
     ...
    Loading required package: knitr
    Warning: running command '"D:\compiler\texmf\miktex\bin\texi2dvi.exe" --quiet --pdf "FuzzyNumbersTutorial.tex" --max-iterations=20 -I "D:/RCompile/recent/R-3.2.1/share/texmf/tex/latex" -I "D:/RCompile/recent/R-3.2.1/share/texmf/bibtex/bst"' had status 1
    Error: running 'texi2dvi' on 'FuzzyNumbersTutorial.tex' failed
    
    LaTeX errors:
    tes/FuzzyNumbersTutorial.tex:170: Package inputenc Error: Unicode char \u8:Â<c2><8a> n
    ot set up for use with LaTeX.
    
    See the inputenc package documentation for explanation.
    Type H <return> for immediate help
    Execution halted
Flavor: r-release-windows-ix86+x86_64

Version: 0.4-1
Check: re-building of vignette outputs
Result: NOTE
    Error in re-building vignettes:
     ...
    Loading required package: knitr
    Warning: running command '"D:\compiler\texmf\miktex\bin\texi2dvi.exe" --quiet --pdf "FuzzyNumbersTutorial.tex" --max-iterations=20 -I "D:/RCompile/recent/R-3.1.3/share/texmf/tex/latex" -I "D:/RCompile/recent/R-3.1.3/share/texmf/bibtex/bst"' had status 1
    Error: running 'texi2dvi' on 'FuzzyNumbersTutorial.tex' failed
    
    LaTeX errors:
    tes/FuzzyNumbersTutorial.tex:170: Package inputenc Error: Unicode char \u8:Â<c2><8a> n
    ot set up for use with LaTeX.
    
    See the inputenc package documentation for explanation.
    Type H <return> for immediate help
    Execution halted
Flavor: r-oldrel-windows-ix86+x86_64