CRAN Package Check Results for Package FuzzyNumbers

Last updated on 2014-11-22 18:50:41.

Flavor Version Tinstall Tcheck Ttotal Status Flags
r-devel-linux-x86_64-debian-clang 0.3-5 3.92 54.29 58.20 OK
r-devel-linux-x86_64-debian-gcc 0.3-5 3.74 52.32 56.07 OK
r-devel-linux-x86_64-fedora-clang 0.3-5 133.23 OK
r-devel-linux-x86_64-fedora-gcc 0.3-5 114.55 OK
r-devel-osx-x86_64-clang 0.3-5 108.57 OK
r-devel-windows-ix86+x86_64 0.3-5 7.00 119.00 126.00 OK
r-patched-linux-x86_64 0.3-5 6.45 55.73 62.18 OK
r-patched-solaris-sparc 0.3-5 634.90 OK
r-patched-solaris-x86 0.3-5 140.90 OK
r-release-linux-ix86 0.3-5 4.81 64.52 69.32 OK
r-release-linux-x86_64 0.3-5 4.21 54.92 59.14 OK
r-release-osx-x86_64-mavericks 0.3-5 NOTE
r-release-osx-x86_64-snowleopard 0.3-5 OK
r-release-windows-ix86+x86_64 0.3-5 12.00 97.00 109.00 OK
r-oldrel-windows-ix86+x86_64 0.3-5 8.00 91.00 99.00 OK

Check Details

Version: 0.3-5
Check: re-building of vignette outputs
Result: NOTE
    Error in re-building vignettes:
     ...
    Warning: running command 'kpsewhich framed.sty' had status 1
    Warning in test_latex_pkg("framed", system.file("misc", "framed.sty", package = "knitr")) :
     unable to find LaTeX package 'framed'; will use a copy from knitr
    Loading required package: knitr
    Error in texi2dvi(file = file, pdf = TRUE, clean = clean, quiet = quiet, :
     Running 'texi2dvi' on 'FuzzyNumbersTutorial.tex' failed.
    LaTeX errors:
    ! LaTeX Error: File `multirow.sty' not found.
    
    Type X to quit or <RETURN> to proceed,
    or enter new name. (Default extension: sty)
    
    /vign_test/FuzzyNumbers/vignettes/FuzzyNumbersTutorial.tex:77: ==> Fatal error
     occurred, no output PDF file produced!
    Calls: buildVignettes -> texi2pdf -> texi2dvi
    Execution halted
Flavor: r-release-osx-x86_64-mavericks