CRAN Package Check Results for Package FuzzyNumbers

Last updated on 2014-07-22 17:48:30.

Flavor Version Tinstall Tcheck Ttotal Status Flags
r-devel-linux-x86_64-debian-clang 0.3-3 4.15 25.32 29.47 NOTE
r-devel-linux-x86_64-debian-gcc 0.3-3 4.03 24.76 28.80 NOTE
r-devel-linux-x86_64-fedora-clang 0.3-3 62.76 NOTE
r-devel-linux-x86_64-fedora-gcc 0.3-3 58.77 NOTE
r-devel-osx-x86_64-clang 0.3-3 59.40 NOTE
r-devel-windows-ix86+x86_64 0.3-3 10.00 54.00 64.00 NOTE
r-patched-linux-x86_64 0.3-3 4.08 24.37 28.45 NOTE
r-patched-solaris-sparc 0.3-3 361.40 NOTE
r-patched-solaris-x86 0.3-3 82.40 NOTE
r-release-linux-ix86 0.3-3 4.93 34.32 39.25 NOTE
r-release-linux-x86_64 0.3-3 4.30 25.04 29.34 NOTE
r-release-osx-x86_64-mavericks 0.3-3 NOTE
r-release-osx-x86_64-snowleopard 0.3-3 OK
r-release-windows-ix86+x86_64 0.3-3 10.00 55.00 65.00 NOTE
r-oldrel-windows-ix86+x86_64 0.3-3 8.00 57.00 65.00 NOTE

Check Details

Version: 0.3-3
Check: dependencies in R code
Result: NOTE
    Package in Depends field not imported from: ‘methods’
     These packages need to be imported from (in the NAMESPACE file)
     for when this namespace is loaded but not attached.
    See the information on DESCRIPTION files in the chapter ‘Creating R
    packages’ of the ‘Writing R Extensions’ manual.
Flavors: r-devel-linux-x86_64-debian-clang, r-devel-linux-x86_64-debian-gcc, r-devel-linux-x86_64-fedora-clang, r-devel-linux-x86_64-fedora-gcc, r-devel-osx-x86_64-clang, r-devel-windows-ix86+x86_64, r-patched-linux-x86_64, r-patched-solaris-sparc, r-patched-solaris-x86, r-release-linux-ix86, r-release-linux-x86_64, r-release-osx-x86_64-mavericks, r-release-windows-ix86+x86_64, r-oldrel-windows-ix86+x86_64