CRAN Package Check Results for Package FuzzyNumbers

Last updated on 2015-05-24 17:47:25.

Flavor Version Tinstall Tcheck Ttotal Status Flags
r-devel-linux-x86_64-debian-clang 0.4-1 5.01 43.94 48.95 OK
r-devel-linux-x86_64-debian-gcc 0.4-1 5.08 45.56 50.64 OK
r-devel-linux-x86_64-fedora-clang 0.4-1 98.67 OK
r-devel-linux-x86_64-fedora-gcc 0.4-1 95.93 OK
r-devel-osx-x86_64-clang 0.4-1 92.93 OK
r-devel-windows-ix86+x86_64 0.4-1 12.00 85.00 97.00 NOTE
r-patched-linux-x86_64 0.4-1 4.88 46.07 50.96 OK
r-patched-solaris-sparc 0.4-1 610.00 OK
r-patched-solaris-x86 0.4-1 126.50 OK
r-release-linux-x86_64 0.4-1 4.99 43.86 48.85 OK
r-release-osx-x86_64-mavericks 0.4-1 OK
r-release-osx-x86_64-snowleopard 0.4-1 ERROR
r-release-windows-ix86+x86_64 0.4-1 11.00 87.00 98.00 NOTE
r-oldrel-windows-ix86+x86_64 0.4-1 10.00 88.00 98.00 NOTE

Check Details

Version: 0.4-1
Check: re-building of vignette outputs
Result: NOTE
    Error in re-building vignettes:
     ...
    Loading required package: knitr
    Warning: running command '"D:\compiler\texmf\miktex\bin\texi2dvi.exe" --quiet --pdf "FuzzyNumbersTutorial.tex" --max-iterations=20 -I "D:/RCompile/recent/R/share/texmf/tex/latex" -I "D:/RCompile/recent/R/share/texmf/bibtex/bst"' had status 1
    Error: running 'texi2dvi' on 'FuzzyNumbersTutorial.tex' failed
    
    LaTeX errors:
    tes/FuzzyNumbersTutorial.tex:170: Package inputenc Error: Unicode char \u8:Â<c2><8a> n
    ot set up for use with LaTeX.
    
    See the inputenc package documentation for explanation.
    Type H <return> for immediate help
    Execution halted
Flavor: r-devel-windows-ix86+x86_64

Version: 0.4-1
Check: package dependencies
Result: ERROR
    Package suggested but not available for checking: ‘knitr’
    
    VignetteBuilder package required for checking but not installed: ‘knitr’
    
    Files named as vignettes but with no recognized vignette engine:
     ‘inst/doc/FuzzyNumbersTutorial.Rnw’
    (Is a VignetteBuilder field missing?)
    
    See section ‘The DESCRIPTION file’ in the ‘Writing R Extensions’
    manual.
Flavor: r-release-osx-x86_64-snowleopard

Version: 0.4-1
Check: re-building of vignette outputs
Result: NOTE
    Error in re-building vignettes:
     ...
    Loading required package: knitr
    Warning: running command '"D:\compiler\texmf\miktex\bin\texi2dvi.exe" --quiet --pdf "FuzzyNumbersTutorial.tex" --max-iterations=20 -I "D:/RCompile/recent/R-3.2.0/share/texmf/tex/latex" -I "D:/RCompile/recent/R-3.2.0/share/texmf/bibtex/bst"' had status 1
    Error: running 'texi2dvi' on 'FuzzyNumbersTutorial.tex' failed
    
    LaTeX errors:
    tes/FuzzyNumbersTutorial.tex:170: Package inputenc Error: Unicode char \u8:Â<c2><8a> n
    ot set up for use with LaTeX.
    
    See the inputenc package documentation for explanation.
    Type H <return> for immediate help
    Execution halted
Flavor: r-release-windows-ix86+x86_64

Version: 0.4-1
Check: re-building of vignette outputs
Result: NOTE
    Error in re-building vignettes:
     ...
    Loading required package: knitr
    Warning in qbeta(x, 2, 1) :
     full precision may not have been achieved in 'qbeta'
    Warning in qbeta(x, 2, 1) :
     full precision may not have been achieved in 'qbeta'
    Warning in qbeta(x, 2, 1) :
     full precision may not have been achieved in 'qbeta'
    Warning: running command '"D:\compiler\texmf\miktex\bin\texi2dvi.exe" --quiet --pdf "FuzzyNumbersTutorial.tex" --max-iterations=20 -I "D:/Rcompile/recent/R-3.1.3/share/texmf/tex/latex" -I "D:/Rcompile/recent/R-3.1.3/share/texmf/bibtex/bst"' had status 1
    Error: running 'texi2dvi' on 'FuzzyNumbersTutorial.tex' failed
    
    LaTeX errors:
    tes/FuzzyNumbersTutorial.tex:170: Package inputenc Error: Unicode char \u8:Â<c2><8a> n
    ot set up for use with LaTeX.
    
    See the inputenc package documentation for explanation.
    Type H <return> for immediate help
    Execution halted
Flavor: r-oldrel-windows-ix86+x86_64