CRAN Package Check Results for Package FuzzyNumbers

Last updated on 2017-12-13 00:46:44 CET.

Flavor Version Tinstall Tcheck Ttotal Status Flags
r-devel-linux-x86_64-debian-clang 0.4-1 7.11 80.75 87.86 OK
r-devel-linux-x86_64-debian-gcc 0.4-1 6.02 62.77 68.79 OK
r-devel-linux-x86_64-fedora-clang 0.4-1 103.97 OK
r-devel-linux-x86_64-fedora-gcc 0.4-1 104.37 OK
r-devel-windows-ix86+x86_64 0.4-1 15.00 110.00 125.00 OK
r-patched-linux-x86_64 0.4-1 6.11 83.58 89.69 OK
r-patched-solaris-x86 0.4-1 124.90 OK
r-release-linux-x86_64 0.4-1 5.90 82.14 88.04 OK
r-release-windows-ix86+x86_64 0.4-1 11.00 142.00 153.00 OK
r-release-osx-x86_64 0.4-1 WARN
r-oldrel-windows-ix86+x86_64 0.4-1 15.00 132.00 147.00 OK
r-oldrel-osx-x86_64 0.4-1 OK

Check Details

Version: 0.4-1
Check: re-building of vignette outputs
Result: WARN
    Error in re-building vignettes:
     ...
    Warning: running command 'kpsewhich framed.sty' had status 1
    Warning in test_latex_pkg("framed", system.file("misc", "framed.sty", package = "knitr")) :
     unable to find LaTeX package 'framed'; will use a copy from knitr
    Loading required package: knitr
    Error in texi2dvi(file = file, pdf = TRUE, clean = clean, quiet = quiet, :
     Running 'texi2dvi' on 'FuzzyNumbersTutorial.tex' failed.
    LaTeX errors:
    ! LaTeX Error: File `tocbibind.sty' not found.
    
    Type X to quit or <RETURN> to proceed,
    or enter new name. (Default extension: sty)
    
    ! Emergency stop.
    <read *>
    
    l.80 \usepackage
     {rotating}^^M
    ! ==> Fatal error occurred, no output PDF file produced!
    Calls: buildVignettes -> texi2pdf -> texi2dvi
    Execution halted
Flavor: r-release-osx-x86_64