CRAN Package Check Results for Package FuzzyNumbers

Last updated on 2024-06-20 19:49:06 CEST.

Flavor Version Tinstall Tcheck Ttotal Status Flags
r-devel-linux-x86_64-debian-clang 0.4-7 10.39 86.37 96.76 NOTE
r-devel-linux-x86_64-debian-gcc 0.4-7 7.49 64.79 72.28 NOTE
r-devel-linux-x86_64-fedora-clang 0.4-7 125.78 NOTE
r-devel-linux-x86_64-fedora-gcc 0.4-7 131.50 NOTE
r-devel-windows-x86_64 0.4-7 8.00 113.00 121.00 NOTE
r-patched-linux-x86_64 0.4-7 11.63 82.76 94.39 NOTE
r-release-linux-x86_64 0.4-7 7.31 86.30 93.61 NOTE
r-release-macos-arm64 0.4-7 42.00 NOTE
r-release-macos-x86_64 0.4-7 63.00 WARN
r-release-windows-x86_64 0.4-7 8.00 114.00 122.00 NOTE
r-oldrel-macos-arm64 0.4-7 43.00 OK
r-oldrel-macos-x86_64 0.4-7 70.00 OK
r-oldrel-windows-x86_64 0.4-7 11.00 121.00 132.00 OK

Check Details

Version: 0.4-7
Check: Rd files
Result: NOTE checkRd: (-1) trapezoidalApproximation-methods.Rd:49: Lost braces; missing escapes or markup? 49 | For example, if Val(A) < EV_{1/3}(A) or Val(A) > EV_{2/3}(A), | ^ checkRd: (-1) trapezoidalApproximation-methods.Rd:49: Lost braces; missing escapes or markup? 49 | For example, if Val(A) < EV_{1/3}(A) or Val(A) > EV_{2/3}(A), | ^ Flavors: r-devel-linux-x86_64-debian-clang, r-devel-linux-x86_64-debian-gcc, r-devel-linux-x86_64-fedora-clang, r-devel-linux-x86_64-fedora-gcc, r-devel-windows-x86_64, r-patched-linux-x86_64, r-release-linux-x86_64, r-release-macos-arm64, r-release-macos-x86_64, r-release-windows-x86_64

Version: 0.4-7
Check: re-building of vignette outputs
Result: WARN Error(s) in re-building vignettes: ... --- re-building ‘FuzzyNumbersTutorial.Rnw’ using knitr Error: processing vignette 'FuzzyNumbersTutorial.Rnw' failed with diagnostics: Running 'texi2dvi' on 'FuzzyNumbersTutorial.tex' failed. LaTeX errors: ! Undefined control sequence. l.282 \hlkwd{install.packages}\hldef {(}\hlsng{'FuzzyNumbers'}\hldef{)} ? ! Emergency stop. ! Emergency stop. l.282 End of file on the terminal! ! ==> Fatal error occurred, no output PDF file produced! --- failed re-building ‘FuzzyNumbersTutorial.Rnw’ SUMMARY: processing the following file failed: ‘FuzzyNumbersTutorial.Rnw’ Error: Vignette re-building failed. Execution halted Flavor: r-release-macos-x86_64