CRAN Package Check Results for Package FuzzyNumbers

Last updated on 2014-10-23 21:46:37.

Flavor Version Tinstall Tcheck Ttotal Status Flags
r-devel-linux-x86_64-debian-clang 0.3-5 3.92 55.34 59.26 OK
r-devel-linux-x86_64-debian-gcc 0.3-5 3.81 56.02 59.83 OK
r-devel-linux-x86_64-fedora-clang 0.3-5 119.80 OK
r-devel-linux-x86_64-fedora-gcc 0.3-5 113.06 OK
r-devel-osx-x86_64-clang 0.3-5 106.98 OK
r-devel-windows-ix86+x86_64 0.3-5 9.00 94.00 103.00 OK
r-patched-linux-x86_64 0.3-5 4.28 55.42 59.70 OK
r-patched-solaris-sparc 0.3-5 634.90 OK
r-patched-solaris-x86 0.3-5 141.40 OK
r-release-linux-ix86 0.3-5 4.94 65.30 70.24 OK
r-release-linux-x86_64 0.3-5 4.32 55.82 60.14 OK
r-release-osx-x86_64-mavericks 0.3-5 NOTE
r-release-osx-x86_64-snowleopard 0.3-5 OK
r-release-windows-ix86+x86_64 0.3-5 8.00 91.00 99.00 OK
r-oldrel-windows-ix86+x86_64 0.3-5 8.00 88.00 96.00 OK

Check Details

Version: 0.3-5
Check: re-building of vignette outputs
Result: NOTE
    Error in re-building vignettes:
     ...
    Warning: running command 'kpsewhich framed.sty' had status 1
    Warning in test_latex_pkg("framed", system.file("misc", "framed.sty", package = "knitr")) :
     unable to find LaTeX package 'framed'; will use a copy from knitr
    Loading required package: knitr
    Error in texi2dvi(file = file, pdf = TRUE, clean = clean, quiet = quiet, :
     Running 'texi2dvi' on 'FuzzyNumbersTutorial.tex' failed.
    LaTeX errors:
    ! LaTeX Error: File `multirow.sty' not found.
    
    Type X to quit or <RETURN> to proceed,
    or enter new name. (Default extension: sty)
    
    /vign_test/FuzzyNumbers/vignettes/FuzzyNumbersTutorial.tex:77: ==> Fatal error
     occurred, no output PDF file produced!
    Calls: buildVignettes -> texi2pdf -> texi2dvi
    Execution halted
Flavor: r-release-osx-x86_64-mavericks