CRAN Package Check Results for Package FuzzyNumbers

Last updated on 2014-09-15 08:49:36.

Flavor Version Tinstall Tcheck Ttotal Status Flags
r-devel-linux-x86_64-debian-clang 0.3-3 3.75 25.04 28.79 NOTE
r-devel-linux-x86_64-debian-gcc 0.3-3 3.65 23.99 27.64 NOTE
r-devel-linux-x86_64-fedora-clang 0.3-3 60.55 NOTE
r-devel-linux-x86_64-fedora-gcc 0.3-3 69.14 NOTE
r-devel-osx-x86_64-clang 0.3-3 55.89 NOTE
r-devel-windows-ix86+x86_64 0.3-3 8.00 55.00 63.00 NOTE
r-patched-linux-x86_64 0.3-3 4.04 24.90 28.94 NOTE
r-patched-solaris-sparc 0.3-3 388.40 NOTE
r-patched-solaris-x86 0.3-3 80.20 NOTE
r-release-linux-ix86 0.3-3 4.80 32.98 37.78 NOTE
r-release-linux-x86_64 0.3-3 4.07 24.97 29.04 NOTE
r-release-osx-x86_64-mavericks 0.3-3 NOTE
r-release-osx-x86_64-snowleopard 0.3-3 OK
r-release-windows-ix86+x86_64 0.3-3 10.00 55.00 65.00 NOTE
r-oldrel-windows-ix86+x86_64 0.3-3 8.00 57.00 65.00 NOTE

Check Details

Version: 0.3-3
Check: dependencies in R code
Result: NOTE
    Package in Depends field not imported from: ‘methods’
     These packages need to be imported from (in the NAMESPACE file)
     for when this namespace is loaded but not attached.
    See the information on DESCRIPTION files in the chapter ‘Creating R
    packages’ of the ‘Writing R Extensions’ manual.
Flavors: r-devel-linux-x86_64-debian-clang, r-devel-linux-x86_64-debian-gcc, r-devel-linux-x86_64-fedora-clang, r-devel-linux-x86_64-fedora-gcc, r-devel-osx-x86_64-clang, r-devel-windows-ix86+x86_64, r-patched-linux-x86_64, r-patched-solaris-sparc, r-patched-solaris-x86, r-release-linux-ix86, r-release-linux-x86_64, r-release-osx-x86_64-mavericks, r-release-windows-ix86+x86_64, r-oldrel-windows-ix86+x86_64