CRAN Package Check Results for Package FuzzyNumbers

Last updated on 2015-06-29 23:46:51.

Flavor Version Tinstall Tcheck Ttotal Status Flags
r-devel-linux-x86_64-debian-clang 0.4-1 6.52 44.48 51.00 OK
r-devel-linux-x86_64-debian-gcc 0.4-1 4.85 45.64 50.48 OK
r-devel-linux-x86_64-fedora-clang 0.4-1 97.66 OK
r-devel-linux-x86_64-fedora-gcc 0.4-1 94.04 OK
r-devel-osx-x86_64-clang 0.4-1 92.88 OK
r-devel-windows-ix86+x86_64 0.4-1 15.00 82.00 97.00 NOTE
r-patched-linux-x86_64 0.4-1 5.02 45.56 50.58 OK
r-patched-solaris-sparc 0.4-1 610.00 OK
r-patched-solaris-x86 0.4-1 124.80 OK
r-release-linux-x86_64 0.4-1 4.90 43.30 48.20 OK
r-release-osx-x86_64-mavericks 0.4-1 OK
r-release-windows-ix86+x86_64 0.4-1 16.00 89.00 105.00 NOTE
r-oldrel-windows-ix86+x86_64 0.4-1 16.00 105.00 121.00 NOTE

Check Details

Version: 0.4-1
Check: re-building of vignette outputs
Result: NOTE
    Error in re-building vignettes:
     ...
    Loading required package: knitr
    Warning: running command '"D:\compiler\texmf\miktex\bin\texi2dvi.exe" --quiet --pdf "FuzzyNumbersTutorial.tex" --max-iterations=20 -I "D:/RCompile/recent/R/share/texmf/tex/latex" -I "D:/RCompile/recent/R/share/texmf/bibtex/bst"' had status 1
    Error: running 'texi2dvi' on 'FuzzyNumbersTutorial.tex' failed
    
    LaTeX errors:
    tes/FuzzyNumbersTutorial.tex:170: Package inputenc Error: Unicode char \u8:Â<c2><8a> n
    ot set up for use with LaTeX.
    
    See the inputenc package documentation for explanation.
    Type H <return> for immediate help
    Execution halted
Flavor: r-devel-windows-ix86+x86_64

Version: 0.4-1
Check: re-building of vignette outputs
Result: NOTE
    Error in re-building vignettes:
     ...
    Loading required package: knitr
    Warning: running command '"D:\compiler\texmf\miktex\bin\texi2dvi.exe" --quiet --pdf "FuzzyNumbersTutorial.tex" --max-iterations=20 -I "D:/RCompile/recent/R-3.2.1/share/texmf/tex/latex" -I "D:/RCompile/recent/R-3.2.1/share/texmf/bibtex/bst"' had status 1
    Error: running 'texi2dvi' on 'FuzzyNumbersTutorial.tex' failed
    
    LaTeX errors:
    tes/FuzzyNumbersTutorial.tex:170: Package inputenc Error: Unicode char \u8:Â<c2><8a> n
    ot set up for use with LaTeX.
    
    See the inputenc package documentation for explanation.
    Type H <return> for immediate help
    Execution halted
Flavor: r-release-windows-ix86+x86_64

Version: 0.4-1
Check: re-building of vignette outputs
Result: NOTE
    Error in re-building vignettes:
     ...
    Loading required package: knitr
    Warning: running command '"D:\compiler\texmf\miktex\bin\texi2dvi.exe" --quiet --pdf "FuzzyNumbersTutorial.tex" --max-iterations=20 -I "D:/RCompile/recent/R-3.1.3/share/texmf/tex/latex" -I "D:/RCompile/recent/R-3.1.3/share/texmf/bibtex/bst"' had status 1
    Error: running 'texi2dvi' on 'FuzzyNumbersTutorial.tex' failed
    
    LaTeX errors:
    tes/FuzzyNumbersTutorial.tex:170: Package inputenc Error: Unicode char \u8:Â<c2><8a> n
    ot set up for use with LaTeX.
    
    See the inputenc package documentation for explanation.
    Type H <return> for immediate help
    Execution halted
Flavor: r-oldrel-windows-ix86+x86_64