CRAN Package Check Results for Package G1DBN

Last updated on 2015-01-31 17:49:37.

Flavor Version Tinstall Tcheck Ttotal Status Flags
r-devel-linux-x86_64-debian-clang 3.1.1 0.70 24.42 25.11 NOTE
r-devel-linux-x86_64-debian-gcc 3.1.1 0.76 26.51 27.26 NOTE
r-devel-linux-x86_64-fedora-clang 3.1.1 56.96 NOTE
r-devel-linux-x86_64-fedora-gcc 3.1.1 52.31 NOTE
r-devel-osx-x86_64-clang 3.1.1 52.19 NOTE
r-devel-windows-ix86+x86_64 3.1.1 4.00 36.00 40.00 NOTE
r-patched-linux-x86_64 3.1.1 0.83 27.46 28.29 NOTE
r-patched-solaris-sparc 3.1.1 326.30 NOTE
r-patched-solaris-x86 3.1.1 72.10 NOTE
r-release-linux-ix86 3.1.1 1.06 35.50 36.56 NOTE
r-release-linux-x86_64 3.1.1 0.87 27.23 28.10 NOTE
r-release-osx-x86_64-mavericks 3.1.1 NOTE
r-release-osx-x86_64-snowleopard 3.1.1 OK
r-release-windows-ix86+x86_64 3.1.1 3.00 46.00 49.00 NOTE
r-oldrel-windows-ix86+x86_64 3.1.1 4.00 42.00 46.00 NOTE

Check Details

Version: 3.1.1
Check: dependencies in R code
Result: NOTE
    Packages in Depends field not imported from:
     ‘MASS’ ‘igraph’
     These packages need to be imported from (in the NAMESPACE file)
     for when this namespace is loaded but not attached.
Flavors: r-devel-linux-x86_64-debian-clang, r-devel-linux-x86_64-debian-gcc, r-devel-linux-x86_64-fedora-clang, r-devel-linux-x86_64-fedora-gcc, r-devel-osx-x86_64-clang, r-devel-windows-ix86+x86_64

Version: 3.1.1
Check: R code for possible problems
Result: NOTE
    DBNScoreStep1: no visible global function definition for ‘rlm’
    DBNScoreStep2: no visible global function definition for ‘rlm’
Flavors: r-devel-linux-x86_64-debian-clang, r-devel-linux-x86_64-debian-gcc, r-devel-linux-x86_64-fedora-clang, r-devel-linux-x86_64-fedora-gcc, r-devel-osx-x86_64-clang, r-devel-windows-ix86+x86_64, r-patched-linux-x86_64, r-patched-solaris-sparc, r-patched-solaris-x86, r-release-linux-ix86, r-release-linux-x86_64, r-release-osx-x86_64-mavericks, r-release-windows-ix86+x86_64

Version: 3.1.1
Check: dependencies in R code
Result: NOTE
    Packages in Depends field not imported from:
     ‘MASS’ ‘igraph’
     These packages need to be imported from (in the NAMESPACE file)
     for when this namespace is loaded but not attached.
    See the information on DESCRIPTION files in the chapter ‘Creating R
    packages’ of the ‘Writing R Extensions’ manual.
Flavors: r-patched-linux-x86_64, r-patched-solaris-sparc, r-patched-solaris-x86, r-release-linux-ix86, r-release-linux-x86_64, r-release-osx-x86_64-mavericks, r-release-windows-ix86+x86_64, r-oldrel-windows-ix86+x86_64