CRAN Package Check Results for Package G1DBN

Last updated on 2014-08-21 22:47:10.

Flavor Version Tinstall Tcheck Ttotal Status Flags
r-devel-linux-x86_64-debian-clang 3.1.1 0.80 25.93 26.72 NOTE
r-devel-linux-x86_64-debian-gcc 3.1.1 0.81 25.51 26.32 NOTE
r-devel-linux-x86_64-fedora-clang 3.1.1 57.22 NOTE
r-devel-linux-x86_64-fedora-gcc 3.1.1 53.72 NOTE
r-devel-osx-x86_64-clang 3.1.1 49.10 NOTE
r-devel-windows-ix86+x86_64 3.1.1 3.00 38.00 41.00 NOTE
r-patched-linux-x86_64 3.1.1 0.82 26.39 27.20 NOTE
r-patched-solaris-sparc 3.1.1 329.90 NOTE
r-patched-solaris-x86 3.1.1 69.20 NOTE
r-release-linux-ix86 3.1.1 1.20 35.53 36.73 NOTE
r-release-linux-x86_64 3.1.1 0.83 27.26 28.08 NOTE
r-release-osx-x86_64-mavericks 3.1.1 NOTE
r-release-osx-x86_64-snowleopard 3.1.1 OK
r-release-windows-ix86+x86_64 3.1.1 3.00 45.00 48.00 NOTE
r-oldrel-windows-ix86+x86_64 3.1.1 3.00 41.00 44.00 NOTE

Check Details

Version: 3.1.1
Check: dependencies in R code
Result: NOTE
    Packages in Depends field not imported from:
     ‘MASS’ ‘igraph’
     These packages need to be imported from (in the NAMESPACE file)
     for when this namespace is loaded but not attached.
    See the information on DESCRIPTION files in the chapter ‘Creating R
    packages’ of the ‘Writing R Extensions’ manual.
Flavors: r-devel-linux-x86_64-debian-clang, r-devel-linux-x86_64-debian-gcc, r-devel-linux-x86_64-fedora-clang, r-devel-linux-x86_64-fedora-gcc, r-devel-osx-x86_64-clang, r-devel-windows-ix86+x86_64, r-patched-linux-x86_64, r-patched-solaris-sparc, r-patched-solaris-x86, r-release-linux-ix86, r-release-linux-x86_64, r-release-osx-x86_64-mavericks, r-release-windows-ix86+x86_64, r-oldrel-windows-ix86+x86_64

Version: 3.1.1
Check: R code for possible problems
Result: NOTE
    DBNScoreStep1: no visible global function definition for ‘rlm’
    DBNScoreStep2: no visible global function definition for ‘rlm’
Flavors: r-devel-linux-x86_64-fedora-clang, r-devel-linux-x86_64-fedora-gcc, r-devel-osx-x86_64-clang