CRAN Package Check Results for Package G1DBN

Last updated on 2015-07-07 15:46:30.

Flavor Version Tinstall Tcheck Ttotal Status Flags
r-devel-linux-x86_64-debian-clang 3.1.1 0.67 23.45 24.12 NOTE
r-devel-linux-x86_64-debian-gcc 3.1.1 0.68 23.07 23.75 NOTE
r-devel-linux-x86_64-fedora-clang 3.1.1 48.59 NOTE
r-devel-linux-x86_64-fedora-gcc 3.1.1 45.96 NOTE
r-devel-osx-x86_64-clang 3.1.1 44.52 NOTE
r-devel-windows-ix86+x86_64 3.1.1 4.00 47.00 51.00 NOTE
r-patched-linux-x86_64 3.1.1 0.94 24.13 25.06 NOTE
r-patched-solaris-sparc 3.1.1 287.60 NOTE
r-patched-solaris-x86 3.1.1 64.20 NOTE
r-release-linux-x86_64 3.1.1 0.68 23.19 23.87 NOTE
r-release-osx-x86_64-mavericks 3.1.1 NOTE
r-release-windows-ix86+x86_64 3.1.1 3.00 39.00 42.00 NOTE
r-oldrel-windows-ix86+x86_64 3.1.1 5.00 47.00 52.00 NOTE

Check Details

Version: 3.1.1
Check: DESCRIPTION meta-information
Result: NOTE
    Malformed Title field: should not end in a period.
Flavors: r-devel-linux-x86_64-debian-clang, r-devel-linux-x86_64-debian-gcc, r-devel-linux-x86_64-fedora-clang, r-devel-linux-x86_64-fedora-gcc, r-devel-osx-x86_64-clang, r-devel-windows-ix86+x86_64, r-patched-linux-x86_64, r-patched-solaris-sparc, r-patched-solaris-x86, r-release-linux-x86_64, r-release-osx-x86_64-mavericks, r-release-windows-ix86+x86_64

Version: 3.1.1
Check: dependencies in R code
Result: NOTE
    Packages in Depends field not imported from:
     ‘MASS’ ‘igraph’
     These packages need to be imported from (in the NAMESPACE file)
     for when this namespace is loaded but not attached.
Flavors: r-devel-linux-x86_64-debian-clang, r-devel-linux-x86_64-debian-gcc, r-devel-linux-x86_64-fedora-clang, r-devel-linux-x86_64-fedora-gcc, r-devel-osx-x86_64-clang, r-devel-windows-ix86+x86_64, r-patched-linux-x86_64, r-patched-solaris-sparc, r-patched-solaris-x86, r-release-linux-x86_64, r-release-osx-x86_64-mavericks, r-release-windows-ix86+x86_64, r-oldrel-windows-ix86+x86_64

Version: 3.1.1
Check: R code for possible problems
Result: NOTE
    DBNScoreStep1: no visible global function definition for ‘lm’
    DBNScoreStep1: no visible global function definition for ‘rlm’
    DBNScoreStep1: no visible global function definition for ‘pt’
    DBNScoreStep2: no visible global function definition for ‘lm’
    DBNScoreStep2: no visible global function definition for ‘rlm’
    DBNScoreStep2: no visible global function definition for ‘pt’
    SimulGeneExpressionAR1: no visible global function definition for
     ‘rnorm’
    SimulGeneExpressionAR1: no visible global function definition for ‘ts’
    SimulNetworkAdjMatrix: no visible global function definition for
     ‘runif’
    Undefined global functions or variables:
     lm pt rlm rnorm runif ts
Flavors: r-devel-linux-x86_64-debian-clang, r-devel-linux-x86_64-debian-gcc, r-devel-linux-x86_64-fedora-clang, r-devel-linux-x86_64-fedora-gcc, r-devel-windows-ix86+x86_64

Version: 3.1.1
Check: R code for possible problems
Result: NOTE
    DBNScoreStep1: no visible global function definition for ‘rlm’
    DBNScoreStep2: no visible global function definition for ‘rlm’
    Undefined global functions or variables:
     rlm
Flavor: r-devel-osx-x86_64-clang

Version: 3.1.1
Check: R code for possible problems
Result: NOTE
    DBNScoreStep1: no visible global function definition for ‘rlm’
    DBNScoreStep2: no visible global function definition for ‘rlm’
Flavors: r-patched-linux-x86_64, r-patched-solaris-sparc, r-patched-solaris-x86, r-release-linux-x86_64, r-release-osx-x86_64-mavericks, r-release-windows-ix86+x86_64, r-oldrel-windows-ix86+x86_64