CRAN Package Check Results for Package G1DBN

Last updated on 2014-10-31 11:47:22.

Flavor Version Tinstall Tcheck Ttotal Status Flags
r-devel-linux-x86_64-debian-clang 3.1.1 0.86 25.33 26.18 NOTE
r-devel-linux-x86_64-debian-gcc 3.1.1 1.02 25.27 26.28 NOTE
r-devel-linux-x86_64-fedora-clang 3.1.1 55.83 NOTE
r-devel-linux-x86_64-fedora-gcc 3.1.1 52.24 NOTE
r-devel-osx-x86_64-clang 3.1.1 51.26 NOTE
r-devel-windows-ix86+x86_64 3.1.1 3.00 37.00 40.00 NOTE
r-patched-linux-x86_64 3.1.1 0.83 26.65 27.48 NOTE
r-patched-solaris-sparc 3.1.1 319.70 NOTE
r-patched-solaris-x86 3.1.1 71.70 NOTE
r-release-linux-ix86 3.1.1 1.19 35.82 37.01 NOTE
r-release-linux-x86_64 3.1.1 0.85 27.25 28.10 NOTE
r-release-osx-x86_64-mavericks 3.1.1 NOTE
r-release-osx-x86_64-snowleopard 3.1.1 OK
r-release-windows-ix86+x86_64 3.1.1 4.00 43.00 47.00 NOTE
r-oldrel-windows-ix86+x86_64 3.1.1 4.00 41.00 45.00 NOTE

Check Details

Version: 3.1.1
Check: dependencies in R code
Result: NOTE
    Packages in Depends field not imported from:
     ‘MASS’ ‘igraph’
     These packages need to be imported from (in the NAMESPACE file)
     for when this namespace is loaded but not attached.
    See the information on DESCRIPTION files in the chapter ‘Creating R
    packages’ of the ‘Writing R Extensions’ manual.
Flavors: r-devel-linux-x86_64-debian-clang, r-devel-linux-x86_64-debian-gcc, r-devel-linux-x86_64-fedora-clang, r-devel-linux-x86_64-fedora-gcc, r-devel-osx-x86_64-clang, r-devel-windows-ix86+x86_64, r-patched-linux-x86_64, r-patched-solaris-sparc, r-patched-solaris-x86, r-release-linux-ix86, r-release-linux-x86_64, r-release-osx-x86_64-mavericks, r-release-windows-ix86+x86_64, r-oldrel-windows-ix86+x86_64

Version: 3.1.1
Check: R code for possible problems
Result: NOTE
    DBNScoreStep1: no visible global function definition for ‘rlm’
    DBNScoreStep2: no visible global function definition for ‘rlm’
Flavors: r-devel-linux-x86_64-debian-clang, r-devel-linux-x86_64-debian-gcc, r-devel-linux-x86_64-fedora-clang, r-devel-linux-x86_64-fedora-gcc, r-devel-osx-x86_64-clang, r-devel-windows-ix86+x86_64, r-patched-linux-x86_64, r-patched-solaris-sparc, r-patched-solaris-x86