CRAN Package Check Results for Package G1DBN

Last updated on 2015-05-27 19:47:08.

Flavor Version Tinstall Tcheck Ttotal Status Flags
r-devel-linux-x86_64-debian-clang 3.1.1 0.70 23.55 24.25 NOTE
r-devel-linux-x86_64-debian-gcc 3.1.1 0.67 22.90 23.57 NOTE
r-devel-linux-x86_64-fedora-clang 3.1.1 48.17 NOTE
r-devel-linux-x86_64-fedora-gcc 3.1.1 48.19 NOTE
r-devel-osx-x86_64-clang 3.1.1 46.63 NOTE
r-devel-windows-ix86+x86_64 3.1.1 3.00 40.00 43.00 NOTE
r-patched-linux-x86_64 3.1.1 0.82 22.82 23.64 NOTE
r-patched-solaris-sparc 3.1.1 287.60 NOTE
r-patched-solaris-x86 3.1.1 62.10 NOTE
r-release-linux-x86_64 3.1.1 0.68 24.60 25.28 NOTE
r-release-osx-x86_64-mavericks 3.1.1 NOTE
r-release-osx-x86_64-snowleopard 3.1.1 ERROR
r-release-windows-ix86+x86_64 3.1.1 3.00 42.00 45.00 NOTE
r-oldrel-windows-ix86+x86_64 3.1.1 4.00 38.00 42.00 NOTE

Check Details

Version: 3.1.1
Check: DESCRIPTION meta-information
Result: NOTE
    Malformed Title field: should not end in a period.
Flavors: r-devel-linux-x86_64-debian-clang, r-devel-linux-x86_64-debian-gcc, r-devel-linux-x86_64-fedora-clang, r-devel-linux-x86_64-fedora-gcc, r-devel-osx-x86_64-clang, r-devel-windows-ix86+x86_64, r-patched-linux-x86_64, r-patched-solaris-sparc, r-patched-solaris-x86, r-release-linux-x86_64, r-release-osx-x86_64-mavericks, r-release-windows-ix86+x86_64

Version: 3.1.1
Check: dependencies in R code
Result: NOTE
    Packages in Depends field not imported from:
     ‘MASS’ ‘igraph’
     These packages need to be imported from (in the NAMESPACE file)
     for when this namespace is loaded but not attached.
Flavors: r-devel-linux-x86_64-debian-clang, r-devel-linux-x86_64-debian-gcc, r-devel-linux-x86_64-fedora-clang, r-devel-linux-x86_64-fedora-gcc, r-devel-osx-x86_64-clang, r-devel-windows-ix86+x86_64, r-patched-linux-x86_64, r-patched-solaris-sparc, r-patched-solaris-x86, r-release-linux-x86_64, r-release-osx-x86_64-mavericks, r-release-windows-ix86+x86_64, r-oldrel-windows-ix86+x86_64

Version: 3.1.1
Check: R code for possible problems
Result: NOTE
    DBNScoreStep1: no visible global function definition for ‘rlm’
    DBNScoreStep2: no visible global function definition for ‘rlm’
Flavors: r-devel-linux-x86_64-debian-clang, r-devel-linux-x86_64-debian-gcc, r-devel-linux-x86_64-fedora-clang, r-devel-linux-x86_64-fedora-gcc, r-devel-osx-x86_64-clang, r-devel-windows-ix86+x86_64, r-patched-linux-x86_64, r-patched-solaris-sparc, r-patched-solaris-x86, r-release-linux-x86_64, r-release-osx-x86_64-mavericks, r-release-windows-ix86+x86_64, r-oldrel-windows-ix86+x86_64

Version: 3.1.1
Check: package dependencies
Result: ERROR
    Package required but not available: ‘igraph’
    
    See section ‘The DESCRIPTION file’ in the ‘Writing R Extensions’
    manual.
Flavor: r-release-osx-x86_64-snowleopard