CRAN Package Check Results for Package G1DBN

Last updated on 2017-05-24 22:47:10.

Flavor Version Tinstall Tcheck Ttotal Status Flags
r-devel-linux-x86_64-debian-clang 3.1.1 0.72 27.24 27.96 NOTE
r-devel-linux-x86_64-debian-gcc 3.1.1 0.76 26.27 27.02 NOTE
r-devel-linux-x86_64-fedora-clang 3.1.1 52.75 NOTE --no-stop-on-test-error
r-devel-linux-x86_64-fedora-gcc 3.1.1 51.43 NOTE --no-stop-on-test-error
r-devel-windows-ix86+x86_64 3.1.1 3.00 52.00 55.00 NOTE
r-patched-linux-x86_64 3.1.1 0.82 26.54 27.36 NOTE
r-patched-solaris-sparc 3.1.1 301.40 NOTE
r-patched-solaris-x86 3.1.1 61.20 NOTE
r-release-linux-x86_64 3.1.1 0.74 25.70 26.43 NOTE
r-release-windows-ix86+x86_64 3.1.1 3.00 67.00 70.00 NOTE
r-release-osx-x86_64 3.1.1 NOTE
r-oldrel-windows-ix86+x86_64 3.1.1 5.00 65.00 70.00 NOTE
r-oldrel-osx-x86_64 3.1.1 NOTE

Check Details

Version: 3.1.1
Check: DESCRIPTION meta-information
Result: NOTE
    Malformed Title field: should not end in a period.
Flavors: r-devel-linux-x86_64-debian-clang, r-devel-linux-x86_64-debian-gcc, r-devel-windows-ix86+x86_64, r-patched-linux-x86_64, r-patched-solaris-sparc, r-patched-solaris-x86, r-release-linux-x86_64, r-release-windows-ix86+x86_64, r-release-osx-x86_64, r-oldrel-windows-ix86+x86_64, r-oldrel-osx-x86_64

Version: 3.1.1
Check: dependencies in R code
Result: NOTE
    Packages in Depends field not imported from:
     ‘MASS’ ‘igraph’
     These packages need to be imported from (in the NAMESPACE file)
     for when this namespace is loaded but not attached.
Flavors: r-devel-linux-x86_64-debian-clang, r-devel-linux-x86_64-debian-gcc, r-devel-windows-ix86+x86_64, r-patched-linux-x86_64, r-patched-solaris-sparc, r-patched-solaris-x86, r-release-linux-x86_64, r-release-windows-ix86+x86_64, r-release-osx-x86_64, r-oldrel-windows-ix86+x86_64, r-oldrel-osx-x86_64

Version: 3.1.1
Check: R code for possible problems
Result: NOTE
    DBNScoreStep1: no visible global function definition for ‘lm’
    DBNScoreStep1: no visible global function definition for ‘rlm’
    DBNScoreStep1: no visible global function definition for ‘pt’
    DBNScoreStep2: no visible global function definition for ‘lm’
    DBNScoreStep2: no visible global function definition for ‘rlm’
    DBNScoreStep2: no visible global function definition for ‘pt’
    SimulGeneExpressionAR1: no visible global function definition for
     ‘rnorm’
    SimulGeneExpressionAR1: no visible global function definition for ‘ts’
    SimulNetworkAdjMatrix: no visible global function definition for
     ‘runif’
    Undefined global functions or variables:
     lm pt rlm rnorm runif ts
    Consider adding
     importFrom("stats", "lm", "pt", "rnorm", "runif", "ts")
    to your NAMESPACE file.
Flavors: r-devel-linux-x86_64-debian-clang, r-devel-linux-x86_64-debian-gcc, r-devel-windows-ix86+x86_64, r-patched-linux-x86_64, r-patched-solaris-sparc, r-patched-solaris-x86, r-release-linux-x86_64, r-release-windows-ix86+x86_64, r-release-osx-x86_64, r-oldrel-windows-ix86+x86_64, r-oldrel-osx-x86_64

Version: 3.1.1
Flags: --no-stop-on-test-error
Check: DESCRIPTION meta-information
Result: NOTE
    Malformed Title field: should not end in a period.
Flavors: r-devel-linux-x86_64-fedora-clang, r-devel-linux-x86_64-fedora-gcc

Version: 3.1.1
Flags: --no-stop-on-test-error
Check: dependencies in R code
Result: NOTE
    Packages in Depends field not imported from:
     ‘MASS’ ‘igraph’
     These packages need to be imported from (in the NAMESPACE file)
     for when this namespace is loaded but not attached.
Flavors: r-devel-linux-x86_64-fedora-clang, r-devel-linux-x86_64-fedora-gcc

Version: 3.1.1
Flags: --no-stop-on-test-error
Check: R code for possible problems
Result: NOTE
    DBNScoreStep1: no visible global function definition for ‘lm’
    DBNScoreStep1: no visible global function definition for ‘rlm’
    DBNScoreStep1: no visible global function definition for ‘pt’
    DBNScoreStep2: no visible global function definition for ‘lm’
    DBNScoreStep2: no visible global function definition for ‘rlm’
    DBNScoreStep2: no visible global function definition for ‘pt’
    SimulGeneExpressionAR1: no visible global function definition for
     ‘rnorm’
    SimulGeneExpressionAR1: no visible global function definition for ‘ts’
    SimulNetworkAdjMatrix: no visible global function definition for
     ‘runif’
    Undefined global functions or variables:
     lm pt rlm rnorm runif ts
    Consider adding
     importFrom("stats", "lm", "pt", "rnorm", "runif", "ts")
    to your NAMESPACE file.
Flavors: r-devel-linux-x86_64-fedora-clang, r-devel-linux-x86_64-fedora-gcc