CRAN Package Check Results for Package G1DBN

Last updated on 2015-03-02 19:52:14.

Flavor Version Tinstall Tcheck Ttotal Status Flags
r-devel-linux-x86_64-debian-clang 3.1.1 0.71 23.49 24.20 NOTE
r-devel-linux-x86_64-debian-gcc 3.1.1 0.66 22.76 23.42 NOTE
r-devel-linux-x86_64-fedora-clang 3.1.1 49.22 NOTE
r-devel-linux-x86_64-fedora-gcc 3.1.1 47.28 NOTE
r-devel-osx-x86_64-clang 3.1.1 50.19 NOTE
r-devel-windows-ix86+x86_64 3.1.1 6.00 50.00 56.00 NOTE
r-patched-linux-x86_64 3.1.1 0.84 27.33 28.17 NOTE
r-patched-solaris-sparc 3.1.1 326.30 NOTE
r-patched-solaris-x86 3.1.1 72.60 NOTE
r-release-linux-ix86 3.1.1 1.14 35.34 36.48 NOTE
r-release-linux-x86_64 3.1.1 0.86 27.42 28.28 NOTE
r-release-osx-x86_64-mavericks 3.1.1 NOTE
r-release-osx-x86_64-snowleopard 3.1.1 OK
r-release-windows-ix86+x86_64 3.1.1 7.00 60.00 67.00 NOTE
r-oldrel-windows-ix86+x86_64 3.1.1 3.00 41.00 44.00 NOTE

Check Details

Version: 3.1.1
Check: DESCRIPTION meta-information
Result: NOTE
    Malformed Title field: should not end in a period.
Flavors: r-devel-linux-x86_64-debian-clang, r-devel-linux-x86_64-debian-gcc, r-devel-linux-x86_64-fedora-clang, r-devel-linux-x86_64-fedora-gcc, r-devel-osx-x86_64-clang, r-devel-windows-ix86+x86_64

Version: 3.1.1
Check: dependencies in R code
Result: NOTE
    Packages in Depends field not imported from:
     ‘MASS’ ‘igraph’
     These packages need to be imported from (in the NAMESPACE file)
     for when this namespace is loaded but not attached.
Flavors: r-devel-linux-x86_64-debian-clang, r-devel-linux-x86_64-debian-gcc, r-devel-linux-x86_64-fedora-clang, r-devel-linux-x86_64-fedora-gcc, r-devel-osx-x86_64-clang, r-devel-windows-ix86+x86_64, r-patched-linux-x86_64, r-patched-solaris-x86

Version: 3.1.1
Check: R code for possible problems
Result: NOTE
    DBNScoreStep1: no visible global function definition for ‘rlm’
    DBNScoreStep2: no visible global function definition for ‘rlm’
Flavors: r-devel-linux-x86_64-debian-clang, r-devel-linux-x86_64-debian-gcc, r-devel-linux-x86_64-fedora-clang, r-devel-linux-x86_64-fedora-gcc, r-devel-osx-x86_64-clang, r-devel-windows-ix86+x86_64, r-patched-linux-x86_64, r-patched-solaris-sparc, r-patched-solaris-x86, r-release-linux-ix86, r-release-linux-x86_64, r-release-osx-x86_64-mavericks, r-release-windows-ix86+x86_64

Version: 3.1.1
Check: dependencies in R code
Result: NOTE
    Packages in Depends field not imported from:
     ‘MASS’ ‘igraph’
     These packages need to be imported from (in the NAMESPACE file)
     for when this namespace is loaded but not attached.
    See the information on DESCRIPTION files in the chapter ‘Creating R
    packages’ of the ‘Writing R Extensions’ manual.
Flavors: r-patched-solaris-sparc, r-release-linux-ix86, r-release-linux-x86_64, r-release-osx-x86_64-mavericks, r-release-windows-ix86+x86_64, r-oldrel-windows-ix86+x86_64