CRAN Package Check Results for Package G1DBN

Last updated on 2015-04-25 22:46:50.

Flavor Version Tinstall Tcheck Ttotal Status Flags
r-devel-linux-x86_64-debian-clang 3.1.1 0.70 23.63 24.32 NOTE
r-devel-linux-x86_64-debian-gcc 3.1.1 0.68 22.98 23.66 NOTE
r-devel-linux-x86_64-fedora-clang 3.1.1 49.46 NOTE
r-devel-linux-x86_64-fedora-gcc 3.1.1 50.07 NOTE
r-devel-osx-x86_64-clang 3.1.1 48.51 NOTE
r-devel-windows-ix86+x86_64 3.1.1 3.00 36.00 39.00 NOTE
r-patched-linux-x86_64 3.1.1 0.68 23.27 23.95 NOTE
r-patched-solaris-sparc 3.1.1 309.20 NOTE
r-patched-solaris-x86 3.1.1 62.50 NOTE
r-release-linux-x86_64 3.1.1 0.68 23.08 23.76 NOTE
r-release-osx-x86_64-mavericks 3.1.1 NOTE
r-release-osx-x86_64-snowleopard 3.1.1 ERROR
r-release-windows-ix86+x86_64 3.1.1 3.00 36.00 39.00 NOTE
r-oldrel-windows-ix86+x86_64 3.1.1 3.00 42.00 45.00 NOTE

Check Details

Version: 3.1.1
Check: DESCRIPTION meta-information
Result: NOTE
    Malformed Title field: should not end in a period.
Flavors: r-devel-windows-ix86+x86_64, r-release-windows-ix86+x86_64

Version: 3.1.1
Check: dependencies in R code
Result: NOTE
    Packages in Depends field not imported from:
     'MASS' 'igraph'
     These packages need to be imported from (in the NAMESPACE file)
     for when this namespace is loaded but not attached.
Flavors: r-devel-windows-ix86+x86_64, r-release-windows-ix86+x86_64, r-oldrel-windows-ix86+x86_64

Version: 3.1.1
Check: R code for possible problems
Result: NOTE
    DBNScoreStep1: no visible global function definition for 'rlm'
    DBNScoreStep2: no visible global function definition for 'rlm'
Flavors: r-devel-windows-ix86+x86_64, r-release-windows-ix86+x86_64, r-oldrel-windows-ix86+x86_64