CRAN Package Check Results for Package G1DBN

Last updated on 2014-04-23 17:47:44.

Flavor Version Tinstall Tcheck Ttotal Status Flags
r-devel-linux-x86_64-debian-clang 3.1.1 0.86 28.27 29.13 NOTE
r-devel-linux-x86_64-debian-gcc 3.1.1 0.88 28.87 29.75 NOTE
r-devel-linux-x86_64-fedora-clang 3.1.1 60.23 NOTE
r-devel-linux-x86_64-fedora-gcc 3.1.1 57.04 NOTE
r-devel-osx-x86_64-clang 3.1.1 51.36 NOTE
r-devel-osx-x86_64-gcc 3.1.1 ERROR
r-devel-windows-ix86+x86_64 3.1.1 4.00 42.00 46.00 NOTE
r-patched-linux-x86_64 3.1.1 0.92 29.21 30.13 NOTE
r-patched-solaris-sparc 3.1.1 314.30 NOTE
r-patched-solaris-x86 3.1.1 71.70 NOTE
r-release-linux-ix86 3.1.1 1.00 47.00 48.00 NOTE
r-release-linux-x86_64 3.1.1 0.94 28.32 29.26 NOTE
r-release-osx-x86_64-mavericks 3.1.1 WARN
r-release-osx-x86_64-snowleopard 3.1.1 OK
r-release-windows-ix86+x86_64 3.1.1 3.00 46.00 49.00 NOTE
r-oldrel-windows-ix86+x86_64 3.1.1 4.00 41.00 45.00 NOTE

Check Details

Version: 3.1.1
Check: dependencies in R code
Result: NOTE
    Packages in Depends field not imported from:
     ‘MASS’ ‘igraph’
     These packages need to be imported from (in the NAMESPACE file)
     for when this namespace is loaded but not attached.
    See the information on DESCRIPTION files in the chapter ‘Creating R
    packages’ of the ‘Writing R Extensions’ manual.
Flavors: r-devel-linux-x86_64-debian-clang, r-devel-linux-x86_64-debian-gcc, r-devel-linux-x86_64-fedora-clang, r-devel-linux-x86_64-fedora-gcc, r-devel-osx-x86_64-clang, r-devel-windows-ix86+x86_64, r-patched-linux-x86_64, r-patched-solaris-sparc, r-patched-solaris-x86, r-release-linux-ix86, r-release-linux-x86_64, r-release-osx-x86_64-mavericks, r-release-windows-ix86+x86_64, r-oldrel-windows-ix86+x86_64

Version: 3.1.1
Check: package dependencies
Result: ERROR
    Package required but not available: ‘igraph’
    
    See the information on DESCRIPTION files in the chapter ‘Creating R
    packages’ of the ‘Writing R Extensions’ manual.
Flavor: r-devel-osx-x86_64-gcc

Version: 3.1.1
Check: PDF version of manual
Result: WARNING
    LaTeX errors when creating PDF version.
    This typically indicates Rd problems.
    LaTeX errors found:
    ! LaTeX Error: File `upquote.sty' not found.
    
    Type X to quit or <RETURN> to proceed,
    or enter new name. (Default extension: sty)
    
    5eb08439/Rd2.tex:8: ==> Fatal error occurred, no output PDF file produced!
Flavor: r-release-osx-x86_64-mavericks