CRAN Package Check Results for Package G1DBN

Last updated on 2018-02-24 12:47:59 CET.

Flavor Version Tinstall Tcheck Ttotal Status Flags
r-devel-linux-x86_64-debian-clang 3.1.1 1.53 43.40 44.93 NOTE
r-devel-linux-x86_64-debian-gcc 3.1.1 1.21 34.01 35.22 NOTE
r-devel-linux-x86_64-fedora-clang 3.1.1 52.23 NOTE
r-devel-linux-x86_64-fedora-gcc 3.1.1 52.79 NOTE
r-devel-windows-ix86+x86_64 3.1.1 4.00 72.00 76.00 NOTE
r-patched-linux-x86_64 3.1.1 1.13 43.08 44.21 NOTE
r-patched-solaris-x86 3.1.1 63.70 NOTE
r-release-linux-x86_64 3.1.1 0.88 43.46 44.34 NOTE
r-release-windows-ix86+x86_64 3.1.1 5.00 68.00 73.00 NOTE
r-release-osx-x86_64 3.1.1 NOTE
r-oldrel-windows-ix86+x86_64 3.1.1 3.00 53.00 56.00 NOTE
r-oldrel-osx-x86_64 3.1.1 NOTE

Check Details

Version: 3.1.1
Check: DESCRIPTION meta-information
Result: NOTE
    Malformed Title field: should not end in a period.
Flavors: r-devel-linux-x86_64-debian-clang, r-devel-linux-x86_64-debian-gcc, r-devel-linux-x86_64-fedora-clang, r-devel-linux-x86_64-fedora-gcc, r-devel-windows-ix86+x86_64, r-patched-linux-x86_64, r-patched-solaris-x86, r-release-linux-x86_64, r-release-windows-ix86+x86_64, r-release-osx-x86_64, r-oldrel-windows-ix86+x86_64, r-oldrel-osx-x86_64

Version: 3.1.1
Check: dependencies in R code
Result: NOTE
    Packages in Depends field not imported from:
     ‘MASS’ ‘igraph’
     These packages need to be imported from (in the NAMESPACE file)
     for when this namespace is loaded but not attached.
Flavors: r-devel-linux-x86_64-debian-clang, r-devel-linux-x86_64-debian-gcc, r-devel-linux-x86_64-fedora-clang, r-devel-linux-x86_64-fedora-gcc, r-devel-windows-ix86+x86_64, r-patched-linux-x86_64, r-patched-solaris-x86, r-release-linux-x86_64, r-release-windows-ix86+x86_64, r-release-osx-x86_64, r-oldrel-windows-ix86+x86_64, r-oldrel-osx-x86_64

Version: 3.1.1
Check: R code for possible problems
Result: NOTE
    DBNScoreStep1: no visible global function definition for ‘lm’
    DBNScoreStep1: no visible global function definition for ‘rlm’
    DBNScoreStep1: no visible global function definition for ‘pt’
    DBNScoreStep2: no visible global function definition for ‘lm’
    DBNScoreStep2: no visible global function definition for ‘rlm’
    DBNScoreStep2: no visible global function definition for ‘pt’
    SimulGeneExpressionAR1: no visible global function definition for
     ‘rnorm’
    SimulGeneExpressionAR1: no visible global function definition for ‘ts’
    SimulNetworkAdjMatrix: no visible global function definition for
     ‘runif’
    Undefined global functions or variables:
     lm pt rlm rnorm runif ts
    Consider adding
     importFrom("stats", "lm", "pt", "rnorm", "runif", "ts")
    to your NAMESPACE file.
Flavors: r-devel-linux-x86_64-debian-clang, r-devel-linux-x86_64-debian-gcc, r-devel-linux-x86_64-fedora-clang, r-devel-linux-x86_64-fedora-gcc, r-devel-windows-ix86+x86_64, r-patched-linux-x86_64, r-patched-solaris-x86, r-release-linux-x86_64, r-release-windows-ix86+x86_64, r-release-osx-x86_64, r-oldrel-windows-ix86+x86_64, r-oldrel-osx-x86_64