CRAN Package Check Results for Package G2Sd

Last updated on 2015-06-30 11:48:17.

Flavor Version Tinstall Tcheck Ttotal Status Flags
r-devel-linux-x86_64-debian-clang 2.1.3 1.86 27.33 29.19 NOTE
r-devel-linux-x86_64-debian-gcc 2.1.3 1.84 27.26 29.10 NOTE
r-devel-linux-x86_64-fedora-clang 2.1.3 60.32 OK
r-devel-linux-x86_64-fedora-gcc 2.1.3 55.13 OK
r-devel-osx-x86_64-clang 2.1.3 55.61 OK
r-devel-windows-ix86+x86_64 2.1.3 6.00 43.00 49.00 NOTE
r-patched-linux-x86_64 2.1.3 1.84 26.58 28.43 OK
r-patched-solaris-sparc 2.1.3 355.80 OK
r-patched-solaris-x86 2.1.3 92.10 OK
r-release-linux-x86_64 2.1.3 1.93 27.33 29.26 OK
r-release-osx-x86_64-mavericks 2.1.3 OK
r-release-windows-ix86+x86_64 2.1.3 10.00 45.00 55.00 OK
r-oldrel-windows-ix86+x86_64 2.1.3 14.00 77.00 91.00 OK

Check Details

Version: 2.1.3
Check: R code for possible problems
Result: NOTE
    .mode.sedim: no visible global function definition for ‘plot’
    .mode.sedim: no visible global function definition for ‘identify’
    .northarrow: no visible global function definition for ‘polygon’
    .northarrow: no visible global function definition for ‘text’
    .northarrow: no visible global function definition for ‘par’
    grandistrib: no visible global function definition for ‘layout’
    grandistrib: no visible global function definition for ‘par’
    grandistrib: no visible global function definition for ‘barplot’
    grandistrib: no visible global function definition for ‘rainbow’
    grandistrib: no visible global function definition for ‘plot’
    grandistrib: no visible global function definition for ‘legend’
    granplot: no visible global function definition for ‘par’
    granplot: no visible global function definition for ‘barplot’
    granplot: no visible global function definition for ‘axis’
    granplot: no visible global function definition for ‘mtext’
    granplot: no visible global function definition for ‘lines’
    granplot: no visible global function definition for ‘plot’
Flavors: r-devel-linux-x86_64-debian-clang, r-devel-linux-x86_64-debian-gcc, r-devel-windows-ix86+x86_64