CRAN Package Check Results for Package G2Sd

Last updated on 2015-07-31 06:46:56.

Flavor Version Tinstall Tcheck Ttotal Status Flags
r-devel-linux-x86_64-debian-clang 2.1.3 2.10 28.00 30.09 NOTE
r-devel-linux-x86_64-debian-gcc 2.1.3 1.89 27.30 29.19 NOTE
r-devel-linux-x86_64-fedora-clang 2.1.3 61.14 NOTE
r-devel-linux-x86_64-fedora-gcc 2.1.3 55.83 NOTE
r-devel-osx-x86_64-clang 2.1.3 53.11 OK
r-devel-windows-ix86+x86_64 2.1.3 7.00 59.00 66.00 NOTE
r-patched-linux-x86_64 2.1.3 1.87 27.31 29.18 OK
r-patched-solaris-sparc 2.1.3 372.50 OK
r-patched-solaris-x86 2.1.3 92.90 OK
r-release-linux-x86_64 2.1.3 1.86 27.05 28.90 OK
r-release-osx-x86_64-mavericks 2.1.3 OK
r-release-windows-ix86+x86_64 2.1.3 9.00 46.00 55.00 OK
r-oldrel-windows-ix86+x86_64 2.1.3 14.00 92.00 106.00 OK

Check Details

Version: 2.1.3
Check: R code for possible problems
Result: NOTE
    .mode.sedim: no visible global function definition for ‘plot’
    .mode.sedim: no visible global function definition for ‘identify’
    .northarrow: no visible global function definition for ‘polygon’
    .northarrow: no visible global function definition for ‘text’
    .northarrow: no visible global function definition for ‘par’
    grandistrib: no visible global function definition for ‘layout’
    grandistrib: no visible global function definition for ‘par’
    grandistrib: no visible global function definition for ‘barplot’
    grandistrib: no visible global function definition for ‘rainbow’
    grandistrib: no visible global function definition for ‘plot’
    grandistrib: no visible global function definition for ‘legend’
    granplot: no visible global function definition for ‘par’
    granplot: no visible global function definition for ‘barplot’
    granplot: no visible global function definition for ‘axis’
    granplot: no visible global function definition for ‘mtext’
    granplot: no visible global function definition for ‘lines’
    granplot: no visible global function definition for ‘plot’
    Undefined global functions or variables:
     axis barplot identify layout legend lines mtext par plot polygon
     rainbow text
    Consider adding
     importFrom("grDevices", "rainbow")
     importFrom("graphics", "axis", "barplot", "identify", "layout",
     "legend", "lines", "mtext", "par", "plot", "polygon",
     "text")
    to your NAMESPACE.
Flavors: r-devel-linux-x86_64-debian-clang, r-devel-linux-x86_64-debian-gcc, r-devel-linux-x86_64-fedora-clang, r-devel-linux-x86_64-fedora-gcc, r-devel-windows-ix86+x86_64