CRAN Package Check Results for Package GA

Last updated on 2014-09-22 11:56:24.

Flavor Version Tinstall Tcheck Ttotal Status Flags
r-devel-linux-x86_64-debian-clang 2.1 1.96 19.40 21.35 NOTE
r-devel-linux-x86_64-debian-gcc 2.1 1.90 19.95 21.86 NOTE
r-devel-linux-x86_64-fedora-clang 2.1 43.20 NOTE
r-devel-linux-x86_64-fedora-gcc 2.1 45.79 NOTE
r-devel-osx-x86_64-clang 2.1 46.75 NOTE
r-devel-windows-ix86+x86_64 2.1 4.00 29.00 33.00 NOTE
r-patched-linux-x86_64 2.1 2.16 19.87 22.03 OK
r-patched-solaris-sparc 2.1 251.00 OK
r-patched-solaris-x86 2.1 60.60 OK
r-release-linux-ix86 2.1 2.67 29.27 31.94 OK
r-release-linux-x86_64 2.1 2.19 20.73 22.92 OK
r-release-osx-x86_64-mavericks 2.1 OK
r-release-osx-x86_64-snowleopard 2.1 OK
r-release-windows-ix86+x86_64 2.1 4.00 32.00 36.00 OK
r-oldrel-windows-ix86+x86_64 2.1 5.00 30.00 35.00 OK

Check Details

Version: 2.1
Check: R code for possible problems
Result: NOTE
    ga: no visible global function definition for ‘stopCluster’
    ga: no visible global function definition for ‘%dopar%’
    ga: no visible global function definition for ‘foreach’
    gaParallel: no visible global function definition for ‘detectCores’
    gaParallel: no visible global function definition for ‘makeCluster’
    gaParallel: no visible global function definition for ‘clusterExport’
    gaParallel : <anonymous>: no visible global function definition for
     ‘clusterCall’
    gaParallel: no visible global function definition for
     ‘registerDoParallel’
Flavors: r-devel-linux-x86_64-debian-clang, r-devel-linux-x86_64-debian-gcc, r-devel-linux-x86_64-fedora-clang, r-devel-linux-x86_64-fedora-gcc, r-devel-osx-x86_64-clang, r-devel-windows-ix86+x86_64