CRAN Package Check Results for Package GA

Last updated on 2015-04-18 10:00:10.

Flavor Version Tinstall Tcheck Ttotal Status Flags
r-devel-linux-x86_64-debian-clang 2.2 1.98 18.62 20.60 NOTE
r-devel-linux-x86_64-debian-gcc 2.2 1.87 18.28 20.15 NOTE
r-devel-linux-x86_64-fedora-clang 2.2 40.51 NOTE
r-devel-linux-x86_64-fedora-gcc 2.2 42.50 NOTE
r-devel-osx-x86_64-clang 2.2 38.31 NOTE
r-prerel-windows-ix86+x86_64 2.2 9.00 29.00 38.00 OK
r-prerel-linux-x86_64 2.2 1.90 18.19 20.10 NOTE
r-prerel-solaris-sparc 2.2 246.20 OK
r-prerel-solaris-x86 2.2 49.40 OK
r-release-linux-x86_64 2.2 1.91 18.48 20.40 NOTE
r-release-osx-x86_64-mavericks 2.2 OK
r-release-osx-x86_64-snowleopard 2.2 OK
r-release-windows-ix86+x86_64 2.2 6.00 38.00 44.00 OK
r-oldrel-windows-ix86+x86_64 2.2 7.00 39.00 46.00 OK

Check Details

Version: 2.2
Check: S3 generic/method consistency
Result: NOTE
    Found the following apparent S3 methods exported but not registered:
     plot.ga print.summary.ga summary.ga
    See section ‘Registering S3 methods’ in the ‘Writing R Extensions’
    manual.
Flavors: r-devel-linux-x86_64-debian-clang, r-devel-linux-x86_64-debian-gcc, r-devel-linux-x86_64-fedora-clang, r-devel-linux-x86_64-fedora-gcc, r-devel-osx-x86_64-clang, r-prerel-linux-x86_64, r-release-linux-x86_64