CRAN Package Check Results for Package GA

Last updated on 2014-04-24 19:53:58.

Flavor Version Tinstall Tcheck Ttotal Status Flags
r-devel-linux-x86_64-debian-clang 2.0 2.18 18.40 20.58 OK
r-devel-linux-x86_64-debian-gcc 2.0 2.19 18.29 20.48 OK
r-devel-linux-x86_64-fedora-clang 2.0 43.79 OK
r-devel-linux-x86_64-fedora-gcc 2.0 43.09 OK
r-devel-osx-x86_64-clang 2.0 41.68 OK
r-devel-osx-x86_64-gcc 2.0 NOTE
r-devel-windows-ix86+x86_64 2.0 5.00 26.00 31.00 OK
r-patched-linux-x86_64 2.0 2.23 18.17 20.40 OK
r-patched-solaris-sparc 2.0 226.00 OK
r-patched-solaris-x86 2.0 56.80 OK
r-release-linux-ix86 2.0 4.00 36.00 40.00 OK
r-release-linux-x86_64 2.0 2.26 18.34 20.60 OK
r-release-osx-x86_64-mavericks 2.0 WARN
r-release-windows-ix86+x86_64 2.0 5.00 28.00 33.00 OK
r-oldrel-windows-ix86+x86_64 2.0 6.00 28.00 34.00 OK

Check Details

Version: 2.0
Check: package dependencies
Result: NOTE
    Packages suggested but not available for checking:
     ‘doParallel’ ‘foreach’ ‘iterators’
Flavor: r-devel-osx-x86_64-gcc

Version: 2.0
Check: R code for possible problems
Result: NOTE
    ga: no visible global function definition for ‘%dopar%’
    ga: no visible global function definition for ‘foreach’
    gaParallel: no visible global function definition for
     ‘registerDoParallel’
Flavors: r-devel-osx-x86_64-gcc, r-release-osx-x86_64-mavericks

Version: 2.0
Check: package dependencies
Result: NOTE
    Packages suggested but not available for checking: ‘doParallel’ ‘foreach’
Flavor: r-release-osx-x86_64-mavericks

Version: 2.0
Check: PDF version of manual
Result: WARNING
    LaTeX errors when creating PDF version.
    This typically indicates Rd problems.
    LaTeX errors found:
    ! LaTeX Error: File `upquote.sty' not found.
    
    Type X to quit or <RETURN> to proceed,
    or enter new name. (Default extension: sty)
    
    1acb2474/Rd2.tex:8: ==> Fatal error occurred, no output PDF file produced!
Flavor: r-release-osx-x86_64-mavericks