CRAN Package Check Results for Package GA

Last updated on 2014-08-20 06:48:11.

Flavor Version Tinstall Tcheck Ttotal Status Flags
r-devel-linux-x86_64-debian-clang 2.1 2.06 19.59 21.65 OK
r-devel-linux-x86_64-debian-gcc 2.1 1.99 18.93 20.92 OK
r-devel-linux-x86_64-fedora-clang 2.1 45.18 NOTE
r-devel-linux-x86_64-fedora-gcc 2.1 41.10 NOTE
r-devel-osx-x86_64-clang 2.1 44.90 NOTE
r-devel-windows-ix86+x86_64 2.1 5.00 32.00 37.00 OK
r-patched-linux-x86_64 2.1 2.41 19.53 21.94 OK
r-patched-solaris-sparc 2.1 251.00 OK
r-patched-solaris-x86 2.1 60.20 OK
r-release-linux-ix86 2.1 2.62 29.28 31.90 OK
r-release-linux-x86_64 2.1 2.17 20.10 22.27 OK
r-release-osx-x86_64-mavericks 2.1 OK
r-release-osx-x86_64-snowleopard 2.1 OK
r-release-windows-ix86+x86_64 2.1 5.00 30.00 35.00 OK
r-oldrel-windows-ix86+x86_64 2.1 5.00 33.00 38.00 OK

Check Details

Version: 2.1
Check: R code for possible problems
Result: NOTE
    ga: no visible global function definition for ‘stopCluster’
    ga: no visible global function definition for ‘%dopar%’
    ga: no visible global function definition for ‘foreach’
    gaParallel: no visible global function definition for ‘detectCores’
    gaParallel: no visible global function definition for ‘makeCluster’
    gaParallel: no visible global function definition for ‘clusterExport’
    gaParallel : <anonymous>: no visible global function definition for
     ‘clusterCall’
    gaParallel: no visible global function definition for
     ‘registerDoParallel’
Flavors: r-devel-linux-x86_64-fedora-clang, r-devel-linux-x86_64-fedora-gcc, r-devel-osx-x86_64-clang