CRAN Package Check Results for Package GA

Last updated on 2018-04-20 19:49:30 CEST.

Flavor Version Tinstall Tcheck Ttotal Status Flags
r-devel-linux-x86_64-debian-clang 3.0.2 4.12 61.93 66.05 OK
r-devel-linux-x86_64-debian-gcc 3.0.2 3.37 47.20 50.57 OK
r-devel-linux-x86_64-fedora-clang 3.0.2 78.71 OK
r-devel-linux-x86_64-fedora-gcc 3.0.2 77.61 OK
r-devel-windows-ix86+x86_64 3.0.2 10.00 93.00 103.00 OK
r-devel-osx-x86_64 3.0.2 OK
r-patched-linux-x86_64 3.0.2 4.24 61.22 65.46 OK
r-patched-solaris-x86 3.0.2 111.10 ERROR
r-release-linux-x86_64 3.0.2 3.61 67.09 70.70 OK
r-release-windows-ix86+x86_64 3.0.2 8.00 100.00 108.00 OK
r-release-osx-x86_64 3.0.2 OK
r-oldrel-windows-ix86+x86_64 3.0.2 10.00 93.00 103.00 OK

Check Details

Version: 3.0.2
Check: examples
Result: ERROR
    Running examples in ‘GA-Ex.R’ failed
    The error most likely occurred in:
    
    > ### Name: summary.gaisl-method
    > ### Title: Summary for Islands Genetic Algorithms
    > ### Aliases: summary,gaisl-method summary.gaisl print.summary.gaisl
    > ### Keywords: optimize
    >
    > ### ** Examples
    >
    > f <- function(x) abs(x)+cos(x)
    > GA <- gaisl(type = "real-valued",
    + fitness = function(x) -f(x),
    + min = -20, max = 20, run = 10,
    + numIslands = 4, parallel = 2) # CRAN check limits ncores = 2
    
    Execution halted
Flavor: r-patched-solaris-x86