CRAN Package Check Results for Package GA

Last updated on 2014-10-01 15:49:58.

Flavor Version Tinstall Tcheck Ttotal Status Flags
r-devel-linux-x86_64-debian-clang 2.1 1.94 19.98 21.92 NOTE
r-devel-linux-x86_64-debian-gcc 2.1 1.91 19.68 21.59 NOTE
r-devel-linux-x86_64-fedora-clang 2.1 44.69 NOTE
r-devel-linux-x86_64-fedora-gcc 2.1 48.46 NOTE
r-devel-osx-x86_64-clang 2.1 45.24 NOTE
r-devel-windows-ix86+x86_64 2.1 4.00 29.00 33.00 NOTE
r-patched-linux-x86_64 2.1 2.16 20.57 22.73 OK
r-patched-solaris-sparc 2.1 251.00 OK
r-patched-solaris-x86 2.1 61.10 OK
r-release-linux-ix86 2.1 2.64 29.23 31.87 OK
r-release-linux-x86_64 2.1 2.18 20.68 22.86 OK
r-release-osx-x86_64-mavericks 2.1 OK
r-release-osx-x86_64-snowleopard 2.1 OK
r-release-windows-ix86+x86_64 2.1 6.00 34.00 40.00 OK
r-oldrel-windows-ix86+x86_64 2.1 5.00 31.00 36.00 OK

Check Details

Version: 2.1
Check: R code for possible problems
Result: NOTE
    ga: no visible global function definition for ‘stopCluster’
    ga: no visible global function definition for ‘%dopar%’
    ga: no visible global function definition for ‘foreach’
    gaParallel: no visible global function definition for ‘detectCores’
    gaParallel: no visible global function definition for ‘makeCluster’
    gaParallel: no visible global function definition for ‘clusterExport’
    gaParallel : <anonymous>: no visible global function definition for
     ‘clusterCall’
    gaParallel: no visible global function definition for
     ‘registerDoParallel’
Flavors: r-devel-linux-x86_64-debian-clang, r-devel-linux-x86_64-debian-gcc, r-devel-linux-x86_64-fedora-clang, r-devel-linux-x86_64-fedora-gcc, r-devel-osx-x86_64-clang, r-devel-windows-ix86+x86_64