CRAN Package Check Results for Package GA

Last updated on 2015-05-24 10:46:57.

Flavor Version Tinstall Tcheck Ttotal Status Flags
r-devel-linux-x86_64-debian-clang 2.2 1.97 18.46 20.42 NOTE
r-devel-linux-x86_64-debian-gcc 2.2 1.90 18.24 20.14 NOTE
r-devel-linux-x86_64-fedora-clang 2.2 40.82 NOTE
r-devel-linux-x86_64-fedora-gcc 2.2 38.97 NOTE
r-devel-osx-x86_64-clang 2.2 37.90 NOTE
r-devel-windows-ix86+x86_64 2.2 5.00 27.00 32.00 OK
r-patched-linux-x86_64 2.2 1.89 18.30 20.19 NOTE
r-patched-solaris-sparc 2.2 214.30 NOTE
r-patched-solaris-x86 2.2 49.90 NOTE
r-release-linux-x86_64 2.2 1.88 18.51 20.39 NOTE
r-release-osx-x86_64-mavericks 2.2 OK
r-release-osx-x86_64-snowleopard 2.2 OK
r-release-windows-ix86+x86_64 2.2 6.00 28.00 34.00 OK
r-oldrel-windows-ix86+x86_64 2.2 6.00 30.00 36.00 OK

Check Details

Version: 2.2
Check: S3 generic/method consistency
Result: NOTE
    Found the following apparent S3 methods exported but not registered:
     plot.ga print.summary.ga summary.ga
    See section ‘Registering S3 methods’ in the ‘Writing R Extensions’
    manual.
Flavors: r-devel-linux-x86_64-debian-clang, r-devel-linux-x86_64-debian-gcc, r-devel-linux-x86_64-fedora-clang, r-devel-linux-x86_64-fedora-gcc, r-devel-osx-x86_64-clang, r-patched-linux-x86_64, r-patched-solaris-sparc, r-patched-solaris-x86, r-release-linux-x86_64