CRAN Package Check Results for Package GA

Last updated on 2015-03-02 16:50:05.

Flavor Version Tinstall Tcheck Ttotal Status Flags
r-devel-linux-x86_64-debian-clang 2.2 1.98 18.41 20.39 NOTE
r-devel-linux-x86_64-debian-gcc 2.2 2.29 18.06 20.35 NOTE
r-devel-linux-x86_64-fedora-clang 2.2 40.42 NOTE
r-devel-linux-x86_64-fedora-gcc 2.2 37.47 NOTE
r-devel-osx-x86_64-clang 2.2 39.69 NOTE
r-devel-windows-ix86+x86_64 2.2 9.00 36.00 45.00 OK
r-patched-linux-x86_64 2.2 2.40 20.50 22.90 OK
r-patched-solaris-sparc 2.2 233.90 OK
r-patched-solaris-x86 2.2 56.80 OK
r-release-linux-ix86 2.2 2.78 29.28 32.06 OK
r-release-linux-x86_64 2.2 2.34 20.87 23.21 OK
r-release-osx-x86_64-mavericks 2.2 OK
r-release-osx-x86_64-snowleopard 2.2 OK
r-release-windows-ix86+x86_64 2.2 10.00 43.00 53.00 OK
r-oldrel-windows-ix86+x86_64 2.2 6.00 31.00 37.00 OK

Check Details

Version: 2.2
Check: S3 generic/method consistency
Result: NOTE
    Found the following apparent S3 methods exported but not registered:
     plot.ga print.summary.ga summary.ga
    See section ‘Registering S3 methods’ in the ‘Writing R Extensions’
    manual.
Flavors: r-devel-linux-x86_64-debian-clang, r-devel-linux-x86_64-debian-gcc, r-devel-linux-x86_64-fedora-clang, r-devel-linux-x86_64-fedora-gcc, r-devel-osx-x86_64-clang