CRAN Package Check Results for Package GAMBoost

Last updated on 2014-04-24 09:49:01.

Flavor Version Tinstall Tcheck Ttotal Status Flags
r-devel-linux-x86_64-debian-clang 1.2-3 3.92 46.40 50.32 NOTE
r-devel-linux-x86_64-debian-gcc 1.2-3 3.70 45.51 49.22 NOTE
r-devel-linux-x86_64-fedora-clang 1.2-3 113.91 NOTE
r-devel-linux-x86_64-fedora-gcc 1.2-3 107.37 NOTE
r-devel-osx-x86_64-clang 1.2-3 84.77 NOTE
r-devel-osx-x86_64-gcc 1.2-3 NOTE
r-devel-windows-ix86+x86_64 1.2-3 11.00 86.00 97.00 NOTE
r-patched-linux-x86_64 1.2-3 3.70 45.11 48.81 NOTE
r-patched-solaris-sparc 1.2-3 617.30 NOTE
r-patched-solaris-x86 1.2-3 139.80 NOTE
r-release-linux-ix86 1.2-3 6.00 70.00 76.00 NOTE
r-release-linux-x86_64 1.2-3 3.86 44.95 48.82 NOTE
r-release-osx-x86_64-mavericks 1.2-3 WARN
r-release-windows-ix86+x86_64 1.2-3 12.00 84.00 96.00 NOTE
r-oldrel-windows-ix86+x86_64 1.2-3 10.00 85.00 95.00 NOTE

Check Details

Version: 1.2-3
Check: dependencies in R code
Result: NOTE
    Package in Depends field not imported from: ‘Matrix’
     These packages need to be imported from (in the NAMESPACE file)
     for when this namespace is loaded but not attached.
    See the information on DESCRIPTION files in the chapter ‘Creating R
    packages’ of the ‘Writing R Extensions’ manual.
Flavors: r-devel-linux-x86_64-debian-clang, r-devel-linux-x86_64-debian-gcc, r-devel-linux-x86_64-fedora-clang, r-devel-linux-x86_64-fedora-gcc, r-devel-osx-x86_64-clang, r-devel-osx-x86_64-gcc, r-devel-windows-ix86+x86_64, r-patched-linux-x86_64, r-patched-solaris-sparc, r-patched-solaris-x86, r-release-linux-ix86, r-release-linux-x86_64, r-release-osx-x86_64-mavericks, r-release-windows-ix86+x86_64, r-oldrel-windows-ix86+x86_64

Version: 1.2-3
Check: foreign function calls
Result: NOTE
    Calls with DUP = FALSE:
     .C("get_min_score_dev_binary_index", x.linear, as.integer(length(y)),
     as.integer(componentwise.no), as.integer(nrow(x.linear)),
     subset.index, linpen.index, as.double(y), as.double(actual.mu),
     as.double(actual.eta), as.double(D), as.double(weights),
     double(length(y)), as.double(fstruct$penalty.linear[linear.is.penalized]),
     double(componentwise.no), index = integer(1), score = double(componentwise.no),
     dev = double(1), DUP = FALSE)
     .C("calc_dev_binary_index", x.linear, as.integer(length(y)),
     as.integer(componentwise.no), as.integer(nrow(x.linear)),
     subset.index, linpen.index, as.double(y), as.double(actual.mu),
     as.double(actual.eta), as.double(D), as.double(weights),
     double(length(y)), as.double(fstruct$penalty.linear[linear.is.penalized]),
     double(componentwise.no), double(componentwise.no), res = double(componentwise.no),
     DUP = FALSE)
     .C("pre_sum_index", x.linear, as.integer(length(D)), as.integer(componentwise.no),
     as.integer(nrow(x.linear)), subset.index, linpen.index, as.double(D),
     as.double(weights), res = double(componentwise.no), DUP = FALSE)
     .C("get_min_score_dev_gaussian_index", x.linear, as.integer(length(y)),
     as.integer(componentwise.no), as.integer(nrow(x.linear)),
     subset.index, linpen.index, as.double(y), as.double(actual.mu),
     as.double(actual.eta), as.double(D), as.double(weights),
     double(length(y)), as.double(fstruct$penalty.linear[linear.is.penalized]),
     pre.sum, index = integer(1), score = double(componentwise.no),
     dev = double(1), DUP = FALSE)
     .C("get_min_score_dev_general_index", x.linear, as.integer(length(y)),
     as.integer(componentwise.no), as.integer(nrow(x.linear)),
     subset.index, linpen.index, as.double(y), as.double(actual.mu),
     as.double(actual.eta), as.double(D), as.double(weights),
     double(length(y)), as.double(fstruct$penalty.linear[linear.is.penalized]),
     double(componentwise.no), index = integer(1), score = double(componentwise.no),
     beta.delta = double(1), DUP = FALSE)
    DUP = FALSE is deprecated and may be disabled in future versions of R.
Flavors: r-devel-linux-x86_64-debian-clang, r-devel-linux-x86_64-debian-gcc, r-devel-linux-x86_64-fedora-clang, r-devel-linux-x86_64-fedora-gcc, r-devel-osx-x86_64-clang, r-devel-osx-x86_64-gcc, r-devel-windows-ix86+x86_64, r-patched-linux-x86_64, r-patched-solaris-sparc, r-patched-solaris-x86, r-release-linux-ix86, r-release-linux-x86_64, r-release-osx-x86_64-mavericks, r-release-windows-ix86+x86_64

Version: 1.2-3
Check: top-level files
Result: NOTE
    Non-standard files/directories found at top level:
     ‘changeLog’ ‘gnugpl2.txt’
Flavors: r-devel-linux-x86_64-fedora-clang, r-devel-linux-x86_64-fedora-gcc

Version: 1.2-3
Check: PDF version of manual
Result: WARNING
    LaTeX errors when creating PDF version.
    This typically indicates Rd problems.
    LaTeX errors found:
    ! LaTeX Error: File `upquote.sty' not found.
    
    Type X to quit or <RETURN> to proceed,
    or enter new name. (Default extension: sty)
    
    1b0d07b2/Rd2.tex:8: ==> Fatal error occurred, no output PDF file produced!
Flavor: r-release-osx-x86_64-mavericks