CRAN Package Check Results for Package GANPA

Last updated on 2017-11-21 22:47:57 CET.

Flavor Version Tinstall Tcheck Ttotal Status Flags
r-devel-linux-x86_64-debian-clang 1.0 0.51 11.79 12.29 NOTE
r-devel-linux-x86_64-debian-gcc 1.0 0.77 31.84 32.61 NOTE
r-devel-linux-x86_64-fedora-clang 1.0 20.10 NOTE
r-devel-linux-x86_64-fedora-gcc 1.0 20.80 NOTE
r-devel-windows-ix86+x86_64 1.0 3.00 30.00 33.00 NOTE
r-patched-linux-x86_64 1.0 0.59 12.52 13.11 NOTE
r-patched-solaris-x86 1.0 31.40 NOTE
r-release-linux-x86_64 1.0 0.56 12.28 12.85 NOTE
r-release-windows-ix86+x86_64 1.0 2.00 30.00 32.00 NOTE
r-release-osx-x86_64 1.0 NOTE
r-oldrel-windows-ix86+x86_64 1.0 2.00 28.00 30.00 NOTE
r-oldrel-osx-x86_64 1.0 NOTE

Check Details

Version: 1.0
Check: top-level files
Result: NOTE
    Non-standard file/directory found at top level:
     ‘Read-and-delete-me’
Flavors: r-devel-linux-x86_64-debian-clang, r-devel-linux-x86_64-debian-gcc, r-devel-linux-x86_64-fedora-clang, r-devel-linux-x86_64-fedora-gcc, r-patched-linux-x86_64, r-release-linux-x86_64

Version: 1.0
Check: dependencies in R code
Result: NOTE
    Package in Depends field not imported from: ‘GANPAdata’
     These packages need to be imported from (in the NAMESPACE file)
     for when this namespace is loaded but not attached.
Flavors: r-devel-linux-x86_64-debian-clang, r-devel-linux-x86_64-debian-gcc, r-devel-linux-x86_64-fedora-clang, r-devel-linux-x86_64-fedora-gcc, r-devel-windows-ix86+x86_64, r-patched-linux-x86_64, r-patched-solaris-x86, r-release-linux-x86_64, r-release-windows-ix86+x86_64, r-release-osx-x86_64, r-oldrel-windows-ix86+x86_64, r-oldrel-osx-x86_64

Version: 1.0
Check: Rd files
Result: NOTE
    prepare_Rd: GANPA-package.Rd:30: Dropping empty section \seealso
    prepare_Rd: GANPA-package.Rd:31: Dropping empty section \examples
    prepare_Rd: GSE.Test.Main.Rd:24: Dropping empty section \details
    prepare_Rd: GSE.Test.Main.Rd:32: Dropping empty section \note
    prepare_Rd: GSE.Test.Main.Rd:33: Dropping empty section \seealso
    prepare_Rd: weight.gsets.test.Rd:14: Dropping empty section \details
    prepare_Rd: weight.gsets.test.Rd:25: Dropping empty section \note
    prepare_Rd: weight.gsets.with.msprot.Rd:17: Dropping empty section \details
    prepare_Rd: weight.gsets.with.msprot.Rd:27: Dropping empty section \note
    prepare_Rd: weight.gsets.with.msprot.Rd:31: Dropping empty section \examples
Flavors: r-devel-linux-x86_64-debian-clang, r-devel-linux-x86_64-debian-gcc, r-devel-linux-x86_64-fedora-clang, r-devel-linux-x86_64-fedora-gcc, r-devel-windows-ix86+x86_64, r-patched-linux-x86_64, r-patched-solaris-x86, r-release-linux-x86_64, r-release-windows-ix86+x86_64, r-release-osx-x86_64, r-oldrel-windows-ix86+x86_64, r-oldrel-osx-x86_64

Version: 1.0
Check: Rd line widths
Result: NOTE
    Rd file 'GSE.Test.Main.Rd':
     \usage lines wider than 90 characters:
     GSE.Test.Main(gExprs.obj, gsets, gNET, check.exprs = TRUE, msp.groups, size.min = 15, size.max = 500, permN = 1000, randN = 30, permFDR ... [TRUNCATED]
     \examples lines wider than 100 characters:
     # GSE.Test.Main(gExprs.obj=gExprs.p53, gsets=gsets.msigdb.pnas, gNET=gNET, check.exprs=TRUE, msp.groups=msp.groups, size.min=15, size.m ... [TRUNCATED]
    
    These lines will be truncated in the PDF manual.
Flavors: r-devel-linux-x86_64-debian-clang, r-devel-linux-x86_64-debian-gcc, r-devel-linux-x86_64-fedora-clang, r-devel-linux-x86_64-fedora-gcc, r-patched-linux-x86_64, r-release-linux-x86_64