CRAN Package Check Results for Package GB2

Last updated on 2015-07-03 16:47:19.

Flavor Version Tinstall Tcheck Ttotal Status Flags
r-devel-linux-x86_64-debian-clang 2.1 0.98 19.04 20.01 NOTE
r-devel-linux-x86_64-debian-gcc 2.1 0.97 18.44 19.40 NOTE
r-devel-linux-x86_64-fedora-clang 2.1 38.37 NOTE
r-devel-linux-x86_64-fedora-gcc 2.1 34.73 NOTE
r-devel-osx-x86_64-clang 2.1 34.82 OK
r-devel-windows-ix86+x86_64 2.1 4.00 28.00 32.00 NOTE
r-patched-linux-x86_64 2.1 0.98 18.76 19.74 OK
r-patched-solaris-sparc 2.1 235.50 OK
r-patched-solaris-x86 2.1 50.90 OK
r-release-linux-x86_64 2.1 0.97 18.78 19.76 OK
r-release-osx-x86_64-mavericks 2.1 OK
r-release-windows-ix86+x86_64 2.1 6.00 33.00 39.00 OK
r-oldrel-windows-ix86+x86_64 2.1 6.00 41.00 47.00 OK

Check Details

Version: 2.1
Check: R code for possible problems
Result: NOTE
    contindic.gb2: no visible global function definition for ‘contour’
    contindic.gb2: no visible global function definition for ‘box’
    contindic.gb2: no visible global function definition for ‘mtext’
    contprof.gb2: no visible global function definition for ‘image’
    contprof.gb2: no visible global function definition for ‘heat.colors’
    contprof.gb2: no visible global function definition for ‘contour’
    contprof.gb2: no visible global function definition for ‘text’
    contprof.gb2: no visible global function definition for ‘box’
    dplot.cavgb2: no visible global function definition for ‘par’
    dplot.cavgb2: no visible global function definition for ‘curve’
    dplot.cavgb2: no visible global function definition for ‘legend’
    dplot.cavgb2: no visible global function definition for ‘plot’
    dplot.cavgb2: no visible global function definition for ‘lines’
    dplot.cgb2: no visible global function definition for ‘curve’
    dplot.cgb2: no visible global function definition for ‘lines’
    dplot.cgb2: no visible global function definition for ‘legend’
    plotsML.gb2: no visible global function definition for ‘par’
    plotsML.gb2: no visible global function definition for ‘plot’
    plotsML.gb2: no visible global function definition for ‘abline’
    plotsML.gb2: no visible global function definition for ‘curve’
    plotsML.gb2: no visible global function definition for ‘legend’
    saveplot : <local>: no visible global function definition for ‘dev.set’
    saveplot : <local>: no visible global function definition for
     ‘dev.print’
    saveplot : <local>: no visible binding for global variable ‘pdf’
    Undefined global functions or variables:
     abline box contour curve dev.print dev.set heat.colors image legend
     lines mtext par pdf plot text
Flavors: r-devel-linux-x86_64-debian-clang, r-devel-linux-x86_64-debian-gcc, r-devel-linux-x86_64-fedora-clang, r-devel-linux-x86_64-fedora-gcc, r-devel-windows-ix86+x86_64