CRAN Package Check Results for Package GB2

Last updated on 2015-04-19 11:51:07.

Flavor Version Tinstall Tcheck Ttotal Status Flags
r-devel-linux-x86_64-debian-clang 1.2 0.87 17.36 18.22 NOTE
r-devel-linux-x86_64-debian-gcc 1.2 1.16 16.98 18.14 NOTE
r-devel-linux-x86_64-fedora-clang 1.2 34.84 NOTE
r-devel-linux-x86_64-fedora-gcc 1.2 36.21 NOTE
r-devel-osx-x86_64-clang 1.2 34.95 NOTE
r-devel-windows-ix86+x86_64 1.2 5.00 37.00 42.00 NOTE
r-patched-linux-x86_64 1.2 0.84 16.99 17.84 NOTE
r-patched-solaris-sparc 1.2 233.00 NOTE
r-patched-solaris-x86 1.2 45.00 NOTE
r-release-linux-x86_64 1.2 0.83 16.96 17.79 NOTE
r-release-osx-x86_64-mavericks 1.2 NOTE
r-release-osx-x86_64-snowleopard 1.2 NOTE
r-release-windows-ix86+x86_64 1.2 3.00 26.00 29.00 NOTE
r-oldrel-windows-ix86+x86_64 1.2 5.00 48.00 53.00 OK

Check Details

Version: 1.2
Check: DESCRIPTION meta-information
Result: NOTE
    Malformed Title field: should not end in a period.
Flavors: r-devel-linux-x86_64-debian-clang, r-devel-linux-x86_64-debian-gcc, r-devel-linux-x86_64-fedora-clang, r-devel-linux-x86_64-fedora-gcc, r-devel-osx-x86_64-clang, r-devel-windows-ix86+x86_64, r-patched-linux-x86_64, r-patched-solaris-sparc, r-patched-solaris-x86, r-release-linux-x86_64, r-release-osx-x86_64-mavericks, r-release-osx-x86_64-snowleopard, r-release-windows-ix86+x86_64

Version: 1.2
Check: package dependencies
Result: NOTE
    Package suggested but not available for checking: ‘survey’
Flavor: r-release-osx-x86_64-snowleopard