CRAN Package Check Results for Package GB2

Last updated on 2015-03-28 18:50:26.

Flavor Version Tinstall Tcheck Ttotal Status Flags
r-devel-linux-x86_64-debian-clang 1.2 0.85 17.21 18.06 NOTE
r-devel-linux-x86_64-debian-gcc 1.2 1.16 17.29 18.44 NOTE
r-devel-linux-x86_64-fedora-clang 1.2 37.33 NOTE
r-devel-linux-x86_64-fedora-gcc 1.2 32.08 NOTE
r-devel-osx-x86_64-clang 1.2 35.89 NOTE
r-prerel-windows-ix86+x86_64 1.2 4.00 36.00 40.00 NOTE
r-prerel-linux-x86_64 1.2 0.83 16.77 17.60 NOTE
r-prerel-solaris-sparc 1.2 233.00 NOTE
r-prerel-solaris-x86 1.2 46.40 NOTE
r-release-linux-x86_64 1.2 1.58 20.88 22.46 OK
r-release-osx-x86_64-mavericks 1.2 OK
r-release-osx-x86_64-snowleopard 1.2 OK
r-release-windows-ix86+x86_64 1.2 5.00 35.00 40.00 OK

Check Details

Version: 1.2
Check: DESCRIPTION meta-information
Result: NOTE
    Malformed Title field: should not end in a period.
Flavors: r-devel-linux-x86_64-debian-clang, r-devel-linux-x86_64-debian-gcc, r-devel-linux-x86_64-fedora-clang, r-devel-linux-x86_64-fedora-gcc, r-devel-osx-x86_64-clang, r-prerel-windows-ix86+x86_64, r-prerel-linux-x86_64, r-prerel-solaris-sparc, r-prerel-solaris-x86