CRAN Package Check Results for Package GB2

Last updated on 2015-08-05 11:47:58.

Flavor Version Tinstall Tcheck Ttotal Status Flags
r-devel-linux-x86_64-debian-clang 2.1 1.00 18.67 19.67 NOTE
r-devel-linux-x86_64-debian-gcc 2.1 1.07 18.85 19.92 NOTE
r-devel-linux-x86_64-fedora-clang 2.1 38.64 NOTE
r-devel-linux-x86_64-fedora-gcc 2.1 34.67 NOTE
r-devel-osx-x86_64-clang 2.1 33.43 OK
r-devel-windows-ix86+x86_64 2.1 7.00 50.00 57.00 NOTE
r-patched-linux-x86_64 2.1 0.98 18.61 19.59 OK
r-patched-solaris-sparc 2.1 242.90 OK
r-patched-solaris-x86 2.1 51.40 OK
r-release-linux-x86_64 2.1 1.00 19.38 20.38 OK
r-release-osx-x86_64-mavericks 2.1 OK
r-release-windows-ix86+x86_64 2.1 6.00 57.00 63.00 OK
r-oldrel-windows-ix86+x86_64 2.1 9.00 60.00 69.00 OK

Check Details

Version: 2.1
Check: R code for possible problems
Result: NOTE
    contindic.gb2: no visible global function definition for ‘contour’
    contindic.gb2: no visible global function definition for ‘box’
    contindic.gb2: no visible global function definition for ‘mtext’
    contprof.gb2: no visible global function definition for ‘image’
    contprof.gb2: no visible global function definition for ‘heat.colors’
    contprof.gb2: no visible global function definition for ‘contour’
    contprof.gb2: no visible global function definition for ‘text’
    contprof.gb2: no visible global function definition for ‘box’
    dplot.cavgb2: no visible global function definition for ‘par’
    dplot.cavgb2: no visible global function definition for ‘curve’
    dplot.cavgb2: no visible global function definition for ‘legend’
    dplot.cavgb2: no visible global function definition for ‘plot’
    dplot.cavgb2: no visible global function definition for ‘lines’
    dplot.cgb2: no visible global function definition for ‘curve’
    dplot.cgb2: no visible global function definition for ‘lines’
    dplot.cgb2: no visible global function definition for ‘legend’
    plotsML.gb2: no visible global function definition for ‘par’
    plotsML.gb2: no visible global function definition for ‘plot’
    plotsML.gb2: no visible global function definition for ‘abline’
    plotsML.gb2: no visible global function definition for ‘curve’
    plotsML.gb2: no visible global function definition for ‘legend’
    saveplot : <local>: no visible global function definition for ‘dev.set’
    saveplot : <local>: no visible global function definition for
     ‘dev.print’
    saveplot : <local>: no visible binding for global variable ‘pdf’
    Undefined global functions or variables:
     abline box contour curve dev.print dev.set heat.colors image legend
     lines mtext par pdf plot text
    Consider adding
     importFrom("grDevices", "dev.print", "dev.set", "heat.colors", "pdf")
     importFrom("graphics", "abline", "box", "contour", "curve", "image",
     "legend", "lines", "mtext", "par", "plot", "text")
    to your NAMESPACE.
Flavors: r-devel-linux-x86_64-debian-clang, r-devel-linux-x86_64-debian-gcc, r-devel-linux-x86_64-fedora-clang, r-devel-linux-x86_64-fedora-gcc, r-devel-windows-ix86+x86_64