CRAN Package Check Results for Package GCD

Last updated on 2020-08-15 15:46:49 CEST.

Flavor Version Tinstall Tcheck Ttotal Status Flags
r-devel-linux-x86_64-debian-clang 4.0.6 2.00 26.97 28.97 OK
r-devel-linux-x86_64-debian-gcc 4.0.6 1.40 21.38 22.78 OK
r-devel-linux-x86_64-fedora-clang 4.0.6 44.03 NOTE
r-devel-linux-x86_64-fedora-gcc 4.0.6 34.55 NOTE
r-devel-windows-ix86+x86_64 4.0.6 8.00 55.00 63.00 OK
r-patched-linux-x86_64 4.0.6 1.84 26.69 28.53 OK
r-patched-solaris-x86 4.0.6 57.20 NOTE
r-release-linux-x86_64 4.0.6 1.78 26.65 28.43 OK
r-release-macos-x86_64 4.0.6 NOTE
r-release-windows-ix86+x86_64 4.0.6 6.00 41.00 47.00 OK
r-oldrel-macos-x86_64 4.0.6 NOTE
r-oldrel-windows-ix86+x86_64 4.0.6 4.00 37.00 41.00 OK

Check Details

Version: 4.0.6
Check: dependencies in R code
Result: NOTE
    Namespace in Imports field not imported from: ‘raster’
     All declared Imports should be used.
Flavors: r-devel-linux-x86_64-fedora-clang, r-devel-linux-x86_64-fedora-gcc, r-patched-solaris-x86, r-release-macos-x86_64, r-oldrel-macos-x86_64

Version: 4.0.6
Check: data for non-ASCII characters
Result: NOTE
     Note: found 103 marked UTF-8 strings
Flavors: r-devel-linux-x86_64-fedora-clang, r-devel-linux-x86_64-fedora-gcc, r-patched-solaris-x86, r-release-macos-x86_64, r-oldrel-macos-x86_64