CRAN Package Check Results for Package GCD

Last updated on 2020-01-20 01:50:21 CET.

Flavor Version Tinstall Tcheck Ttotal Status Flags
r-devel-linux-x86_64-debian-clang 4.0.5 2.09 26.22 28.31 OK
r-devel-linux-x86_64-debian-gcc 4.0.5 1.54 20.91 22.45 OK
r-devel-linux-x86_64-fedora-clang 4.0.5 35.01 NOTE
r-devel-linux-x86_64-fedora-gcc 4.0.5 36.29 NOTE
r-devel-windows-ix86+x86_64 4.0.5 9.00 57.00 66.00 OK
r-devel-windows-ix86+x86_64-gcc8 4.0.5 5.00 41.00 46.00 OK
r-patched-linux-x86_64 4.0.5 1.60 24.07 25.67 OK
r-patched-solaris-x86 4.0.5 52.60 NOTE
r-release-linux-x86_64 4.0.5 1.60 24.12 25.72 OK
r-release-windows-ix86+x86_64 4.0.5 8.00 42.00 50.00 OK
r-release-osx-x86_64 4.0.5 NOTE
r-oldrel-windows-ix86+x86_64 4.0.5 3.00 38.00 41.00 OK
r-oldrel-osx-x86_64 4.0.5 NOTE

Check Details

Version: 4.0.5
Check: data for non-ASCII characters
Result: NOTE
     Note: found 103 marked UTF-8 strings
Flavors: r-devel-linux-x86_64-fedora-clang, r-devel-linux-x86_64-fedora-gcc, r-patched-solaris-x86, r-release-osx-x86_64, r-oldrel-osx-x86_64