CRAN Package Check Results for Package GDELTtools

Last updated on 2015-02-01 20:48:34.

Flavor Version Tinstall Tcheck Ttotal Status Flags
r-devel-linux-x86_64-debian-clang 1.2 0.83 14.68 15.51 NOTE
r-devel-linux-x86_64-debian-gcc 1.2 0.80 13.92 14.72 NOTE
r-devel-linux-x86_64-fedora-clang 1.2 30.61 NOTE
r-devel-linux-x86_64-fedora-gcc 1.2 28.20 NOTE
r-devel-osx-x86_64-clang 1.2 34.76 NOTE
r-devel-windows-ix86+x86_64 1.2 4.00 24.00 28.00 NOTE
r-patched-linux-x86_64 1.2 1.13 17.16 18.29 NOTE
r-patched-solaris-sparc 1.2 215.10 NOTE
r-patched-solaris-x86 1.2 52.60 NOTE
r-release-linux-ix86 1.2 1.35 23.56 24.91 NOTE
r-release-linux-x86_64 1.2 1.05 17.34 18.39 NOTE
r-release-osx-x86_64-mavericks 1.2 NOTE
r-release-osx-x86_64-snowleopard 1.2 OK
r-release-windows-ix86+x86_64 1.2 4.00 29.00 33.00 NOTE
r-oldrel-windows-ix86+x86_64 1.2 4.00 29.00 33.00 OK

Check Details

Version: 1.2
Check: dependencies in R code
Result: NOTE
    Package in Depends field not imported from: ‘tools’
     These packages need to be imported from (in the NAMESPACE file)
     for when this namespace is loaded but not attached.
Flavors: r-devel-linux-x86_64-debian-clang, r-devel-linux-x86_64-debian-gcc, r-devel-linux-x86_64-fedora-clang, r-devel-linux-x86_64-fedora-gcc, r-devel-osx-x86_64-clang, r-devel-windows-ix86+x86_64

Version: 1.2
Check: R code for possible problems
Result: NOTE
    IsValidGDELT: no visible global function definition for ‘md5sum’
Flavors: r-devel-linux-x86_64-debian-clang, r-devel-linux-x86_64-debian-gcc, r-devel-linux-x86_64-fedora-clang, r-devel-linux-x86_64-fedora-gcc, r-devel-osx-x86_64-clang, r-devel-windows-ix86+x86_64, r-patched-linux-x86_64, r-patched-solaris-sparc, r-patched-solaris-x86, r-release-linux-ix86, r-release-linux-x86_64, r-release-osx-x86_64-mavericks, r-release-windows-ix86+x86_64

Version: 1.2
Check: dependencies in R code
Result: NOTE
    Package in Depends field not imported from: ‘tools’
     These packages need to be imported from (in the NAMESPACE file)
     for when this namespace is loaded but not attached.
    See the information on DESCRIPTION files in the chapter ‘Creating R
    packages’ of the ‘Writing R Extensions’ manual.
Flavors: r-patched-linux-x86_64, r-patched-solaris-sparc, r-patched-solaris-x86, r-release-linux-ix86, r-release-linux-x86_64, r-release-osx-x86_64-mavericks, r-release-windows-ix86+x86_64