CRAN Package Check Results for Package GDELTtools

Last updated on 2014-11-27 16:48:10.

Flavor Version Tinstall Tcheck Ttotal Status Flags
r-devel-linux-x86_64-debian-clang 1.2 1.04 16.66 17.70 NOTE
r-devel-linux-x86_64-debian-gcc 1.2 1.00 16.74 17.74 NOTE
r-devel-linux-x86_64-fedora-clang 1.2 39.58 NOTE
r-devel-linux-x86_64-fedora-gcc 1.2 36.18 NOTE
r-devel-osx-x86_64-clang 1.2 35.35 NOTE
r-devel-windows-ix86+x86_64 1.2 3.00 24.00 27.00 NOTE
r-patched-linux-x86_64 1.2 1.16 17.55 18.70 NOTE
r-patched-solaris-sparc 1.2 205.40 NOTE
r-patched-solaris-x86 1.2 50.90 NOTE
r-release-linux-ix86 1.2 1.36 22.85 24.21 NOTE
r-release-linux-x86_64 1.2 1.06 17.53 18.59 NOTE
r-release-osx-x86_64-mavericks 1.2 OK
r-release-osx-x86_64-snowleopard 1.2 OK
r-release-windows-ix86+x86_64 1.2 4.00 28.00 32.00 NOTE
r-oldrel-windows-ix86+x86_64 1.2 4.00 27.00 31.00 OK

Check Details

Version: 1.2
Check: dependencies in R code
Result: NOTE
    Package in Depends field not imported from: ‘tools’
     These packages need to be imported from (in the NAMESPACE file)
     for when this namespace is loaded but not attached.
    See the information on DESCRIPTION files in the chapter ‘Creating R
    packages’ of the ‘Writing R Extensions’ manual.
Flavors: r-devel-linux-x86_64-debian-clang, r-devel-linux-x86_64-debian-gcc, r-devel-linux-x86_64-fedora-clang, r-devel-linux-x86_64-fedora-gcc, r-devel-osx-x86_64-clang, r-devel-windows-ix86+x86_64, r-patched-linux-x86_64, r-patched-solaris-sparc, r-patched-solaris-x86, r-release-linux-ix86, r-release-linux-x86_64, r-release-windows-ix86+x86_64

Version: 1.2
Check: R code for possible problems
Result: NOTE
    IsValidGDELT: no visible global function definition for ‘md5sum’
Flavors: r-devel-linux-x86_64-debian-clang, r-devel-linux-x86_64-debian-gcc, r-devel-linux-x86_64-fedora-clang, r-devel-linux-x86_64-fedora-gcc, r-devel-osx-x86_64-clang, r-devel-windows-ix86+x86_64, r-patched-linux-x86_64, r-patched-solaris-sparc, r-patched-solaris-x86, r-release-linux-ix86, r-release-linux-x86_64, r-release-windows-ix86+x86_64