CRAN Package Check Results for Package GDELTtools

Last updated on 2014-04-24 09:49:01.

Flavor Version Tinstall Tcheck Ttotal Status Flags
r-devel-linux-x86_64-debian-clang 1.2 1.14 18.11 19.24 OK
r-devel-linux-x86_64-debian-gcc 1.2 1.11 17.94 19.05 OK
r-devel-linux-x86_64-fedora-clang 1.2 36.52 OK
r-devel-linux-x86_64-fedora-gcc 1.2 33.88 OK
r-devel-osx-x86_64-clang 1.2 35.12 OK
r-devel-osx-x86_64-gcc 1.2 ERROR
r-devel-windows-ix86+x86_64 1.2 4.00 28.00 32.00 OK
r-patched-linux-x86_64 1.2 1.14 17.74 18.89 OK
r-patched-solaris-sparc 1.2 203.00 OK
r-patched-solaris-x86 1.2 49.70 OK
r-release-linux-ix86 1.2 2.00 34.00 36.00 OK
r-release-linux-x86_64 1.2 1.13 17.51 18.64 OK
r-release-osx-x86_64-mavericks 1.2 OK
r-release-osx-x86_64-snowleopard 1.2 OK
r-release-windows-ix86+x86_64 1.2 3.00 27.00 30.00 OK
r-oldrel-windows-ix86+x86_64 1.2 4.00 28.00 32.00 OK

Check Details

Version: 1.2
Check: package dependencies
Result: ERROR
    Package required but not available: ‘TimeWarp’
    
    See the information on DESCRIPTION files in the chapter ‘Creating R
    packages’ of the ‘Writing R Extensions’ manual.
Flavor: r-devel-osx-x86_64-gcc