CRAN Package Check Results for Package GDELTtools

Last updated on 2016-08-30 16:47:16.

Flavor Version Tinstall Tcheck Ttotal Status Flags
r-devel-linux-x86_64-debian-clang 1.2 0.90 14.28 15.19 NOTE
r-devel-linux-x86_64-debian-gcc 1.2 0.87 14.25 15.13 NOTE
r-devel-linux-x86_64-fedora-clang 1.2 26.26 NOTE
r-devel-linux-x86_64-fedora-gcc 1.2 24.65 NOTE
r-devel-osx-x86_64-clang 1.2 23.04 NOTE
r-devel-windows-ix86+x86_64 1.2 5.00 49.00 54.00 NOTE
r-patched-linux-x86_64 1.2 0.84 14.26 15.11 NOTE
r-patched-solaris-sparc 1.2 168.30 NOTE
r-patched-solaris-x86 1.2 37.90 NOTE
r-release-linux-x86_64 1.2 0.76 14.67 15.43 NOTE
r-release-osx-x86_64-mavericks 1.2 NOTE
r-release-windows-ix86+x86_64 1.2 3.00 55.00 58.00 NOTE
r-oldrel-windows-ix86+x86_64 1.2 5.00 46.00 51.00 NOTE

Check Details

Version: 1.2
Check: dependencies in R code
Result: NOTE
    Package in Depends field not imported from: ‘tools’
     These packages need to be imported from (in the NAMESPACE file)
     for when this namespace is loaded but not attached.
Flavors: r-devel-linux-x86_64-debian-clang, r-devel-linux-x86_64-debian-gcc, r-devel-linux-x86_64-fedora-clang, r-devel-linux-x86_64-fedora-gcc, r-devel-osx-x86_64-clang, r-devel-windows-ix86+x86_64, r-patched-linux-x86_64, r-patched-solaris-sparc, r-patched-solaris-x86, r-release-linux-x86_64, r-release-osx-x86_64-mavericks, r-release-windows-ix86+x86_64, r-oldrel-windows-ix86+x86_64

Version: 1.2
Check: R code for possible problems
Result: NOTE
    DownloadGdelt: no visible global function definition for
     ‘packageVersion’
    DownloadGdelt: no visible global function definition for
     ‘download.file’
    GdeltZipToDataframe: no visible global function definition for
     ‘read.delim’
    GdeltZipToDataframe: no visible global function definition for ‘unzip’
    GetSizeOfGDELT: no visible global function definition for ‘read.delim’
    IsValidGDELT: no visible global function definition for ‘read.delim’
    IsValidGDELT: no visible global function definition for ‘md5sum’
    NormEventCounts: no visible global function definition for
     ‘download.file’
    NormEventCounts: no visible global function definition for ‘read.csv’
    Undefined global functions or variables:
     download.file md5sum packageVersion read.csv read.delim unzip
    Consider adding
     importFrom("utils", "download.file", "packageVersion", "read.csv",
     "read.delim", "unzip")
    to your NAMESPACE file.
Flavors: r-devel-linux-x86_64-debian-clang, r-devel-linux-x86_64-debian-gcc, r-devel-linux-x86_64-fedora-clang, r-devel-linux-x86_64-fedora-gcc, r-devel-osx-x86_64-clang, r-devel-windows-ix86+x86_64, r-patched-linux-x86_64, r-patched-solaris-sparc, r-patched-solaris-x86, r-release-linux-x86_64, r-release-osx-x86_64-mavericks, r-release-windows-ix86+x86_64

Version: 1.2
Check: R code for possible problems
Result: NOTE
    IsValidGDELT: no visible global function definition for 'md5sum'
Flavor: r-oldrel-windows-ix86+x86_64