CRAN Package Check Results for Package GDELTtools

Last updated on 2014-10-23 00:47:58.

Flavor Version Tinstall Tcheck Ttotal Status Flags
r-devel-linux-x86_64-debian-clang 1.2 1.04 17.27 18.31 NOTE
r-devel-linux-x86_64-debian-gcc 1.2 1.27 16.81 18.08 NOTE
r-devel-linux-x86_64-fedora-clang 1.2 35.26 NOTE
r-devel-linux-x86_64-fedora-gcc 1.2 32.45 NOTE
r-devel-osx-x86_64-clang 1.2 36.09 NOTE
r-devel-windows-ix86+x86_64 1.2 3.00 26.00 29.00 NOTE
r-patched-linux-x86_64 1.2 1.07 17.46 18.53 NOTE
r-patched-solaris-sparc 1.2 205.40 NOTE
r-patched-solaris-x86 1.2 50.90 NOTE
r-release-linux-ix86 1.2 1.47 24.05 25.52 OK
r-release-linux-x86_64 1.2 1.10 17.50 18.60 OK
r-release-osx-x86_64-mavericks 1.2 OK
r-release-osx-x86_64-snowleopard 1.2 OK
r-release-windows-ix86+x86_64 1.2 4.00 27.00 31.00 OK
r-oldrel-windows-ix86+x86_64 1.2 4.00 27.00 31.00 OK

Check Details

Version: 1.2
Check: dependencies in R code
Result: NOTE
    Package in Depends field not imported from: ‘tools’
     These packages need to be imported from (in the NAMESPACE file)
     for when this namespace is loaded but not attached.
    See the information on DESCRIPTION files in the chapter ‘Creating R
    packages’ of the ‘Writing R Extensions’ manual.
Flavors: r-devel-linux-x86_64-debian-clang, r-devel-linux-x86_64-debian-gcc, r-devel-linux-x86_64-fedora-clang, r-devel-linux-x86_64-fedora-gcc, r-devel-osx-x86_64-clang, r-devel-windows-ix86+x86_64, r-patched-linux-x86_64, r-patched-solaris-sparc, r-patched-solaris-x86

Version: 1.2
Check: R code for possible problems
Result: NOTE
    IsValidGDELT: no visible global function definition for ‘md5sum’
Flavors: r-devel-linux-x86_64-debian-clang, r-devel-linux-x86_64-debian-gcc, r-devel-linux-x86_64-fedora-clang, r-devel-linux-x86_64-fedora-gcc, r-devel-osx-x86_64-clang, r-devel-windows-ix86+x86_64, r-patched-linux-x86_64, r-patched-solaris-sparc, r-patched-solaris-x86