CRAN Package Check Results for Package GDELTtools

Last updated on 2014-08-29 14:46:59.

Flavor Version Tinstall Tcheck Ttotal Status Flags
r-devel-linux-x86_64-debian-clang 1.2 1.06 16.48 17.54 NOTE
r-devel-linux-x86_64-debian-gcc 1.2 1.02 16.08 17.10 NOTE
r-devel-linux-x86_64-fedora-clang 1.2 35.19 NOTE
r-devel-linux-x86_64-fedora-gcc 1.2 33.77 NOTE
r-devel-osx-x86_64-clang 1.2 32.93 NOTE
r-devel-windows-ix86+x86_64 1.2 4.00 27.00 31.00 NOTE
r-patched-linux-x86_64 1.2 1.08 16.52 17.60 NOTE
r-patched-solaris-sparc 1.2 212.40 NOTE
r-patched-solaris-x86 1.2 49.70 NOTE
r-release-linux-ix86 1.2 1.45 23.75 25.20 OK
r-release-linux-x86_64 1.2 1.11 17.28 18.39 OK
r-release-osx-x86_64-mavericks 1.2 OK
r-release-osx-x86_64-snowleopard 1.2 OK
r-release-windows-ix86+x86_64 1.2 3.00 26.00 29.00 OK
r-oldrel-windows-ix86+x86_64 1.2 3.00 27.00 30.00 OK

Check Details

Version: 1.2
Check: dependencies in R code
Result: NOTE
    Package in Depends field not imported from: ‘tools’
     These packages need to be imported from (in the NAMESPACE file)
     for when this namespace is loaded but not attached.
    See the information on DESCRIPTION files in the chapter ‘Creating R
    packages’ of the ‘Writing R Extensions’ manual.
Flavors: r-devel-linux-x86_64-debian-clang, r-devel-linux-x86_64-debian-gcc, r-devel-linux-x86_64-fedora-clang, r-devel-linux-x86_64-fedora-gcc, r-devel-osx-x86_64-clang, r-devel-windows-ix86+x86_64, r-patched-linux-x86_64, r-patched-solaris-sparc, r-patched-solaris-x86

Version: 1.2
Check: R code for possible problems
Result: NOTE
    IsValidGDELT: no visible global function definition for ‘md5sum’
Flavors: r-devel-linux-x86_64-debian-clang, r-devel-linux-x86_64-debian-gcc, r-devel-linux-x86_64-fedora-clang, r-devel-linux-x86_64-fedora-gcc, r-devel-osx-x86_64-clang, r-devel-windows-ix86+x86_64