CRAN Package Check Results for Package GDELTtools

Last updated on 2015-05-25 03:47:38.

Flavor Version Tinstall Tcheck Ttotal Status Flags
r-devel-linux-x86_64-debian-clang 1.2 0.80 15.05 15.84 NOTE
r-devel-linux-x86_64-debian-gcc 1.2 0.92 14.29 15.21 NOTE
r-devel-linux-x86_64-fedora-clang 1.2 30.47 NOTE
r-devel-linux-x86_64-fedora-gcc 1.2 28.47 NOTE
r-devel-osx-x86_64-clang 1.2 28.85 NOTE
r-devel-windows-ix86+x86_64 1.2 3.00 24.00 27.00 NOTE
r-patched-linux-x86_64 1.2 0.82 14.74 15.56 NOTE
r-patched-solaris-sparc 1.2 190.00 NOTE
r-patched-solaris-x86 1.2 43.90 NOTE
r-release-linux-x86_64 1.2 0.79 14.21 15.00 NOTE
r-release-osx-x86_64-mavericks 1.2 NOTE
r-release-osx-x86_64-snowleopard 1.2 ERROR
r-release-windows-ix86+x86_64 1.2 3.00 25.00 28.00 NOTE
r-oldrel-windows-ix86+x86_64 1.2 5.00 28.00 33.00 NOTE

Check Details

Version: 1.2
Check: dependencies in R code
Result: NOTE
    Package in Depends field not imported from: ‘tools’
     These packages need to be imported from (in the NAMESPACE file)
     for when this namespace is loaded but not attached.
Flavors: r-devel-linux-x86_64-debian-clang, r-devel-linux-x86_64-debian-gcc, r-devel-linux-x86_64-fedora-clang, r-devel-linux-x86_64-fedora-gcc, r-devel-osx-x86_64-clang, r-devel-windows-ix86+x86_64, r-patched-linux-x86_64, r-patched-solaris-sparc, r-patched-solaris-x86, r-release-linux-x86_64, r-release-osx-x86_64-mavericks, r-release-windows-ix86+x86_64, r-oldrel-windows-ix86+x86_64

Version: 1.2
Check: R code for possible problems
Result: NOTE
    IsValidGDELT: no visible global function definition for ‘md5sum’
Flavors: r-devel-linux-x86_64-debian-clang, r-devel-linux-x86_64-debian-gcc, r-devel-linux-x86_64-fedora-clang, r-devel-linux-x86_64-fedora-gcc, r-devel-osx-x86_64-clang, r-devel-windows-ix86+x86_64, r-patched-linux-x86_64, r-patched-solaris-sparc, r-patched-solaris-x86, r-release-linux-x86_64, r-release-osx-x86_64-mavericks, r-release-windows-ix86+x86_64, r-oldrel-windows-ix86+x86_64

Version: 1.2
Check: package dependencies
Result: ERROR
    Package required but not available: ‘TimeWarp’
    
    See section ‘The DESCRIPTION file’ in the ‘Writing R Extensions’
    manual.
Flavor: r-release-osx-x86_64-snowleopard