CRAN Package Check Results for Package GDELTtools

Last updated on 2017-11-24 18:50:20 CET.

Flavor Version Tinstall Tcheck Ttotal Status Flags
r-devel-linux-x86_64-debian-clang 1.2 1.13 40.09 41.22 NOTE
r-devel-linux-x86_64-debian-gcc 1.2 0.94 40.29 41.23 NOTE
r-devel-linux-x86_64-fedora-clang 1.2 27.30 NOTE
r-devel-linux-x86_64-fedora-gcc 1.2 26.43 NOTE
r-devel-windows-ix86+x86_64 1.2 3.00 50.00 53.00 NOTE
r-patched-linux-x86_64 1.2 1.34 42.93 44.28 NOTE
r-patched-solaris-x86 1.2 43.90 NOTE
r-release-linux-x86_64 1.2 1.18 42.31 43.49 NOTE
r-release-windows-ix86+x86_64 1.2 4.00 54.00 58.00 NOTE
r-release-osx-x86_64 1.2 NOTE
r-oldrel-windows-ix86+x86_64 1.2 3.00 36.00 39.00 NOTE
r-oldrel-osx-x86_64 1.2 NOTE

Check Details

Version: 1.2
Check: dependencies in R code
Result: NOTE
    Package in Depends field not imported from: ‘tools’
     These packages need to be imported from (in the NAMESPACE file)
     for when this namespace is loaded but not attached.
Flavors: r-devel-linux-x86_64-debian-clang, r-devel-linux-x86_64-debian-gcc, r-devel-linux-x86_64-fedora-clang, r-devel-linux-x86_64-fedora-gcc, r-devel-windows-ix86+x86_64, r-patched-linux-x86_64, r-patched-solaris-x86, r-release-linux-x86_64, r-release-windows-ix86+x86_64, r-release-osx-x86_64, r-oldrel-windows-ix86+x86_64, r-oldrel-osx-x86_64

Version: 1.2
Check: R code for possible problems
Result: NOTE
    DownloadGdelt: no visible global function definition for
     ‘packageVersion’
    DownloadGdelt: no visible global function definition for
     ‘download.file’
    GdeltZipToDataframe: no visible global function definition for
     ‘read.delim’
    GdeltZipToDataframe: no visible global function definition for ‘unzip’
    GetSizeOfGDELT: no visible global function definition for ‘read.delim’
    IsValidGDELT: no visible global function definition for ‘read.delim’
    IsValidGDELT: no visible global function definition for ‘md5sum’
    NormEventCounts: no visible global function definition for
     ‘download.file’
    NormEventCounts: no visible global function definition for ‘read.csv’
    Undefined global functions or variables:
     download.file md5sum packageVersion read.csv read.delim unzip
    Consider adding
     importFrom("utils", "download.file", "packageVersion", "read.csv",
     "read.delim", "unzip")
    to your NAMESPACE file.
Flavors: r-devel-linux-x86_64-debian-clang, r-devel-linux-x86_64-debian-gcc, r-devel-linux-x86_64-fedora-clang, r-devel-linux-x86_64-fedora-gcc, r-devel-windows-ix86+x86_64, r-patched-linux-x86_64, r-patched-solaris-x86, r-release-linux-x86_64, r-release-windows-ix86+x86_64, r-release-osx-x86_64, r-oldrel-windows-ix86+x86_64, r-oldrel-osx-x86_64