CRAN Package Check Results for Package GDELTtools

Last updated on 2015-04-01 21:47:38.

Flavor Version Tinstall Tcheck Ttotal Status Flags
r-devel-linux-x86_64-debian-clang 1.2 0.79 14.66 15.45 NOTE
r-devel-linux-x86_64-debian-gcc 1.2 0.82 14.25 15.08 NOTE
r-devel-linux-x86_64-fedora-clang 1.2 29.54 NOTE
r-devel-linux-x86_64-fedora-gcc 1.2 27.51 NOTE
r-devel-osx-x86_64-clang 1.2 32.45 NOTE
r-prerel-windows-ix86+x86_64 1.2 3.00 28.00 31.00 NOTE
r-prerel-linux-x86_64 1.2 0.80 14.28 15.08 NOTE
r-prerel-solaris-sparc 1.2 198.30 NOTE
r-prerel-solaris-x86 1.2 43.80 NOTE
r-release-linux-x86_64 1.2 1.04 17.41 18.46 NOTE
r-release-osx-x86_64-mavericks 1.2 NOTE
r-release-osx-x86_64-snowleopard 1.2 OK
r-release-windows-ix86+x86_64 1.2 4.00 29.00 33.00 NOTE
r-oldrel-windows-ix86+x86_64 1.2 3.00 30.00 33.00 OK

Check Details

Version: 1.2
Check: dependencies in R code
Result: NOTE
    Package in Depends field not imported from: ‘tools’
     These packages need to be imported from (in the NAMESPACE file)
     for when this namespace is loaded but not attached.
Flavors: r-devel-linux-x86_64-debian-clang, r-devel-linux-x86_64-debian-gcc, r-devel-linux-x86_64-fedora-clang, r-devel-linux-x86_64-fedora-gcc, r-devel-osx-x86_64-clang, r-prerel-windows-ix86+x86_64, r-prerel-linux-x86_64, r-prerel-solaris-sparc, r-prerel-solaris-x86, r-release-linux-x86_64, r-release-windows-ix86+x86_64

Version: 1.2
Check: R code for possible problems
Result: NOTE
    IsValidGDELT: no visible global function definition for ‘md5sum’
Flavors: r-devel-linux-x86_64-debian-clang, r-devel-linux-x86_64-debian-gcc, r-devel-linux-x86_64-fedora-clang, r-devel-linux-x86_64-fedora-gcc, r-devel-osx-x86_64-clang, r-prerel-windows-ix86+x86_64, r-prerel-linux-x86_64, r-prerel-solaris-sparc, r-prerel-solaris-x86, r-release-linux-x86_64, r-release-osx-x86_64-mavericks, r-release-windows-ix86+x86_64

Version: 1.2
Check: dependencies in R code
Result: NOTE
    Package in Depends field not imported from: ‘tools’
     These packages need to be imported from (in the NAMESPACE file)
     for when this namespace is loaded but not attached.
    See the information on DESCRIPTION files in the chapter ‘Creating R
    packages’ of the ‘Writing R Extensions’ manual.
Flavor: r-release-osx-x86_64-mavericks