CRAN Package Check Results for Package GDELTtools

Last updated on 2015-07-31 23:47:44.

Flavor Version Tinstall Tcheck Ttotal Status Flags
r-devel-linux-x86_64-debian-clang 1.2 0.78 15.55 16.33 NOTE
r-devel-linux-x86_64-debian-gcc 1.2 1.10 14.44 15.54 NOTE
r-devel-linux-x86_64-fedora-clang 1.2 28.52 NOTE
r-devel-linux-x86_64-fedora-gcc 1.2 27.31 NOTE
r-devel-osx-x86_64-clang 1.2 26.47 NOTE
r-devel-windows-ix86+x86_64 1.2 5.00 46.00 51.00 NOTE
r-patched-linux-x86_64 1.2 0.90 14.54 15.45 NOTE
r-patched-solaris-sparc 1.2 189.10 NOTE
r-patched-solaris-x86 1.2 43.60 NOTE
r-release-linux-x86_64 1.2 0.78 14.24 15.02 NOTE
r-release-osx-x86_64-mavericks 1.2 NOTE
r-release-windows-ix86+x86_64 1.2 4.00 27.00 31.00 NOTE
r-oldrel-windows-ix86+x86_64 1.2 3.00 32.00 35.00 NOTE

Check Details

Version: 1.2
Check: dependencies in R code
Result: NOTE
    Package in Depends field not imported from: ‘tools’
     These packages need to be imported from (in the NAMESPACE file)
     for when this namespace is loaded but not attached.
Flavors: r-devel-linux-x86_64-debian-clang, r-devel-linux-x86_64-debian-gcc, r-devel-linux-x86_64-fedora-clang, r-devel-linux-x86_64-fedora-gcc, r-devel-osx-x86_64-clang, r-devel-windows-ix86+x86_64, r-patched-linux-x86_64, r-patched-solaris-sparc, r-patched-solaris-x86, r-release-linux-x86_64, r-release-osx-x86_64-mavericks, r-release-windows-ix86+x86_64, r-oldrel-windows-ix86+x86_64

Version: 1.2
Check: R code for possible problems
Result: NOTE
    DownloadGdelt: no visible global function definition for
     ‘packageVersion’
    DownloadGdelt: no visible global function definition for
     ‘download.file’
    GdeltZipToDataframe: no visible global function definition for
     ‘read.delim’
    GdeltZipToDataframe: no visible global function definition for ‘unzip’
    GetSizeOfGDELT: no visible global function definition for ‘read.delim’
    IsValidGDELT: no visible global function definition for ‘read.delim’
    IsValidGDELT: no visible global function definition for ‘md5sum’
    NormEventCounts: no visible global function definition for
     ‘download.file’
    NormEventCounts: no visible global function definition for ‘read.csv’
    Undefined global functions or variables:
     download.file md5sum packageVersion read.csv read.delim unzip
    Consider adding
     importFrom("utils", "download.file", "packageVersion", "read.csv",
     "read.delim", "unzip")
    to your NAMESPACE.
Flavors: r-devel-linux-x86_64-debian-clang, r-devel-linux-x86_64-debian-gcc, r-devel-linux-x86_64-fedora-clang, r-devel-linux-x86_64-fedora-gcc, r-devel-windows-ix86+x86_64

Version: 1.2
Check: R code for possible problems
Result: NOTE
    IsValidGDELT: no visible global function definition for ‘md5sum’
    Undefined global functions or variables:
     md5sum
Flavor: r-devel-osx-x86_64-clang

Version: 1.2
Check: R code for possible problems
Result: NOTE
    IsValidGDELT: no visible global function definition for ‘md5sum’
Flavors: r-patched-linux-x86_64, r-patched-solaris-sparc, r-patched-solaris-x86, r-release-linux-x86_64, r-release-osx-x86_64-mavericks, r-release-windows-ix86+x86_64, r-oldrel-windows-ix86+x86_64