CRAN Package Check Results for Package GDINA

Last updated on 2024-07-23 15:48:10 CEST.

Flavor Version Tinstall Tcheck Ttotal Status Flags
r-devel-linux-x86_64-debian-clang 2.9.4 243.10 130.87 373.97 NOTE
r-devel-linux-x86_64-debian-gcc 2.9.4 151.22 97.07 248.29 NOTE
r-devel-linux-x86_64-fedora-clang 2.9.4 581.86 NOTE
r-devel-linux-x86_64-fedora-gcc 2.9.4 535.48 NOTE
r-devel-windows-x86_64 2.9.4 181.00 142.00 323.00 NOTE
r-patched-linux-x86_64 2.9.4 230.30 126.42 356.72 NOTE
r-release-linux-x86_64 2.9.4 192.85 127.80 320.65 NOTE
r-release-macos-arm64 2.9.4 113.00 NOTE
r-release-macos-x86_64 2.9.4 133.00 NOTE
r-release-windows-x86_64 2.9.4 214.00 141.00 355.00 NOTE
r-oldrel-macos-arm64 2.9.4 103.00 NOTE
r-oldrel-macos-x86_64 2.9.4 181.00 NOTE
r-oldrel-windows-x86_64 2.9.4 218.00 166.00 384.00 OK

Check Details

Version: 2.9.4
Check: Rd files
Result: NOTE checkRd: (-1) GMSCDM.Rd:25: Lost braces; missing escapes or markup? 25 | representing restricted GMS-DINA and GMS-DINO models where delta_{jm1} are equal for all strategies. Note that only a single model can be used | ^ Flavors: r-devel-linux-x86_64-debian-clang, r-devel-linux-x86_64-debian-gcc, r-devel-linux-x86_64-fedora-clang, r-devel-linux-x86_64-fedora-gcc, r-devel-windows-x86_64, r-patched-linux-x86_64, r-release-linux-x86_64, r-release-macos-arm64, r-release-macos-x86_64, r-release-windows-x86_64

Version: 2.9.4
Check: installed package size
Result: NOTE installed size is 12.9Mb sub-directories of 1Mb or more: libs 11.9Mb Flavors: r-release-macos-arm64, r-release-macos-x86_64, r-oldrel-macos-arm64, r-oldrel-macos-x86_64