CRAN Package Check Results for Package GENEAread

Last updated on 2014-04-19 18:47:41.

Flavor Version Tinstall Tcheck Ttotal Status Flags
r-devel-linux-x86_64-debian-clang 1.1.1 2.29 29.10 31.39 OK
r-devel-linux-x86_64-debian-gcc 1.1.1 2.35 29.57 31.92 OK
r-devel-linux-x86_64-fedora-clang 1.1.1 64.13 NOTE
r-devel-linux-x86_64-fedora-gcc 1.1.1 60.05 NOTE
r-devel-macosx-x86_64-clang 1.1.1 52.31 OK
r-devel-macosx-x86_64-gcc 1.1.1 OK
r-devel-windows-ix86+x86_64 1.1.1 6.00 63.00 69.00 OK
r-patched-linux-x86_64 1.1.1 2.29 29.45 31.74 OK
r-patched-solaris-sparc 1.1.1 359.40 OK
r-patched-solaris-x86 1.1.1 74.80 OK
r-release-linux-ix86 OK
r-release-linux-x86_64 1.1.1 2.50 29.10 31.60 OK
r-release-macosx-x86_64 1.1.1 OK
r-release-windows-ix86+x86_64 1.1.1 7.00 45.00 52.00 OK
r-oldrel-windows-ix86+x86_64 1.1.1 6.00 40.00 46.00 OK

Check Details

Version: 1.1.1
Check: Rd line widths
Result: NOTE
    Rd file 'AccData.Rd':
     \usage lines wider than 90 characters:
     plot(x, y=NULL, what = c("sd", "mean", "temperature", "light", "voltage"),draw = TRUE, resolution = 200,...)
    
    Rd file 'get.intervals.Rd':
     \usage lines wider than 90 characters:
     get.intervals(x, start=0, end = 1, length = NULL, time.format = c("auto", "seconds", "days", "proportion", "measurements", "time"), inc ... [TRUNCATED]
     \examples lines wider than 100 characters:
     lines(get.intervals(procfile, start = 0.4, end = 0.5, time.format = "prop", incl.date = TRUE)[,1:2], col=2)
     lines(get.intervals(procfile, start = 0.4, end = 5, time.format = "sec", incl.date = TRUE)[,1:2], col=3)
     lines(get.intervals(procfile, start = "16:51", end = "16:52", time.format = "time", incl.date = TRUE)[,1:2], col=4)
     #Note that measurements will depend on the downsampling rate, not the original sampling rate of the data
     lines(get.intervals(procfile, start = 100, length = 10, time.format = "measurement", incl.date = TRUE)[,1:2], col=5)
     points(get.intervals(virtfile, start = "16:52:10", "16:52:40", incl.date = TRUE)[,1:2], col=4, pch = ".")
     lines(get.intervals(procfile, start = "16:49:00", "16:49:30", incl.date = TRUE, read.from.file = TRUE, downsample = 300)[,1:2], col=2) ... [TRUNCATED]
    
    Rd file 'header.info.Rd':
     \examples lines wider than 100 characters:
     fileheader <- header.info(system.file("binfile/TESTfile.bin", package = "GENEAread")[1], more = TRUE)
    
    Rd file 'plot.stft.Rd':
     \usage lines wider than 90 characters:
     plot(x, mode = c("decibels", "modulus", "pval"), log = "", showmax = TRUE, median = FALSE, xaxis = TRUE, topthresh, reassign = (!(is.nu ... [TRUNCATED]
    
    Rd file 'read.bin.Rd':
     \usage lines wider than 90 characters:
     verbose = TRUE, do.temp = TRUE,do.volt = TRUE, calibrate = TRUE, downsample = NULL, blocksize , virtual = FALSE, mmap.load = (.Mach ... [TRUNCATED]
    
    Rd file 'stft.Rd':
     \examples lines wider than 100 characters:
     stft(signal + sin( cumsum(seq(f2, f1, length = 5000))*2*pi), plot = TRUE, reassign = TRUE, win = 100)
    
    These lines will be truncated in the PDF manual.
Flavors: r-devel-linux-x86_64-fedora-clang, r-devel-linux-x86_64-fedora-gcc