CRAN Package Check Results for Package GENLIB

Last updated on 2020-08-05 06:47:21 CEST.

Flavor Version Tinstall Tcheck Ttotal Status Flags
r-devel-linux-x86_64-debian-clang 1.0.9 99.20 114.15 213.35 OK
r-devel-linux-x86_64-debian-gcc 1.0.9 71.45 86.85 158.30 OK
r-devel-linux-x86_64-fedora-clang 1.0.9 283.37 OK
r-devel-linux-x86_64-fedora-gcc 1.0.9 258.26 OK
r-devel-windows-ix86+x86_64 1.0.9 271.00 233.00 504.00 OK
r-patched-linux-x86_64 1.0.9 74.32 110.57 184.89 OK
r-patched-solaris-x86 1.0.9 307.90 OK
r-release-linux-x86_64 1.0.9 75.75 109.74 185.49 OK
r-release-macos-x86_64 1.0.9 WARN
r-release-windows-ix86+x86_64 1.0.9 275.00 309.00 584.00 OK
r-oldrel-macos-x86_64 1.0.9 OK
r-oldrel-windows-ix86+x86_64 1.0.9 187.00 263.00 450.00 OK

Check Details

Version: 1.0.9
Check: whether package can be installed
Result: WARN
    Found the following significant warnings:
     hal.cpp:266:10: warning: 'sem_init' is deprecated [-Wdeprecated-declarations]
     hal.cpp:271:13: warning: 'sem_destroy' is deprecated [-Wdeprecated-declarations]
Flavor: r-release-macos-x86_64