CRAN Package Check Results for Package GENLIB

Last updated on 2017-11-24 05:49:55 CET.

Flavor Version Tinstall Tcheck Ttotal Status Flags
r-devel-linux-x86_64-debian-clang 1.0.4 48.57 116.92 165.49 NOTE
r-devel-linux-x86_64-debian-gcc 1.0.4 51.46 148.45 199.90 NOTE
r-devel-linux-x86_64-fedora-clang 1.0.4 227.08 NOTE
r-devel-linux-x86_64-fedora-gcc 1.0.4 212.86 NOTE
r-devel-windows-ix86+x86_64 1.0.4 172.00 266.00 438.00 NOTE
r-patched-linux-x86_64 1.0.4 65.66 182.55 248.21 NOTE
r-patched-solaris-x86 1.0.4 318.40 NOTE
r-release-linux-x86_64 1.0.4 66.09 176.81 242.90 NOTE
r-release-windows-ix86+x86_64 1.0.4 180.00 213.00 393.00 NOTE
r-release-osx-x86_64 1.0.4 NOTE
r-oldrel-windows-ix86+x86_64 1.0.4 172.00 182.00 354.00 NOTE
r-oldrel-osx-x86_64 1.0.4 NOTE

Check Details

Version: 1.0.4
Check: R code for possible problems
Result: NOTE
    error.bar: no visible global function definition for ‘arrows’
    gen.completenessVar: no visible binding for global variable ‘var’
    gen.graph: no visible global function definition for ‘plot’
    gen.implexVar: no visible binding for global variable ‘var’
    gen.phiCI : FUN: no visible global function definition for ‘quantile’
    genlibDLLTest: no visible global function definition for ‘rnorm’
    Undefined global functions or variables:
     arrows plot quantile rnorm var
    Consider adding
     importFrom("graphics", "arrows", "plot")
     importFrom("stats", "quantile", "rnorm", "var")
    to your NAMESPACE file.
Flavors: r-devel-linux-x86_64-debian-clang, r-devel-linux-x86_64-debian-gcc, r-devel-linux-x86_64-fedora-clang, r-devel-linux-x86_64-fedora-gcc, r-devel-windows-ix86+x86_64, r-patched-linux-x86_64, r-patched-solaris-x86, r-release-linux-x86_64, r-release-windows-ix86+x86_64, r-release-osx-x86_64, r-oldrel-windows-ix86+x86_64, r-oldrel-osx-x86_64

Version: 1.0.4
Check: compiled code
Result: NOTE
    File ‘GENLIB/libs/GENLIB.so’:
     Found no calls to: ‘R_registerRoutines’, ‘R_useDynamicSymbols’
    
    It is good practice to register native routines and to disable symbol
    search.
    
    See ‘Writing portable packages’ in the ‘Writing R Extensions’ manual.
Flavors: r-devel-linux-x86_64-debian-clang, r-devel-linux-x86_64-debian-gcc, r-devel-linux-x86_64-fedora-clang, r-devel-linux-x86_64-fedora-gcc, r-patched-linux-x86_64, r-release-linux-x86_64