CRAN Package Check Results for Package GENLIB

Last updated on 2018-02-20 19:48:17 CET.

Flavor Version Tinstall Tcheck Ttotal Status Flags
r-devel-linux-x86_64-debian-clang 1.0.4 78.56 97.15 175.71 NOTE
r-devel-linux-x86_64-debian-gcc 1.0.4 60.06 77.77 137.83 NOTE
r-devel-linux-x86_64-fedora-clang 1.0.4 237.35 NOTE
r-devel-linux-x86_64-fedora-gcc 1.0.4 216.46 NOTE
r-devel-windows-ix86+x86_64 1.0.4 178.00 182.00 360.00 NOTE
r-patched-linux-x86_64 1.0.4 68.65 105.65 174.30 NOTE
r-patched-solaris-x86 1.0.4 308.00 NOTE
r-release-linux-x86_64 1.0.4 67.97 106.53 174.50 NOTE
r-release-windows-ix86+x86_64 1.0.4 234.00 269.00 503.00 NOTE
r-release-osx-x86_64 1.0.4 NOTE
r-oldrel-windows-ix86+x86_64 1.0.4 224.00 231.00 455.00 NOTE
r-oldrel-osx-x86_64 1.0.4 NOTE

Check Details

Version: 1.0.4
Check: R code for possible problems
Result: NOTE
    error.bar: no visible global function definition for ‘arrows’
    gen.completenessVar: no visible binding for global variable ‘var’
    gen.graph: no visible global function definition for ‘plot’
    gen.implexVar: no visible binding for global variable ‘var’
    gen.phiCI : FUN: no visible global function definition for ‘quantile’
    genlibDLLTest: no visible global function definition for ‘rnorm’
    Undefined global functions or variables:
     arrows plot quantile rnorm var
    Consider adding
     importFrom("graphics", "arrows", "plot")
     importFrom("stats", "quantile", "rnorm", "var")
    to your NAMESPACE file.
Flavors: r-devel-linux-x86_64-debian-clang, r-devel-linux-x86_64-debian-gcc, r-devel-linux-x86_64-fedora-clang, r-devel-linux-x86_64-fedora-gcc, r-devel-windows-ix86+x86_64, r-patched-linux-x86_64, r-patched-solaris-x86, r-release-linux-x86_64, r-release-windows-ix86+x86_64, r-release-osx-x86_64, r-oldrel-windows-ix86+x86_64, r-oldrel-osx-x86_64

Version: 1.0.4
Check: compiled code
Result: NOTE
    File ‘GENLIB/libs/GENLIB.so’:
     Found no calls to: ‘R_registerRoutines’, ‘R_useDynamicSymbols’
    
    It is good practice to register native routines and to disable symbol
    search.
    
    See ‘Writing portable packages’ in the ‘Writing R Extensions’ manual.
Flavors: r-devel-linux-x86_64-debian-clang, r-devel-linux-x86_64-debian-gcc, r-devel-linux-x86_64-fedora-clang, r-devel-linux-x86_64-fedora-gcc, r-patched-linux-x86_64, r-release-linux-x86_64