CRAN Package Check Results for Package GENMETA

Last updated on 2021-12-02 18:50:54 CET.

Flavor Version Tinstall Tcheck Ttotal Status Flags
r-devel-linux-x86_64-debian-clang 0.1 9.44 63.59 73.03 NOTE
r-devel-linux-x86_64-debian-gcc 0.1 6.59 48.77 55.36 NOTE
r-devel-linux-x86_64-fedora-clang 0.1 97.51 NOTE
r-devel-linux-x86_64-fedora-gcc 0.1 85.34 NOTE
r-devel-windows-x86_64-new-UL 0.1 14.00 93.00 107.00 NOTE
r-devel-windows-x86_64-new-TK 0.1 NOTE
r-devel-windows-x86_64-old 0.1 12.00 64.00 76.00 NOTE
r-patched-linux-x86_64 0.1 8.86 60.82 69.68 NOTE
r-patched-solaris-x86 0.1 121.60 NOTE
r-release-linux-x86_64 0.1 9.34 61.03 70.37 NOTE
r-release-macos-arm64 0.1 NOTE
r-release-macos-x86_64 0.1 NOTE
r-release-windows-ix86+x86_64 0.1 17.00 85.00 102.00 NOTE
r-oldrel-macos-x86_64 0.1 OK
r-oldrel-windows-ix86+x86_64 0.1 19.00 79.00 98.00 OK

Check Details

Version: 0.1
Check: LazyData
Result: NOTE
     'LazyData' is specified without a 'data' directory
Flavors: r-devel-linux-x86_64-debian-clang, r-devel-linux-x86_64-debian-gcc, r-devel-linux-x86_64-fedora-clang, r-devel-linux-x86_64-fedora-gcc, r-devel-windows-x86_64-new-UL, r-devel-windows-x86_64-new-TK, r-devel-windows-x86_64-old, r-patched-linux-x86_64, r-patched-solaris-x86, r-release-linux-x86_64, r-release-macos-arm64, r-release-macos-x86_64, r-release-windows-ix86+x86_64