CRAN Package Check Results for Package GEOmap

Last updated on 2014-09-20 23:48:01.

Flavor Version Tinstall Tcheck Ttotal Status Flags
r-devel-linux-x86_64-debian-clang 2.2-2 3.48 64.50 67.98 NOTE
r-devel-linux-x86_64-debian-gcc 2.2-2 3.35 63.92 67.28 NOTE
r-devel-linux-x86_64-fedora-clang 2.2-2 138.18 NOTE
r-devel-linux-x86_64-fedora-gcc 2.2-2 137.72 NOTE
r-devel-osx-x86_64-clang 2.2-2 107.75 NOTE
r-devel-windows-ix86+x86_64 2.2-2 12.00 101.00 113.00 NOTE
r-patched-linux-x86_64 2.2-2 3.59 68.48 72.08 OK
r-patched-solaris-sparc 2.2-2 734.80 OK
r-patched-solaris-x86 2.2-2 153.40 OK
r-release-linux-ix86 2.2-2 4.88 81.45 86.33 OK
r-release-linux-x86_64 2.2-2 3.46 68.01 71.47 OK
r-release-osx-x86_64-mavericks 2.2-2 NOTE
r-release-osx-x86_64-snowleopard 2.2-2 OK
r-release-windows-ix86+x86_64 2.2-2 11.00 112.00 123.00 OK
r-oldrel-windows-ix86+x86_64 2.2-2 12.00 110.00 122.00 OK

Check Details

Version: 2.2-2
Check: R code for possible problems
Result: NOTE
    GLOBE.ORTH: no visible binding for global variable ‘coastmap’
Flavors: r-devel-linux-x86_64-debian-clang, r-devel-linux-x86_64-debian-gcc, r-devel-linux-x86_64-fedora-clang, r-devel-linux-x86_64-fedora-gcc, r-devel-osx-x86_64-clang, r-devel-windows-ix86+x86_64

Version: 2.2-2
Check: package dependencies
Result: NOTE
    Package suggested but not available for checking: ‘RFOC’
Flavor: r-release-osx-x86_64-mavericks