CRAN Package Check Results for Package GEOmap

Last updated on 2015-03-06 09:49:32.

Flavor Version Tinstall Tcheck Ttotal Status Flags
r-devel-linux-x86_64-debian-clang 2.2-2 3.24 62.40 65.64 NOTE
r-devel-linux-x86_64-debian-gcc 2.2-2 3.20 61.42 64.62 NOTE
r-devel-linux-x86_64-fedora-clang 2.2-2 124.75 NOTE
r-devel-linux-x86_64-fedora-gcc 2.2-2 118.96 NOTE
r-devel-osx-x86_64-clang 2.2-2 109.07 NOTE
r-devel-windows-ix86+x86_64 2.2-2 13.00 95.00 108.00 NOTE
r-patched-linux-x86_64 2.2-2 4.39 70.20 74.59 NOTE
r-patched-solaris-sparc 2.2-2 793.50 NOTE
r-patched-solaris-x86 2.2-2 159.20 NOTE
r-release-linux-ix86 2.2-2 4.55 101.50 106.05 NOTE
r-release-linux-x86_64 2.2-2 3.40 68.29 71.69 NOTE
r-release-osx-x86_64-mavericks 2.2-2 NOTE
r-release-osx-x86_64-snowleopard 2.2-2 OK
r-release-windows-ix86+x86_64 2.2-2 13.00 113.00 126.00 NOTE
r-oldrel-windows-ix86+x86_64 2.2-2 13.00 129.00 142.00 OK

Check Details

Version: 2.2-2
Check: R code for possible problems
Result: NOTE
    GLOBE.ORTH: no visible binding for global variable ‘coastmap’
Flavors: r-devel-linux-x86_64-debian-clang, r-devel-linux-x86_64-debian-gcc, r-devel-linux-x86_64-fedora-clang, r-devel-linux-x86_64-fedora-gcc, r-devel-osx-x86_64-clang, r-devel-windows-ix86+x86_64, r-patched-linux-x86_64, r-patched-solaris-sparc, r-patched-solaris-x86, r-release-linux-ix86, r-release-linux-x86_64, r-release-osx-x86_64-mavericks, r-release-windows-ix86+x86_64