CRAN Package Check Results for Package GEOmap

Last updated on 2014-07-25 07:53:15.

Flavor Version Tinstall Tcheck Ttotal Status Flags
r-devel-linux-x86_64-debian-clang 2.2-2 3.75 61.06 64.81 OK
r-devel-linux-x86_64-debian-gcc 2.2-2 3.44 60.56 63.99 OK
r-devel-linux-x86_64-fedora-clang 2.2-2 146.95 OK
r-devel-linux-x86_64-fedora-gcc 2.2-2 137.30 OK
r-devel-osx-x86_64-clang 2.2-2 128.11 OK
r-devel-windows-ix86+x86_64 2.2-2 12.00 108.00 120.00 OK
r-patched-linux-x86_64 2.2-2 3.57 60.40 63.97 OK
r-patched-solaris-sparc 2.2-2 727.50 OK
r-patched-solaris-x86 2.2-2 165.90 OK
r-release-linux-ix86 2.2-2 4.97 79.67 84.64 OK
r-release-linux-x86_64 2.2-2 3.42 60.52 63.94 OK
r-release-osx-x86_64-mavericks 2.2-2 NOTE
r-release-osx-x86_64-snowleopard 2.2-2 OK
r-release-windows-ix86+x86_64 2.2-2 11.00 109.00 120.00 OK
r-oldrel-windows-ix86+x86_64 2.2-2 11.00 115.00 126.00 OK

Check Details

Version: 2.2-2
Check: package dependencies
Result: NOTE
    Package suggested but not available for checking: ‘RFOC’
Flavor: r-release-osx-x86_64-mavericks