CRAN Package Check Results for Package GEOmap

Last updated on 2017-02-19 23:48:11.

Flavor Version Tinstall Tcheck Ttotal Status Flags
r-devel-linux-x86_64-debian-clang 2.3-8 3.75 59.79 63.54 NOTE
r-devel-linux-x86_64-debian-gcc 2.3-8 4.12 59.94 64.05 NOTE
r-devel-linux-x86_64-fedora-clang 2.3-8 117.75 NOTE --no-stop-on-test-error
r-devel-linux-x86_64-fedora-gcc 2.3-8 117.53 NOTE --no-stop-on-test-error
r-devel-macos-x86_64-clang 2.3-8 94.75 NOTE --no-stop-on-test-error
r-devel-windows-ix86+x86_64 2.3-8 14.00 166.00 180.00 OK
r-patched-linux-x86_64 2.3-8 3.74 57.20 60.94 OK
r-patched-solaris-sparc 2.3-8 663.80 OK
r-patched-solaris-x86 2.3-8 125.20 OK
r-release-linux-x86_64 2.3-8 4.08 56.84 60.92 OK
r-release-osx-x86_64-mavericks 2.3-8 OK
r-release-windows-ix86+x86_64 2.3-8 12.00 108.00 120.00 OK
r-oldrel-windows-ix86+x86_64 2.3-8 29.00 151.00 180.00 OK

Check Details

Version: 2.3-8
Check: compiled code
Result: NOTE
    File ‘GEOmap/libs/GEOmap.so’:
     Found no calls to: ‘R_registerRoutines’, ‘R_useDynamicSymbols’
    
    It is good practice to register native routines and to disable symbol
    search.
    
    See ‘Writing portable packages’ in the ‘Writing R Extensions’ manual.
Flavors: r-devel-linux-x86_64-debian-clang, r-devel-linux-x86_64-debian-gcc

Version: 2.3-8
Flags: --no-stop-on-test-error
Check: compiled code
Result: NOTE
    File ‘GEOmap/libs/GEOmap.so’:
     Found no calls to: ‘R_registerRoutines’, ‘R_useDynamicSymbols’
    
    It is good practice to register native routines and to disable symbol
    search.
    
    See ‘Writing portable packages’ in the ‘Writing R Extensions’ manual.
Flavors: r-devel-linux-x86_64-fedora-clang, r-devel-linux-x86_64-fedora-gcc, r-devel-macos-x86_64-clang