CRAN Package Check Results for Package GEOmap

Last updated on 2014-04-24 21:47:41.

Flavor Version Tinstall Tcheck Ttotal Status Flags
r-devel-linux-x86_64-debian-clang 2.2-2 3.50 64.19 67.69 OK
r-devel-linux-x86_64-debian-gcc 2.2-2 3.48 64.06 67.54 OK
r-devel-linux-x86_64-fedora-clang 2.2-2 144.43 OK
r-devel-linux-x86_64-fedora-gcc 2.2-2 137.43 OK
r-devel-osx-x86_64-clang 2.2-2 106.67 OK
r-devel-osx-x86_64-gcc 2.2-2 NOTE
r-devel-windows-ix86+x86_64 2.2-2 11.00 108.00 119.00 OK
r-patched-linux-x86_64 2.2-2 3.67 64.45 68.12 OK
r-patched-solaris-sparc 2.2-2 727.50 OK
r-patched-solaris-x86 2.2-2 163.50 OK
r-release-linux-ix86 2.2-2 7.00 102.00 109.00 OK
r-release-linux-x86_64 2.2-2 3.50 63.17 66.67 OK
r-release-osx-x86_64-mavericks 2.2-2 ERROR
r-release-osx-x86_64-snowleopard 2.2-2 OK
r-release-windows-ix86+x86_64 2.2-2 12.00 109.00 121.00 OK
r-oldrel-windows-ix86+x86_64 2.2-2 12.00 112.00 124.00 OK

Check Details

Version: 2.2-2
Check: package dependencies
Result: NOTE
    Package suggested but not available for checking: ‘RFOC’
Flavor: r-devel-osx-x86_64-gcc

Version: 2.2-2
Check: package dependencies
Result: ERROR
    Package required but not available: ‘MBA’
    
    Package suggested but not available for checking: ‘RFOC’
    
    See the information on DESCRIPTION files in the chapter ‘Creating R
    packages’ of the ‘Writing R Extensions’ manual.
Flavor: r-release-osx-x86_64-mavericks