CRAN Package Check Results for Package GEOmap

Last updated on 2015-05-04 06:47:01.

Flavor Version Tinstall Tcheck Ttotal Status Flags
r-devel-linux-x86_64-debian-clang 2.3-5 4.04 54.68 58.72 OK
r-devel-linux-x86_64-debian-gcc 2.3-5 3.98 57.13 61.11 OK
r-devel-linux-x86_64-fedora-clang 2.3-5 60.67 OK
r-devel-linux-x86_64-fedora-gcc 2.3-5 55.72 OK
r-devel-osx-x86_64-clang 2.3-5 96.19 OK
r-devel-windows-ix86+x86_64 2.3-5 15.00 90.00 105.00 OK
r-patched-linux-x86_64 2.3-5 4.13 54.77 58.90 OK
r-patched-solaris-sparc 2.3-5 602.40 OK
r-patched-solaris-x86 2.3-5 110.40 OK
r-release-linux-x86_64 2.3-5 3.92 54.10 58.02 OK
r-release-osx-x86_64-mavericks 2.3-5 OK
r-release-osx-x86_64-snowleopard 2.2-2 NOTE
r-release-windows-ix86+x86_64 2.3-5 15.00 95.00 110.00 OK
r-oldrel-windows-ix86+x86_64 2.3-5 20.00 117.00 137.00 OK

Check Details

Version: 2.2-2
Check: R code for possible problems
Result: NOTE
    GLOBE.ORTH: no visible binding for global variable ‘coastmap’
Flavor: r-release-osx-x86_64-snowleopard