CRAN Package Check Results for Package GEOmap

Last updated on 2014-12-18 00:48:49.

Flavor Version Tinstall Tcheck Ttotal Status Flags
r-devel-linux-x86_64-debian-clang 2.2-2 3.45 68.12 71.58 NOTE
r-devel-linux-x86_64-debian-gcc 2.2-2 3.82 66.03 69.85 NOTE
r-devel-linux-x86_64-fedora-clang 2.2-2 139.66 NOTE
r-devel-linux-x86_64-fedora-gcc 2.2-2 129.57 NOTE
r-devel-osx-x86_64-clang 2.2-2 116.11 NOTE
r-devel-windows-ix86+x86_64 2.2-2 22.00 106.00 128.00 NOTE
r-patched-linux-x86_64 2.2-2 3.47 67.68 71.15 NOTE
r-patched-solaris-sparc 2.2-2 742.10 NOTE
r-patched-solaris-x86 2.2-2 157.00 NOTE
r-release-linux-ix86 2.2-2 4.68 77.96 82.63 NOTE
r-release-linux-x86_64 2.2-2 3.61 68.94 72.54 NOTE
r-release-osx-x86_64-mavericks 2.2-2 NOTE
r-release-osx-x86_64-snowleopard 2.2-2 OK
r-release-windows-ix86+x86_64 2.2-2 15.00 124.00 139.00 NOTE
r-oldrel-windows-ix86+x86_64 2.2-2 12.00 110.00 122.00 OK

Check Details

Version: 2.2-2
Check: R code for possible problems
Result: NOTE
    GLOBE.ORTH: no visible binding for global variable ‘coastmap’
Flavors: r-devel-linux-x86_64-debian-clang, r-devel-linux-x86_64-debian-gcc, r-devel-linux-x86_64-fedora-clang, r-devel-linux-x86_64-fedora-gcc, r-devel-osx-x86_64-clang, r-devel-windows-ix86+x86_64, r-patched-linux-x86_64, r-patched-solaris-sparc, r-patched-solaris-x86, r-release-linux-ix86, r-release-linux-x86_64, r-release-windows-ix86+x86_64

Version: 2.2-2
Check: package dependencies
Result: NOTE
    Package suggested but not available for checking: ‘RFOC’
Flavor: r-release-osx-x86_64-mavericks