CRAN Package Check Results for Package GEOmap

Last updated on 2015-01-29 12:48:03.

Flavor Version Tinstall Tcheck Ttotal Status Flags
r-devel-linux-x86_64-debian-clang 2.2-2 3.31 65.33 68.64 NOTE
r-devel-linux-x86_64-debian-gcc 2.2-2 3.42 62.88 66.30 NOTE
r-devel-linux-x86_64-fedora-clang 2.2-2 138.58 NOTE
r-devel-linux-x86_64-fedora-gcc 2.2-2 129.19 NOTE
r-devel-osx-x86_64-clang 2.2-2 116.23 NOTE
r-devel-windows-ix86+x86_64 2.2-2 21.00 96.00 117.00 NOTE
r-patched-linux-x86_64 2.2-2 3.46 68.06 71.53 NOTE
r-patched-solaris-sparc 2.2-2 752.90 NOTE
r-patched-solaris-x86 2.2-2 155.80 NOTE
r-release-linux-ix86 2.2-2 4.69 77.92 82.61 NOTE
r-release-linux-x86_64 2.2-2 3.65 67.56 71.20 NOTE
r-release-osx-x86_64-mavericks 2.2-2 NOTE
r-release-osx-x86_64-snowleopard 2.2-2 OK
r-release-windows-ix86+x86_64 2.2-2 13.00 111.00 124.00 NOTE
r-oldrel-windows-ix86+x86_64 2.2-2 13.00 107.00 120.00 OK

Check Details

Version: 2.2-2
Check: R code for possible problems
Result: NOTE
    GLOBE.ORTH: no visible binding for global variable ‘coastmap’
Flavors: r-devel-linux-x86_64-debian-clang, r-devel-linux-x86_64-debian-gcc, r-devel-linux-x86_64-fedora-clang, r-devel-linux-x86_64-fedora-gcc, r-devel-osx-x86_64-clang, r-devel-windows-ix86+x86_64, r-patched-linux-x86_64, r-patched-solaris-sparc, r-patched-solaris-x86, r-release-linux-ix86, r-release-linux-x86_64, r-release-osx-x86_64-mavericks, r-release-windows-ix86+x86_64