CRAN Package Check Results for Package GEOmap

Last updated on 2014-10-23 12:47:39.

Flavor Version Tinstall Tcheck Ttotal Status Flags
r-devel-linux-x86_64-debian-clang 2.2-2 3.97 66.54 70.52 NOTE
r-devel-linux-x86_64-debian-gcc 2.2-2 3.38 65.80 69.18 NOTE
r-devel-linux-x86_64-fedora-clang 2.2-2 139.23 NOTE
r-devel-linux-x86_64-fedora-gcc 2.2-2 131.08 NOTE
r-devel-osx-x86_64-clang 2.2-2 114.14 NOTE
r-devel-windows-ix86+x86_64 2.2-2 12.00 101.00 113.00 NOTE
r-patched-linux-x86_64 2.2-2 3.43 69.53 72.96 NOTE
r-patched-solaris-sparc 2.2-2 742.10 NOTE
r-patched-solaris-x86 2.2-2 157.80 NOTE
r-release-linux-ix86 2.2-2 4.83 80.68 85.52 OK
r-release-linux-x86_64 2.2-2 3.70 68.47 72.17 OK
r-release-osx-x86_64-mavericks 2.2-2 NOTE
r-release-osx-x86_64-snowleopard 2.2-2 OK
r-release-windows-ix86+x86_64 2.2-2 10.00 110.00 120.00 OK
r-oldrel-windows-ix86+x86_64 2.2-2 12.00 108.00 120.00 OK

Check Details

Version: 2.2-2
Check: R code for possible problems
Result: NOTE
    GLOBE.ORTH: no visible binding for global variable ‘coastmap’
Flavors: r-devel-linux-x86_64-debian-clang, r-devel-linux-x86_64-debian-gcc, r-devel-linux-x86_64-fedora-clang, r-devel-linux-x86_64-fedora-gcc, r-devel-osx-x86_64-clang, r-devel-windows-ix86+x86_64, r-patched-linux-x86_64, r-patched-solaris-sparc, r-patched-solaris-x86

Version: 2.2-2
Check: package dependencies
Result: NOTE
    Package suggested but not available for checking: ‘RFOC’
Flavor: r-release-osx-x86_64-mavericks