CRAN Package Check Results for Package GEOmap

Last updated on 2015-08-02 11:47:22.

Flavor Version Tinstall Tcheck Ttotal Status Flags
r-devel-linux-x86_64-debian-clang 2.3-5 4.01 55.02 59.02 NOTE
r-devel-linux-x86_64-debian-gcc 2.3-5 4.06 53.88 57.93 NOTE
r-devel-linux-x86_64-fedora-clang 2.3-5 112.32 NOTE
r-devel-linux-x86_64-fedora-gcc 2.3-5 105.95 NOTE
r-devel-osx-x86_64-clang 2.3-5 93.69 OK
r-devel-windows-ix86+x86_64 2.3-5 15.00 100.00 115.00 NOTE
r-patched-linux-x86_64 2.3-5 4.00 54.17 58.17 OK
r-patched-solaris-sparc 2.3-5 680.80 OK
r-patched-solaris-x86 2.3-5 133.40 OK
r-release-linux-x86_64 2.3-5 3.86 54.84 58.70 OK
r-release-osx-x86_64-mavericks 2.3-5 OK
r-release-windows-ix86+x86_64 2.3-5 18.00 148.00 166.00 OK
r-oldrel-windows-ix86+x86_64 2.3-5 23.00 124.00 147.00 OK

Check Details

Version: 2.3-5
Check: R code for possible problems
Result: NOTE
    BASICTOPOMAP: no visible global function definition for ‘col2rgb’
    BASICTOPOMAP: no visible global function definition for ‘plot’
    BASICTOPOMAP: no visible global function definition for ‘image’
    BASICTOPOMAP: no visible global function definition for
     ‘terrain.colors’
    BASICTOPOMAP: no visible global function definition for ‘contour’
    BASICTOPOMAP: no visible global function definition for ‘lines’
    BASICTOPOMAP: no visible global function definition for ‘points’
    ColorScale: no visible global function definition for ‘rainbow’
    ColorScale: no visible global function definition for ‘par’
    ColorScale: no visible global function definition for ‘locator’
    ColorScale: no visible global function definition for ‘rect’
    ColorScale: no visible global function definition for ‘segments’
    ColorScale: no visible global function definition for ‘text’
    ExplodeSymbols : draw.circ: no visible global function definition for
     ‘lines’
    ExplodeSymbols : EXPreplot: no visible global function definition for
     ‘plot’
    ExplodeSymbols : EXPreplot: no visible global function definition for
     ‘points’
    ExplodeSymbols : EXPreplot: no visible global function definition for
     ‘segments’
    ExplodeSymbols : EXPreplot: no visible global function definition for
     ‘par’
    ExplodeSymbols: no visible global function definition for ‘locator’
    ExplodeSymbols: no visible global function definition for ‘rect’
    GEOTOPO: no visible global function definition for ‘persp’
    GEOsymbols: no visible global function definition for ‘plot’
    GEOsymbols: no visible global function definition for ‘par’
    GEOsymbols: no visible global function definition for ‘rect’
    GEOsymbols: no visible global function definition for ‘text’
    GEOsymbols: no visible global function definition for ‘lines’
    GETXprofile: no visible global function definition for ‘locator’
    GETXprofile: no visible global function definition for ‘dev.cur’
    GETXprofile: no visible global function definition for ‘dev.new’
    GETXprofile: no visible global function definition for ‘plot’
    GETXprofile: no visible global function definition for ‘points’
    GETXprofile: no visible global function definition for ‘text’
    GETXprofile: no visible global function definition for ‘dev.set’
    GLOBE.ORTH: no visible global function definition for ‘grey’
    GLOBE.ORTH: no visible global function definition for ‘plot’
    GLOBE.ORTH: no visible global function definition for ‘lines’
    GLOBE.ORTH: no visible global function definition for ‘polygon’
    GlobeView: no visible global function definition for ‘rgb’
    GlobeView: no visible global function definition for ‘plot’
    GlobeView: no visible global function definition for ‘polygon’
    GlobeView: no visible global function definition for ‘lines’
    LandSeaCol: no visible global function definition for ‘col2rgb’
    LandSeaCol: no visible global function definition for ‘rgb’
    Markup: no visible global function definition for ‘ps.options’
    Markup: no visible global function definition for ‘arrows’
    Markup: no visible global function definition for ‘text’
    NSarrow: no visible global function definition for ‘locator’
    NSarrow: no visible global function definition for ‘trans3d’
    NSarrow: no visible global function definition for ‘polygon’
    NoOverlap: no visible global function definition for ‘points’
    OverTurned: no visible global function definition for ‘lines’
    OverTurned: no visible global function definition for ‘par’
    OverTurned: no visible global function definition for ‘arrows’
    SELGEOmap: no visible global function definition for ‘median’
    SSfault: no visible global function definition for ‘par’
    SSfault: no visible global function definition for ‘segments’
    SynAnticline: no visible global function definition for ‘lines’
    SynAnticline: no visible global function definition for ‘arrows’
    TOPOCOL: no visible global function definition for ‘col2rgb’
    TOPOCOL: no visible global function definition for ‘rgb’
    XSECDEMg : mycol.colors: no visible global function definition for
     ‘topo.colors’
    XSECDEMg : mycol.colors: no visible global function definition for
     ‘terrain.colors’
    XSECDEMg: no visible global function definition for ‘image’
    XSECDEMg: no visible global function definition for ‘locator’
    XSECDEMg: no visible global function definition for ‘par’
    XSECDEMg: no visible global function definition for ‘postscript’
    XSECDEMg: no visible global function definition for ‘contour’
    XSECDEMg: no visible global function definition for ‘points’
    XSECDEMg: no visible global function definition for ‘segments’
    XSECDEMg: no visible global function definition for ‘text’
    XSECDEMg: no visible global function definition for ‘dev.off’
    XSECEQ: no visible global function definition for ‘par’
    XSECEQ: no visible global function definition for ‘plot’
    XSECEQ: no visible global function definition for ‘axis’
    XSECEQ: no visible global function definition for ‘title’
    XSECEQ: no visible global function definition for ‘box’
    XSECEQ: no visible global function definition for ‘points’
    XSECEQ: no visible global function definition for ‘dev.cur’
    XSECEQ: no visible global function definition for ‘polygon’
    XSECEQ: no visible global function definition for ‘segments’
    XSECEQ: no visible global function definition for ‘text’
    XSECEQ: no visible global function definition for ‘dev.new’
    XSECEQ: no visible global function definition for ‘dev.set’
    XSECEQ: no visible global function definition for ‘locator’
    XSECEQ: no visible global function definition for ‘grey’
    XSECEQ: no visible global function definition for ‘dev.next’
    XSECEQ: no visible global function definition for ‘dev.list’
    XSECEQ: no visible global function definition for ‘dev.off’
    XSECEQ: no visible global function definition for ‘postscript’
    XSECwin : YNreplot: no visible global function definition for ‘plot’
    XSECwin : YNreplot: no visible global function definition for ‘mtext’
    XSECwin: no visible global function definition for ‘rgb’
    XSECwin: no visible global function definition for ‘dev.cur’
    XSECwin: no visible global function definition for ‘dev.set’
    XSECwin: no visible global function definition for ‘par’
    XSECwin: no visible global function definition for ‘grey’
    XSECwin: no visible global function definition for ‘title’
    XSECwin: no visible global function definition for ‘dev.next’
    XSECwin: no visible global function definition for ‘postscript’
    XSECwin: no visible global function definition for ‘dev.off’
    addLLXY: no visible global function definition for ‘gray’
    addLLXY: no visible global function definition for ‘trans3d’
    addLLXY: no visible global function definition for ‘lines’
    addLLXY: no visible global function definition for ‘text’
    addTIX: no visible global function definition for ‘gray’
    addTIX: no visible global function definition for ‘par’
    addTIX: no visible global function definition for ‘trans3d’
    addTIX: no visible global function definition for ‘segments’
    antipolygon: no visible global function definition for ‘par’
    antipolygon: no visible global function definition for ‘polygon’
    bcars: no visible global function definition for ‘par’
    bcars: no visible global function definition for ‘polygon’
    demcmap: no visible global function definition for ‘rgb’
    explode: no visible global function definition for ‘plot’
    explode: no visible global function definition for ‘points’
    explode: no visible global function definition for ‘segments’
    faultdip: no visible global function definition for ‘arrows’
    faultperp: no visible global function definition for ‘segments’
    fixCoastwrap: no visible global function definition for ‘par’
    geoLEGEND: no visible global function definition for ‘par’
    geoLEGEND: no visible global function definition for ‘rect’
    geoLEGEND: no visible global function definition for ‘text’
    geoarea: no visible global function definition for ‘median’
    horseshoe: no visible global function definition for ‘par’
    horseshoe: no visible global function definition for ‘lines’
    horseshoe: no visible global function definition for ‘polygon’
    insideGEOmapXY: no visible global function definition for ‘trans3d’
    insideGEOmapXY: no visible global function definition for ‘par’
    linesGEOmapXY: no visible global function definition for ‘trans3d’
    linesGEOmapXY: no visible global function definition for ‘lines’
    locworld: no visible global function definition for ‘locator’
    locworld: no visible global function definition for ‘rect’
    mapTeleSeis: no visible global function definition for ‘median’
    mapTeleSeis: no visible global function definition for ‘grey’
    mapTeleSeis: no visible global function definition for ‘points’
    mapTeleSeis: no visible global function definition for ‘rainbow’
    mapTeleSeis: no visible global function definition for ‘text’
    mapTeleSeis: no visible global function definition for ‘lines’
    normalfault: no visible global function definition for ‘par’
    normalfault: no visible global function definition for ‘segments’
    normalfault: no visible global function definition for ‘polygon’
    perpen: no visible global function definition for ‘par’
    perpen: no visible global function definition for ‘segments’
    pgon: no visible global function definition for ‘par’
    pgon: no visible global function definition for ‘polygon’
    pgon: no visible global function definition for ‘lines’
    plotGEOmap: no visible global function definition for ‘plot’
    plotGEOmap: no visible global function definition for ‘axis’
    plotGEOmap: no visible global function definition for ‘axTicks’
    plotGEOmap: no visible global function definition for ‘box’
    plotGEOmap: no visible global function definition for ‘points’
    plotGEOmap: no visible global function definition for ‘text’
    plotGEOmap: no visible global function definition for ‘rect’
    plotGEOmap: no visible global function definition for ‘grey’
    plotGEOmap: no visible global function definition for ‘lines’
    plotGEOmap: no visible global function definition for ‘par’
    plotGEOmap: no visible global function definition for ‘polygon’
    plotGEOmapXY: no visible global function definition for ‘median’
    plotGEOmapXY: no visible global function definition for ‘trans3d’
    plotGEOmapXY: no visible global function definition for ‘plot’
    plotGEOmapXY: no visible global function definition for ‘points’
    plotGEOmapXY: no visible global function definition for ‘text’
    plotGEOmapXY: no visible global function definition for ‘lines’
    plotGEOmapXY: no visible global function definition for ‘polygon’
    plotUTM: no visible global function definition for ‘lines’
    plotUTM: no visible global function definition for ‘text’
    plothypos: no visible global function definition for ‘median’
    plothypos: no visible global function definition for ‘rgb’
    plothypos: no visible global function definition for ‘adjustcolor’
    plotnicetix: no visible global function definition for ‘par’
    plotnicetix: no visible global function definition for ‘trans3d’
    plotnicetix: no visible global function definition for ‘segments’
    plotnicetix: no visible global function definition for ‘text’
    plotworldmap: no visible global function definition for ‘plot’
    plotworldmap: no visible global function definition for ‘par’
    plotworldmap: no visible global function definition for ‘axis’
    plotworldmap: no visible global function definition for ‘axTicks’
    plotworldmap: no visible global function definition for ‘text’
    plotworldmap: no visible global function definition for ‘segments’
    plotworldmap: no visible global function definition for ‘rgb’
    plotworldmap: no visible global function definition for ‘abline’
    plotworldmap: no visible global function definition for ‘box’
    plotworldmap: no visible global function definition for ‘points’
    plotworldmap: no visible global function definition for ‘lines’
    plotworldmap: no visible global function definition for ‘polygon’
    pointsGEOmapXY: no visible global function definition for ‘trans3d’
    pointsGEOmapXY: no visible global function definition for ‘points’
    polyGEOmapXY: no visible global function definition for ‘trans3d’
    polyGEOmapXY: no visible global function definition for ‘polygon’
    polyintern: no visible global function definition for ‘plot’
    polyintern: no visible global function definition for ‘polygon’
    polyintern: no visible global function definition for ‘rgb’
    polyintern: no visible global function definition for ‘points’
    rectGEOmapXY: no visible global function definition for ‘trans3d’
    rectGEOmapXY: no visible global function definition for ‘rect’
    rose: no visible global function definition for ‘par’
    rose: no visible global function definition for ‘plot’
    rose: no visible global function definition for ‘lines’
    rose: no visible global function definition for ‘text’
    rose: no visible global function definition for ‘grey’
    rose: no visible global function definition for ‘polygon’
    rose: no visible global function definition for ‘points’
    setMarkup: no visible global function definition for ‘locator’
    setMarkup: no visible global function definition for ‘segments’
    setMarkup: no visible global function definition for ‘arrows’
    sizelegend: no visible global function definition for ‘par’
    sizelegend: no visible global function definition for ‘rect’
    sizelegend: no visible global function definition for ‘points’
    sizelegend: no visible global function definition for ‘text’
    sqrTICXY: no visible global function definition for ‘rect’
    sqrTICXY: no visible global function definition for ‘trans3d’
    sqrTICXY: no visible global function definition for ‘points’
    sqrTICXY: no visible global function definition for ‘text’
    sqrTICXY: no visible global function definition for ‘lines’
    targetLL: no visible global function definition for ‘median’
    targetLL: no visible global function definition for ‘write.table’
    teeth: no visible global function definition for ‘polygon’
    textGEOmapXY: no visible global function definition for ‘trans3d’
    textGEOmapXY: no visible global function definition for ‘text’
    thrust: no visible global function definition for ‘par’
    thrust: no visible global function definition for ‘lines’
    zebra: no visible global function definition for ‘trans3d’
    zebra: no visible global function definition for ‘rect’
    zebra: no visible global function definition for ‘text’
    Undefined global functions or variables:
     abline adjustcolor arrows axTicks axis box col2rgb contour dev.cur
     dev.list dev.new dev.next dev.off dev.set gray grey image lines
     locator median mtext par persp plot points polygon postscript
     ps.options rainbow rect rgb segments terrain.colors text title
     topo.colors trans3d write.table
    Consider adding
     importFrom("grDevices", "adjustcolor", "col2rgb", "dev.cur",
     "dev.list", "dev.new", "dev.next", "dev.off", "dev.set",
     "gray", "grey", "postscript", "ps.options", "rainbow",
     "rgb", "terrain.colors", "topo.colors", "trans3d")
     importFrom("graphics", "abline", "arrows", "axTicks", "axis", "box",
     "contour", "image", "lines", "locator", "mtext", "par",
     "persp", "plot", "points", "polygon", "rect", "segments",
     "text", "title")
     importFrom("stats", "median")
     importFrom("utils", "write.table")
    to your NAMESPACE.
Flavors: r-devel-linux-x86_64-debian-clang, r-devel-linux-x86_64-debian-gcc, r-devel-linux-x86_64-fedora-clang, r-devel-linux-x86_64-fedora-gcc, r-devel-windows-ix86+x86_64