CRAN Package Check Results for Package GEOmap

Last updated on 2014-08-23 13:47:56.

Flavor Version Tinstall Tcheck Ttotal Status Flags
r-devel-linux-x86_64-debian-clang 2.2-2 3.48 60.00 63.48 NOTE
r-devel-linux-x86_64-debian-gcc 2.2-2 4.37 58.60 62.97 NOTE
r-devel-linux-x86_64-fedora-clang 2.2-2 139.31 NOTE
r-devel-linux-x86_64-fedora-gcc 2.2-2 132.15 NOTE
r-devel-osx-x86_64-clang 2.2-2 105.71 NOTE
r-devel-windows-ix86+x86_64 2.2-2 13.00 102.00 115.00 OK
r-patched-linux-x86_64 2.2-2 3.42 60.04 63.46 OK
r-patched-solaris-sparc 2.2-2 734.80 OK
r-patched-solaris-x86 2.2-2 165.00 OK
r-release-linux-ix86 2.2-2 5.03 79.88 84.91 OK
r-release-linux-x86_64 2.2-2 3.57 61.59 65.16 OK
r-release-osx-x86_64-mavericks 2.2-2 NOTE
r-release-osx-x86_64-snowleopard 2.2-2 OK
r-release-windows-ix86+x86_64 2.2-2 10.00 111.00 121.00 OK
r-oldrel-windows-ix86+x86_64 2.2-2 12.00 114.00 126.00 OK

Check Details

Version: 2.2-2
Check: R code for possible problems
Result: NOTE
    GLOBE.ORTH: no visible binding for global variable ‘coastmap’
Flavors: r-devel-linux-x86_64-debian-clang, r-devel-linux-x86_64-debian-gcc, r-devel-linux-x86_64-fedora-clang, r-devel-linux-x86_64-fedora-gcc, r-devel-osx-x86_64-clang

Version: 2.2-2
Check: package dependencies
Result: NOTE
    Package suggested but not available for checking: ‘RFOC’
Flavor: r-release-osx-x86_64-mavericks