CRAN Package Check Results for Package GEOmap

Last updated on 2015-04-01 03:49:16.

Flavor Version Tinstall Tcheck Ttotal Status Flags
r-devel-linux-x86_64-debian-clang 2.2-2 3.54 63.59 67.13 NOTE
r-devel-linux-x86_64-debian-gcc 2.2-2 3.25 64.12 67.37 NOTE
r-devel-linux-x86_64-fedora-clang 2.2-2 125.90 NOTE
r-devel-linux-x86_64-fedora-gcc 2.2-2 120.06 NOTE
r-devel-osx-x86_64-clang 2.2-2 115.80 NOTE
r-prerel-windows-ix86+x86_64 2.2-2 19.00 102.00 121.00 NOTE
r-prerel-linux-x86_64 2.2-2 3.41 61.32 64.73 NOTE
r-prerel-solaris-sparc 2.2-2 727.80 NOTE
r-prerel-solaris-x86 2.2-2 144.00 NOTE
r-release-linux-x86_64 2.2-2 3.72 68.54 72.26 NOTE
r-release-osx-x86_64-mavericks 2.2-2 NOTE
r-release-osx-x86_64-snowleopard 2.2-2 OK
r-release-windows-ix86+x86_64 2.2-2 13.00 113.00 126.00 NOTE
r-oldrel-windows-ix86+x86_64 2.2-2 15.00 119.00 134.00 OK

Check Details

Version: 2.2-2
Check: R code for possible problems
Result: NOTE
    GLOBE.ORTH: no visible binding for global variable ‘coastmap’
Flavors: r-devel-linux-x86_64-debian-clang, r-devel-linux-x86_64-debian-gcc, r-devel-linux-x86_64-fedora-clang, r-devel-linux-x86_64-fedora-gcc, r-devel-osx-x86_64-clang, r-prerel-windows-ix86+x86_64, r-prerel-linux-x86_64, r-prerel-solaris-sparc, r-prerel-solaris-x86, r-release-linux-x86_64, r-release-osx-x86_64-mavericks, r-release-windows-ix86+x86_64