CRAN Package Check Results for Package GESTr

Last updated on 2014-09-17 16:46:33.

Flavor Version Tinstall Tcheck Ttotal Status Flags
r-devel-linux-x86_64-debian-clang 0.1 0.63 16.61 17.24 NOTE
r-devel-linux-x86_64-debian-gcc 0.1 0.63 15.64 16.28 NOTE
r-devel-linux-x86_64-fedora-clang 0.1 35.06 NOTE
r-devel-linux-x86_64-fedora-gcc 0.1 39.27 NOTE
r-devel-osx-x86_64-clang 0.1 30.22 OK
r-devel-windows-ix86+x86_64 0.1 3.00 30.00 33.00 OK
r-patched-linux-x86_64 0.1 0.66 16.13 16.79 OK
r-patched-solaris-sparc 0.1 203.30 OK
r-patched-solaris-x86 0.1 45.90 OK
r-release-linux-ix86 0.1 1.08 23.95 25.03 OK
r-release-linux-x86_64 0.1 0.68 17.26 17.94 NOTE
r-release-osx-x86_64-mavericks 0.1 OK
r-release-osx-x86_64-snowleopard 0.1 OK
r-release-windows-ix86+x86_64 0.1 3.00 34.00 37.00 OK
r-oldrel-windows-ix86+x86_64 0.1 4.00 32.00 36.00 OK

Check Details

Version: 0.1
Check: Rd line widths
Result: NOTE
    Rd file 'TranSAM.Rd':
     \usage lines wider than 90 characters:
     TranSAM(x,samples1,samples2,minChange=0.2,var_filter=0.01,maxFDR=1,changeStep=0.1,scoreFun="magChange")
     \examples lines wider than 100 characters:
     selected.columns <- sort(c(sample(1:ncol(ABIdata),30),which(colnames(ABIdata) %in% c("GSM194513","GSM194514","GSM194515","GSM194516","G ... [TRUNCATED]
    
    These lines will be truncated in the PDF manual.
Flavors: r-devel-linux-x86_64-debian-clang, r-devel-linux-x86_64-debian-gcc, r-devel-linux-x86_64-fedora-clang, r-devel-linux-x86_64-fedora-gcc, r-release-linux-x86_64