CRAN Package Check Results for Package GESTr

Last updated on 2014-04-24 21:47:41.

Flavor Version Tinstall Tcheck Ttotal Status Flags
r-devel-linux-x86_64-debian-clang 0.1 0.72 17.07 17.79 OK
r-devel-linux-x86_64-debian-gcc 0.1 0.73 17.42 18.15 OK
r-devel-linux-x86_64-fedora-clang 0.1 35.37 NOTE
r-devel-linux-x86_64-fedora-gcc 0.1 33.36 NOTE
r-devel-osx-x86_64-clang 0.1 32.76 OK
r-devel-osx-x86_64-gcc 0.1 OK
r-devel-windows-ix86+x86_64 0.1 3.00 27.00 30.00 OK
r-patched-linux-x86_64 0.1 0.72 17.04 17.76 OK
r-patched-solaris-sparc 0.1 207.00 OK
r-patched-solaris-x86 0.1 46.90 OK
r-release-linux-ix86 0.1 2.00 33.00 35.00 OK
r-release-linux-x86_64 0.1 0.71 17.28 17.99 OK
r-release-osx-x86_64-mavericks 0.1 WARN
r-release-osx-x86_64-snowleopard 0.1 OK
r-release-windows-ix86+x86_64 0.1 4.00 36.00 40.00 OK
r-oldrel-windows-ix86+x86_64 0.1 4.00 27.00 31.00 OK

Check Details

Version: 0.1
Check: Rd line widths
Result: NOTE
    Rd file 'TranSAM.Rd':
     \usage lines wider than 90 characters:
     TranSAM(x,samples1,samples2,minChange=0.2,var_filter=0.01,maxFDR=1,changeStep=0.1,scoreFun="magChange")
     \examples lines wider than 100 characters:
     selected.columns <- sort(c(sample(1:ncol(ABIdata),30),which(colnames(ABIdata) %in% c("GSM194513","GSM194514","GSM194515","GSM194516","G ... [TRUNCATED]
    
    These lines will be truncated in the PDF manual.
Flavors: r-devel-linux-x86_64-fedora-clang, r-devel-linux-x86_64-fedora-gcc

Version: 0.1
Check: PDF version of manual
Result: WARNING
    LaTeX errors when creating PDF version.
    This typically indicates Rd problems.
    LaTeX errors found:
    ! LaTeX Error: File `upquote.sty' not found.
    
    Type X to quit or <RETURN> to proceed,
    or enter new name. (Default extension: sty)
    
    6c3b2ec8/Rd2.tex:8: ==> Fatal error occurred, no output PDF file produced!
Flavor: r-release-osx-x86_64-mavericks