CRAN Package Check Results for Package GESTr

Last updated on 2015-02-01 20:48:35.

Flavor Version Tinstall Tcheck Ttotal Status Flags
r-devel-linux-x86_64-debian-clang 0.1 0.78 14.90 15.68 NOTE
r-devel-linux-x86_64-debian-gcc 0.1 0.68 14.93 15.62 NOTE
r-devel-linux-x86_64-fedora-clang 0.1 30.94 NOTE
r-devel-linux-x86_64-fedora-gcc 0.1 29.02 NOTE
r-devel-osx-x86_64-clang 0.1 36.07 OK
r-devel-windows-ix86+x86_64 0.1 3.00 26.00 29.00 OK
r-patched-linux-x86_64 0.1 0.80 17.40 18.20 NOTE
r-patched-solaris-sparc 0.1 225.20 OK
r-patched-solaris-x86 0.1 49.10 OK
r-release-linux-ix86 0.1 1.08 24.21 25.29 NOTE
r-release-linux-x86_64 0.1 0.71 17.40 18.11 NOTE
r-release-osx-x86_64-mavericks 0.1 OK
r-release-osx-x86_64-snowleopard 0.1 OK
r-release-windows-ix86+x86_64 0.1 3.00 27.00 30.00 OK
r-oldrel-windows-ix86+x86_64 0.1 4.00 32.00 36.00 OK

Check Details

Version: 0.1
Check: Rd line widths
Result: NOTE
    Rd file 'TranSAM.Rd':
     \usage lines wider than 90 characters:
     TranSAM(x,samples1,samples2,minChange=0.2,var_filter=0.01,maxFDR=1,changeStep=0.1,scoreFun="magChange")
     \examples lines wider than 100 characters:
     selected.columns <- sort(c(sample(1:ncol(ABIdata),30),which(colnames(ABIdata) %in% c("GSM194513","GSM194514","GSM194515","GSM194516","G ... [TRUNCATED]
    
    These lines will be truncated in the PDF manual.
Flavors: r-devel-linux-x86_64-debian-clang, r-devel-linux-x86_64-debian-gcc, r-devel-linux-x86_64-fedora-clang, r-devel-linux-x86_64-fedora-gcc, r-patched-linux-x86_64, r-release-linux-ix86, r-release-linux-x86_64