CRAN Package Check Results for Package GESTr

Last updated on 2016-02-12 05:47:59.

Flavor Version Tinstall Tcheck Ttotal Status Flags
r-devel-linux-x86_64-debian-gcc 0.1 0.80 13.81 14.61 NOTE
r-devel-linux-x86_64-fedora-clang 0.1 27.10 NOTE
r-devel-linux-x86_64-fedora-gcc 0.1 25.69 NOTE
r-devel-osx-x86_64-clang 0.1 28.95 NOTE
r-devel-windows-ix86+x86_64 0.1 5.00 28.00 33.00 NOTE
r-patched-linux-x86_64 0.1 0.72 14.61 15.33 NOTE
r-patched-solaris-sparc 0.1 183.30 OK
r-patched-solaris-x86 0.1 36.40 OK
r-release-linux-x86_64 0.1 0.79 14.65 15.45 NOTE
r-release-osx-x86_64-mavericks 0.1 OK
r-release-windows-ix86+x86_64 0.1 4.00 29.00 33.00 OK
r-oldrel-windows-ix86+x86_64 0.1 6.00 32.00 38.00 OK

Check Details

Version: 0.1
Check: R code for possible problems
Result: NOTE
    GESTr: no visible global function definition for ‘rnorm’
    GESTr: no visible global function definition for ‘sd’
    GESTr : <anonymous>: no visible global function definition for ‘pnorm’
    TranSAM : magChange: no visible global function definition for ‘median’
    TranSAM : dstat: no visible global function definition for ‘sd’
    TranSAM: no visible binding for global variable ‘sd’
    TranSAM: no visible global function definition for ‘quantile’
    findReplicateGroups: no visible global function definition for ‘qnorm’
    findReplicateGroups: no visible global function definition for ‘sd’
    fitGMM : simulateData: no visible global function definition for
     ‘rnorm’
    fitGMM : simulateData: no visible global function definition for ‘sd’
    fitGMM: no visible global function definition for ‘median’
    fitGMM: no visible global function definition for ‘ks.test’
    fitRockeDurbin: no visible global function definition for ‘dist’
    fitRockeDurbin : findLowGenes: no visible global function definition
     for ‘median’
    fitRockeDurbin : findLowGenes: no visible global function definition
     for ‘mad’
    fitRockeDurbin: no visible binding for global variable ‘sd’
    getMonotonicConfidences_multiclass: no visible global function
     definition for ‘pnorm’
    getMonotonicConfidences_multiclass: no visible global function
     definition for ‘sd’
    Undefined global functions or variables:
     dist ks.test mad median pnorm qnorm quantile rnorm sd
    Consider adding
     importFrom("stats", "dist", "ks.test", "mad", "median", "pnorm",
     "qnorm", "quantile", "rnorm", "sd")
    to your NAMESPACE file.
Flavors: r-devel-linux-x86_64-debian-gcc, r-devel-linux-x86_64-fedora-clang, r-devel-linux-x86_64-fedora-gcc, r-devel-osx-x86_64-clang, r-devel-windows-ix86+x86_64

Version: 0.1
Check: Rd line widths
Result: NOTE
    Rd file 'TranSAM.Rd':
     \usage lines wider than 90 characters:
     TranSAM(x,samples1,samples2,minChange=0.2,var_filter=0.01,maxFDR=1,changeStep=0.1,scoreFun="magChange")
     \examples lines wider than 100 characters:
     selected.columns <- sort(c(sample(1:ncol(ABIdata),30),which(colnames(ABIdata) %in% c("GSM194513","GSM194514","GSM194515","GSM194516","G ... [TRUNCATED]
    
    These lines will be truncated in the PDF manual.
Flavors: r-devel-linux-x86_64-debian-gcc, r-devel-linux-x86_64-fedora-clang, r-devel-linux-x86_64-fedora-gcc, r-patched-linux-x86_64, r-release-linux-x86_64