CRAN Package Check Results for Package GESTr

Last updated on 2014-07-24 21:48:43.

Flavor Version Tinstall Tcheck Ttotal Status Flags
r-devel-linux-x86_64-debian-clang 0.1 0.68 15.94 16.62 OK
r-devel-linux-x86_64-debian-gcc 0.1 0.67 15.90 16.57 OK
r-devel-linux-x86_64-fedora-clang 0.1 35.27 NOTE
r-devel-linux-x86_64-fedora-gcc 0.1 33.06 NOTE
r-devel-osx-x86_64-clang 0.1 31.14 OK
r-devel-windows-ix86+x86_64 0.1 3.00 24.00 27.00 OK
r-patched-linux-x86_64 0.1 0.66 16.18 16.84 OK
r-patched-solaris-sparc 0.1 207.00 OK
r-patched-solaris-x86 0.1 46.30 OK
r-release-linux-ix86 0.1 1.09 23.56 24.66 OK
r-release-linux-x86_64 0.1 0.70 16.42 17.11 OK
r-release-osx-x86_64-mavericks 0.1 OK
r-release-osx-x86_64-snowleopard 0.1 OK
r-release-windows-ix86+x86_64 0.1 4.00 28.00 32.00 OK
r-oldrel-windows-ix86+x86_64 0.1 5.00 42.00 47.00 OK

Check Details

Version: 0.1
Check: Rd line widths
Result: NOTE
    Rd file 'TranSAM.Rd':
     \usage lines wider than 90 characters:
     TranSAM(x,samples1,samples2,minChange=0.2,var_filter=0.01,maxFDR=1,changeStep=0.1,scoreFun="magChange")
     \examples lines wider than 100 characters:
     selected.columns <- sort(c(sample(1:ncol(ABIdata),30),which(colnames(ABIdata) %in% c("GSM194513","GSM194514","GSM194515","GSM194516","G ... [TRUNCATED]
    
    These lines will be truncated in the PDF manual.
Flavors: r-devel-linux-x86_64-fedora-clang, r-devel-linux-x86_64-fedora-gcc