CRAN Package Check Results for Package GEVcdn

Last updated on 2015-07-02 06:48:09.

Flavor Version Tinstall Tcheck Ttotal Status Flags
r-devel-linux-x86_64-debian-clang 1.1.3 1.00 20.34 21.34 NOTE
r-devel-linux-x86_64-debian-gcc 1.1.3 1.00 19.31 20.31 NOTE
r-devel-linux-x86_64-fedora-clang 1.1.3 41.44 NOTE
r-devel-linux-x86_64-fedora-gcc 1.1.3 38.37 NOTE
r-devel-osx-x86_64-clang 1.1.3 37.85 NOTE
r-devel-windows-ix86+x86_64 1.1.3 4.00 29.00 33.00 NOTE
r-patched-linux-x86_64 1.1.3 1.02 19.76 20.78 NOTE
r-patched-solaris-sparc 1.1.3 250.10 NOTE
r-patched-solaris-x86 1.1.3 58.40 NOTE
r-release-linux-x86_64 1.1.3 1.06 20.95 22.02 NOTE
r-release-osx-x86_64-mavericks 1.1.3 NOTE
r-release-windows-ix86+x86_64 1.1.3 4.00 34.00 38.00 NOTE
r-oldrel-windows-ix86+x86_64 1.1.3 4.00 35.00 39.00 OK

Check Details

Version: 1.1.3
Check: DESCRIPTION meta-information
Result: NOTE
    Malformed Description field: should contain one or more complete sentences.
Flavors: r-devel-linux-x86_64-debian-clang, r-devel-linux-x86_64-debian-gcc, r-devel-linux-x86_64-fedora-clang, r-devel-linux-x86_64-fedora-gcc, r-devel-osx-x86_64-clang, r-devel-windows-ix86+x86_64, r-patched-linux-x86_64, r-patched-solaris-sparc, r-patched-solaris-x86, r-release-linux-x86_64, r-release-osx-x86_64-mavericks, r-release-windows-ix86+x86_64

Version: 1.1.3
Check: R code for possible problems
Result: NOTE
    gevcdn.bag: no visible global function definition for ‘optim’
    gevcdn.cost: no visible global function definition for ‘dbeta’
    gevcdn.cost: no visible global function definition for ‘dnorm’
    gevcdn.fit: no visible global function definition for ‘optim’
    gevcdn.initialize: no visible global function definition for ‘runif’
Flavors: r-devel-linux-x86_64-debian-clang, r-devel-linux-x86_64-debian-gcc, r-devel-linux-x86_64-fedora-clang, r-devel-linux-x86_64-fedora-gcc, r-devel-windows-ix86+x86_64