CRAN Package Check Results for Package GEVcdn

Last updated on 2015-05-22 11:47:58.

Flavor Version Tinstall Tcheck Ttotal Status Flags
r-devel-linux-x86_64-debian-clang 1.1.3 1.06 20.32 21.38 NOTE
r-devel-linux-x86_64-debian-gcc 1.1.3 1.01 19.64 20.65 NOTE
r-devel-linux-x86_64-fedora-clang 1.1.3 43.08 NOTE
r-devel-linux-x86_64-fedora-gcc 1.1.3 39.07 NOTE
r-devel-osx-x86_64-clang 1.1.3 44.33 NOTE
r-devel-windows-ix86+x86_64 1.1.3 6.00 30.00 36.00 NOTE
r-patched-linux-x86_64 1.1.3 1.03 19.68 20.71 NOTE
r-patched-solaris-sparc 1.1.3 246.90 NOTE
r-patched-solaris-x86 1.1.3 58.50 NOTE
r-release-linux-x86_64 1.1.3 1.04 19.88 20.92 NOTE
r-release-osx-x86_64-mavericks 1.1.3 NOTE
r-release-osx-x86_64-snowleopard 1.1.3 NOTE
r-release-windows-ix86+x86_64 1.1.3 4.00 33.00 37.00 NOTE
r-oldrel-windows-ix86+x86_64 1.1.3 4.00 50.00 54.00 OK

Check Details

Version: 1.1.3
Check: DESCRIPTION meta-information
Result: NOTE
    Malformed Description field: should contain one or more complete sentences.
Flavors: r-devel-linux-x86_64-debian-clang, r-devel-linux-x86_64-debian-gcc, r-devel-linux-x86_64-fedora-clang, r-devel-linux-x86_64-fedora-gcc, r-devel-osx-x86_64-clang, r-devel-windows-ix86+x86_64, r-patched-linux-x86_64, r-patched-solaris-sparc, r-patched-solaris-x86, r-release-linux-x86_64, r-release-osx-x86_64-mavericks, r-release-osx-x86_64-snowleopard, r-release-windows-ix86+x86_64