CRAN Package Check Results for Package GEVcdn

Last updated on 2017-02-19 23:48:11.

Flavor Version Tinstall Tcheck Ttotal Status Flags
r-devel-linux-x86_64-debian-clang 1.1.4 1.09 22.81 23.90 NOTE
r-devel-linux-x86_64-debian-gcc 1.1.4 1.24 22.07 23.31 NOTE
r-devel-linux-x86_64-fedora-clang 1.1.4 42.78 NOTE --no-stop-on-test-error
r-devel-linux-x86_64-fedora-gcc 1.1.4 43.77 NOTE --no-stop-on-test-error
r-devel-macos-x86_64-clang 1.1.4 35.49 NOTE --no-stop-on-test-error
r-devel-windows-ix86+x86_64 1.1.4 4.00 60.00 64.00 NOTE
r-patched-linux-x86_64 1.1.4 1.16 20.14 21.29 NOTE
r-patched-solaris-sparc 1.1.4 240.80 NOTE
r-patched-solaris-x86 1.1.4 51.80 NOTE
r-release-linux-x86_64 1.1.4 1.02 20.14 21.16 NOTE
r-release-osx-x86_64-mavericks 1.1.4 NOTE
r-release-windows-ix86+x86_64 1.1.4 4.00 40.00 44.00 NOTE
r-oldrel-windows-ix86+x86_64 1.1.4 7.00 55.00 62.00 OK

Check Details

Version: 1.1.4
Check: DESCRIPTION meta-information
Result: NOTE
    Checking should be performed on sources prepared by ‘R CMD build’.
Flavors: r-devel-linux-x86_64-debian-clang, r-devel-linux-x86_64-debian-gcc, r-devel-windows-ix86+x86_64, r-patched-linux-x86_64, r-patched-solaris-sparc, r-patched-solaris-x86, r-release-linux-x86_64, r-release-osx-x86_64-mavericks, r-release-windows-ix86+x86_64

Version: 1.1.4
Flags: --no-stop-on-test-error
Check: DESCRIPTION meta-information
Result: NOTE
    Checking should be performed on sources prepared by ‘R CMD build’.
Flavors: r-devel-linux-x86_64-fedora-clang, r-devel-linux-x86_64-fedora-gcc, r-devel-macos-x86_64-clang