CRAN Package Check Results for Package GEVcdn

Last updated on 2016-07-27 14:48:44.

Flavor Version Tinstall Tcheck Ttotal Status Flags
r-devel-linux-x86_64-debian-clang 1.1.4 1.33 23.40 24.74 NOTE
r-devel-linux-x86_64-debian-gcc 1.1.4 1.34 23.49 24.83 NOTE
r-devel-linux-x86_64-fedora-clang 1.1.4 49.12 NOTE
r-devel-linux-x86_64-fedora-gcc 1.1.4 38.11 NOTE
r-devel-osx-x86_64-clang 1.1.4 32.92 NOTE
r-devel-windows-ix86+x86_64 1.1.4 5.00 53.00 58.00 NOTE
r-patched-linux-x86_64 1.1.4 1.22 23.06 24.28 NOTE
r-patched-solaris-sparc 1.1.4 240.00 NOTE
r-patched-solaris-x86 1.1.4 52.10 NOTE
r-release-linux-x86_64 1.1.4 1.40 22.93 24.33 NOTE
r-release-osx-x86_64-mavericks 1.1.4 NOTE
r-release-windows-ix86+x86_64 1.1.4 6.00 52.00 58.00 NOTE
r-oldrel-windows-ix86+x86_64 1.1.4 6.00 54.00 60.00 OK

Check Details

Version: 1.1.4
Check: DESCRIPTION meta-information
Result: NOTE
    Checking should be performed on sources prepared by ‘R CMD build’.
Flavors: r-devel-linux-x86_64-debian-clang, r-devel-linux-x86_64-debian-gcc, r-devel-linux-x86_64-fedora-clang, r-devel-linux-x86_64-fedora-gcc, r-devel-osx-x86_64-clang, r-devel-windows-ix86+x86_64, r-patched-linux-x86_64, r-patched-solaris-sparc, r-patched-solaris-x86, r-release-linux-x86_64, r-release-osx-x86_64-mavericks, r-release-windows-ix86+x86_64