CRAN Package Check Results for Package GEVcdn

Last updated on 2016-12-08 23:49:27.

Flavor Version Tinstall Tcheck Ttotal Status Flags
r-devel-linux-x86_64-debian-clang 1.1.4 1.17 22.46 23.63 NOTE
r-devel-linux-x86_64-debian-gcc 1.1.4 1.18 22.21 23.38 NOTE
r-devel-linux-x86_64-fedora-clang 1.1.4 45.28 NOTE --no-stop-on-test-error
r-devel-linux-x86_64-fedora-gcc 1.1.4 44.21 NOTE --no-stop-on-test-error
r-devel-macos-x86_64-clang 1.1.4 35.56 NOTE
r-devel-windows-ix86+x86_64 1.1.4 4.00 65.00 69.00 NOTE
r-patched-linux-x86_64 1.1.4 1.12 20.31 21.43 NOTE
r-patched-solaris-sparc 1.1.4 240.00 NOTE
r-patched-solaris-x86 1.1.4 52.20 NOTE
r-release-linux-x86_64 1.1.4 1.03 20.29 21.32 NOTE
r-release-osx-x86_64-mavericks 1.1.4 NOTE
r-release-windows-ix86+x86_64 1.1.4 4.00 64.00 68.00 NOTE
r-oldrel-windows-ix86+x86_64 1.1.4 6.00 40.00 46.00 OK

Check Details

Version: 1.1.4
Check: DESCRIPTION meta-information
Result: NOTE
    Checking should be performed on sources prepared by ‘R CMD build’.
Flavors: r-devel-linux-x86_64-debian-clang, r-devel-linux-x86_64-debian-gcc, r-devel-macos-x86_64-clang, r-devel-windows-ix86+x86_64, r-patched-linux-x86_64, r-patched-solaris-sparc, r-patched-solaris-x86, r-release-linux-x86_64, r-release-osx-x86_64-mavericks, r-release-windows-ix86+x86_64

Version: 1.1.4
Flags: --no-stop-on-test-error
Check: DESCRIPTION meta-information
Result: NOTE
    Checking should be performed on sources prepared by ‘R CMD build’.
Flavors: r-devel-linux-x86_64-fedora-clang, r-devel-linux-x86_64-fedora-gcc