CRAN Package Check Results for Package GEVcdn

Last updated on 2015-03-05 17:49:05.

Flavor Version Tinstall Tcheck Ttotal Status Flags
r-devel-linux-x86_64-debian-clang 1.1.3 1.02 20.08 21.10 NOTE
r-devel-linux-x86_64-debian-gcc 1.1.3 1.33 19.51 20.84 NOTE
r-devel-linux-x86_64-fedora-clang 1.1.3 41.33 NOTE
r-devel-linux-x86_64-fedora-gcc 1.1.3 39.67 NOTE
r-devel-osx-x86_64-clang 1.1.3 39.95 NOTE
r-devel-windows-ix86+x86_64 1.1.3 3.00 31.00 34.00 NOTE
r-patched-linux-x86_64 1.1.3 1.13 23.04 24.18 OK
r-patched-solaris-sparc 1.1.3 296.90 OK
r-patched-solaris-x86 1.1.3 66.20 OK
r-release-linux-ix86 1.1.3 1.95 32.18 34.13 OK
r-release-linux-x86_64 1.1.3 1.13 22.18 23.31 OK
r-release-osx-x86_64-mavericks 1.1.3 OK
r-release-osx-x86_64-snowleopard 1.1.3 OK
r-release-windows-ix86+x86_64 1.1.3 4.00 36.00 40.00 OK
r-oldrel-windows-ix86+x86_64 1.1.3 4.00 35.00 39.00 OK

Check Details

Version: 1.1.3
Check: DESCRIPTION meta-information
Result: NOTE
    Malformed Description field: should contain one or more complete sentences.
Flavors: r-devel-linux-x86_64-debian-clang, r-devel-linux-x86_64-debian-gcc, r-devel-linux-x86_64-fedora-clang, r-devel-linux-x86_64-fedora-gcc, r-devel-osx-x86_64-clang, r-devel-windows-ix86+x86_64