CRAN Package Check Results for Package GEVcdn

Last updated on 2016-08-29 06:47:08.

Flavor Version Tinstall Tcheck Ttotal Status Flags
r-devel-linux-x86_64-debian-clang 1.1.4 1.03 20.79 21.82 NOTE
r-devel-linux-x86_64-debian-gcc 1.1.4 1.22 20.70 21.92 NOTE
r-devel-linux-x86_64-fedora-clang 1.1.4 40.83 NOTE
r-devel-linux-x86_64-fedora-gcc 1.1.4 38.01 NOTE
r-devel-osx-x86_64-clang 1.1.4 33.08 NOTE
r-devel-windows-ix86+x86_64 1.1.4 5.00 43.00 48.00 NOTE
r-patched-linux-x86_64 1.1.4 1.03 20.43 21.46 NOTE
r-patched-solaris-sparc 1.1.4 240.00 NOTE
r-patched-solaris-x86 1.1.4 52.50 NOTE
r-release-linux-x86_64 1.1.4 1.09 20.67 21.76 NOTE
r-release-osx-x86_64-mavericks 1.1.4 NOTE
r-release-windows-ix86+x86_64 1.1.4 9.00 52.00 61.00 NOTE
r-oldrel-windows-ix86+x86_64 1.1.4 6.00 55.00 61.00 OK

Check Details

Version: 1.1.4
Check: DESCRIPTION meta-information
Result: NOTE
    Checking should be performed on sources prepared by ‘R CMD build’.
Flavors: r-devel-linux-x86_64-debian-clang, r-devel-linux-x86_64-debian-gcc, r-devel-linux-x86_64-fedora-clang, r-devel-linux-x86_64-fedora-gcc, r-devel-osx-x86_64-clang, r-devel-windows-ix86+x86_64, r-patched-linux-x86_64, r-patched-solaris-sparc, r-patched-solaris-x86, r-release-linux-x86_64, r-release-osx-x86_64-mavericks, r-release-windows-ix86+x86_64