CRAN Package Check Results for Package GEVcdn

Last updated on 2015-04-18 17:50:48.

Flavor Version Tinstall Tcheck Ttotal Status Flags
r-devel-linux-x86_64-debian-clang 1.1.3 1.03 20.94 21.97 NOTE
r-devel-linux-x86_64-debian-gcc 1.1.3 1.03 20.17 21.20 NOTE
r-devel-linux-x86_64-fedora-clang 1.1.3 41.52 NOTE
r-devel-linux-x86_64-fedora-gcc 1.1.3 43.46 NOTE
r-devel-osx-x86_64-clang 1.1.3 41.03 NOTE
r-patched-linux-x86_64 1.1.3 1.32 19.45 20.77 NOTE
r-patched-solaris-sparc 1.1.3 246.90 NOTE
r-patched-solaris-x86 1.1.3 57.00 NOTE
r-release-linux-x86_64 1.1.3 1.27 20.42 21.69 NOTE
r-release-osx-x86_64-mavericks 1.1.3 NOTE
r-release-osx-x86_64-snowleopard 1.1.3 NOTE
r-release-windows-ix86+x86_64 1.1.3 3.00 36.00 39.00 NOTE
r-oldrel-windows-ix86+x86_64 1.1.3 4.00 45.00 49.00 OK

Check Details

Version: 1.1.3
Check: DESCRIPTION meta-information
Result: NOTE
    Malformed Description field: should contain one or more complete sentences.
Flavors: r-devel-linux-x86_64-debian-clang, r-devel-linux-x86_64-debian-gcc, r-devel-linux-x86_64-fedora-clang, r-devel-linux-x86_64-fedora-gcc, r-devel-osx-x86_64-clang, r-patched-linux-x86_64, r-patched-solaris-sparc, r-patched-solaris-x86, r-release-linux-x86_64, r-release-osx-x86_64-mavericks, r-release-osx-x86_64-snowleopard, r-release-windows-ix86+x86_64