CRAN Package Check Results for Package GEVcdn

Last updated on 2016-09-27 20:47:03.

Flavor Version Tinstall Tcheck Ttotal Status Flags
r-devel-linux-x86_64-debian-clang 1.1.4 1.07 20.59 21.66 NOTE
r-devel-linux-x86_64-debian-gcc 1.1.4 1.06 21.11 22.16 NOTE
r-devel-linux-x86_64-fedora-clang 1.1.4 40.95 NOTE
r-devel-linux-x86_64-fedora-gcc 1.1.4 40.12 NOTE
r-devel-macos-x86_64-clang 1.1.4 32.38 NOTE
r-devel-windows-ix86+x86_64 1.1.4 5.00 52.00 57.00 NOTE
r-patched-linux-x86_64 1.1.4 1.00 20.51 21.51 NOTE
r-patched-solaris-sparc 1.1.4 240.00 NOTE
r-patched-solaris-x86 1.1.4 51.50 NOTE
r-release-linux-x86_64 1.1.4 1.09 20.85 21.94 NOTE
r-release-osx-x86_64-mavericks 1.1.4 NOTE
r-release-windows-ix86+x86_64 1.1.4 6.00 42.00 48.00 NOTE
r-oldrel-windows-ix86+x86_64 1.1.4 5.00 52.00 57.00 OK

Check Details

Version: 1.1.4
Check: DESCRIPTION meta-information
Result: NOTE
    Checking should be performed on sources prepared by ‘R CMD build’.
Flavors: r-devel-linux-x86_64-debian-clang, r-devel-linux-x86_64-debian-gcc, r-devel-linux-x86_64-fedora-clang, r-devel-linux-x86_64-fedora-gcc, r-devel-macos-x86_64-clang, r-devel-windows-ix86+x86_64, r-patched-linux-x86_64, r-patched-solaris-sparc, r-patched-solaris-x86, r-release-linux-x86_64, r-release-osx-x86_64-mavericks, r-release-windows-ix86+x86_64