CRAN Package Check Results for Package GEVcdn

Last updated on 2016-05-31 21:46:39.

Flavor Version Tinstall Tcheck Ttotal Status Flags
r-devel-linux-x86_64-debian-gcc 1.1.4 1.20 20.99 22.19 NOTE
r-devel-linux-x86_64-fedora-clang 1.1.4 39.58 NOTE
r-devel-linux-x86_64-fedora-gcc 1.1.4 38.47 NOTE
r-devel-osx-x86_64-clang 1.1.4 42.80 NOTE
r-devel-windows-ix86+x86_64 1.1.4 4.00 41.00 45.00 NOTE
r-patched-linux-x86_64 1.1.4 1.10 20.81 21.92 NOTE
r-patched-solaris-sparc 1.1.4 236.60 NOTE
r-patched-solaris-x86 1.1.4 53.10 NOTE
r-release-linux-x86_64 1.1.4 1.02 19.46 20.49 NOTE
r-release-osx-x86_64-mavericks 1.1.4 NOTE
r-release-windows-ix86+x86_64 1.1.4 5.00 64.00 69.00 NOTE
r-oldrel-windows-ix86+x86_64 1.1.4 4.00 44.00 48.00 OK

Check Details

Version: 1.1.4
Check: DESCRIPTION meta-information
Result: NOTE
    Checking should be performed on sources prepared by ‘R CMD build’.
Flavors: r-devel-linux-x86_64-debian-gcc, r-devel-linux-x86_64-fedora-clang, r-devel-linux-x86_64-fedora-gcc, r-devel-osx-x86_64-clang, r-devel-windows-ix86+x86_64, r-patched-linux-x86_64, r-patched-solaris-sparc, r-patched-solaris-x86, r-release-linux-x86_64, r-release-osx-x86_64-mavericks, r-release-windows-ix86+x86_64