CRAN Package Check Results for Package GEVcdn

Last updated on 2017-01-24 13:51:29.

Flavor Version Tinstall Tcheck Ttotal Status Flags
r-devel-linux-x86_64-debian-clang 1.1.4 1.13 22.40 23.53 NOTE
r-devel-linux-x86_64-debian-gcc 1.1.4 1.26 22.47 23.72 NOTE
r-devel-linux-x86_64-fedora-clang 1.1.4 45.04 NOTE --no-stop-on-test-error
r-devel-linux-x86_64-fedora-gcc 1.1.4 43.89 NOTE --no-stop-on-test-error
r-devel-macos-x86_64-clang 1.1.4 34.80 NOTE --no-stop-on-test-error
r-devel-windows-ix86+x86_64 1.1.4 5.00 63.00 68.00 NOTE
r-patched-linux-x86_64 1.1.4 1.14 20.63 21.77 NOTE
r-patched-solaris-sparc 1.1.4 240.80 NOTE
r-patched-solaris-x86 1.1.4 52.60 NOTE
r-release-linux-x86_64 1.1.4 1.07 20.91 21.98 NOTE
r-release-osx-x86_64-mavericks 1.1.4 NOTE
r-release-windows-ix86+x86_64 1.1.4 6.00 57.00 63.00 NOTE
r-oldrel-windows-ix86+x86_64 1.1.4 8.00 83.00 91.00 OK

Check Details

Version: 1.1.4
Check: DESCRIPTION meta-information
Result: NOTE
    Checking should be performed on sources prepared by ‘R CMD build’.
Flavors: r-devel-linux-x86_64-debian-clang, r-devel-linux-x86_64-debian-gcc, r-devel-windows-ix86+x86_64, r-patched-linux-x86_64, r-patched-solaris-sparc, r-patched-solaris-x86, r-release-linux-x86_64, r-release-osx-x86_64-mavericks, r-release-windows-ix86+x86_64

Version: 1.1.4
Flags: --no-stop-on-test-error
Check: DESCRIPTION meta-information
Result: NOTE
    Checking should be performed on sources prepared by ‘R CMD build’.
Flavors: r-devel-linux-x86_64-fedora-clang, r-devel-linux-x86_64-fedora-gcc, r-devel-macos-x86_64-clang