CRAN Package Check Results for Package GEint

Last updated on 2022-01-28 05:48:57 CET.

Flavor Version Tinstall Tcheck Ttotal Status Flags
r-devel-linux-x86_64-debian-clang 0.1.5 10.37 185.57 195.94 NOTE
r-devel-linux-x86_64-debian-gcc 0.1.5 7.74 146.06 153.80 NOTE
r-devel-linux-x86_64-fedora-clang 0.1.5 229.07 OK
r-devel-linux-x86_64-fedora-gcc 0.1.5 219.49 OK
r-devel-windows-x86_64-new-UL 0.1.5 23.00 210.00 233.00 NOTE
r-devel-windows-x86_64-new-TK 0.1.5 OK
r-patched-linux-x86_64 0.1.5 6.25 174.50 180.75 NOTE
r-release-linux-x86_64 0.1.5 5.77 174.74 180.51 NOTE
r-release-macos-arm64 0.1.5 OK
r-release-macos-x86_64 0.1.5 OK
r-release-windows-ix86+x86_64 0.1.5 16.00 208.00 224.00 NOTE
r-oldrel-macos-x86_64 0.1.5 OK
r-oldrel-windows-ix86+x86_64 0.1.5 16.00 209.00 225.00 NOTE

Check Details

Version: 0.1.5
Check: package vignettes
Result: NOTE
    Package vignette with placeholder title 'Vignette Title':
     'GEint_example.Rmd'
Flavors: r-devel-linux-x86_64-debian-clang, r-devel-linux-x86_64-debian-gcc, r-devel-windows-x86_64-new-UL, r-patched-linux-x86_64, r-release-linux-x86_64, r-release-windows-ix86+x86_64, r-oldrel-windows-ix86+x86_64