CRAN Package Check Results for Package GFD

Last updated on 2022-05-17 02:53:10 CEST.

Flavor Version Tinstall Tcheck Ttotal Status Flags
r-devel-linux-x86_64-debian-clang 0.3.3 5.79 84.87 90.66 NOTE
r-devel-linux-x86_64-debian-gcc 0.3.3 5.70 64.45 70.15 NOTE
r-devel-linux-x86_64-fedora-clang 0.3.3 116.80 NOTE
r-devel-linux-x86_64-fedora-gcc 0.3.3 107.12 NOTE
r-devel-windows-x86_64 0.3.3 16.00 108.00 124.00 OK
r-patched-linux-x86_64 0.3.3 6.50 81.90 88.40 NOTE
r-release-linux-x86_64 0.3.3 5.59 82.04 87.63 NOTE
r-release-macos-arm64 0.3.3 29.00 NOTE
r-release-macos-x86_64 0.3.3 67.00 NOTE
r-release-windows-x86_64 0.3.3 16.00 107.00 123.00 OK
r-oldrel-macos-arm64 0.3.3 27.00 NOTE
r-oldrel-macos-x86_64 0.3.3 42.00 OK
r-oldrel-windows-ix86+x86_64 0.3.3 17.00 100.00 117.00 OK

Check Details

Version: 0.3.3
Check: package dependencies
Result: NOTE
    Package suggested but not available for checking: 'RGtk2'
Flavors: r-devel-linux-x86_64-debian-clang, r-devel-linux-x86_64-debian-gcc, r-devel-linux-x86_64-fedora-clang, r-devel-linux-x86_64-fedora-gcc, r-patched-linux-x86_64, r-release-linux-x86_64, r-release-macos-arm64, r-release-macos-x86_64, r-oldrel-macos-arm64