CRAN Package Check Results for Package GFDmcv

Last updated on 2023-11-28 19:55:12 CET.

Flavor Version Tinstall Tcheck Ttotal Status Flags
r-devel-linux-x86_64-debian-clang 0.1.0 41.74 88.55 130.29 OK
r-devel-linux-x86_64-debian-gcc 0.1.0 33.52 65.64 99.16 OK
r-devel-linux-x86_64-fedora-clang 0.1.0 177.53 OK
r-devel-linux-x86_64-fedora-gcc 0.1.0 173.18 OK
r-devel-windows-x86_64 0.1.0 41.00 99.00 140.00 OK
r-patched-linux-x86_64 0.1.0 43.41 85.70 129.11 OK
r-release-linux-x86_64 0.1.0 40.99 86.71 127.70 OK
r-release-macos-arm64 0.1.0 51.00 OK
r-release-macos-x86_64 0.1.0 80.00 OK
r-release-windows-x86_64 0.1.0 49.00 117.00 166.00 OK
r-oldrel-macos-arm64 0.1.0 46.00 ERROR
r-oldrel-macos-x86_64 0.1.0 73.00 ERROR
r-oldrel-windows-x86_64 0.1.0 47.00 116.00 163.00 OK

Check Details

Version: 0.1.0
Check: PDF version of manual
Result: WARN LaTeX errors when creating PDF version. This typically indicates Rd problems. LaTeX errors found: ! Undefined control sequence. <argument> ...s ,C_k)^\top = \mathbf {0}\,\,\text {and}\,\,\mathcal H_0: \ma... l.238 ...H} (B_1,\ldots,B_k)^\top = \mathbf{0},}{} ! Undefined control sequence. <argument> ...\mathbf {C} = \mathbf {0}\,\, \text {or}\,\,\mathcal H_{0,\ell... l.249 ...{B} = \mathbf{0}, \,\,\ell=1,\ldots,q,}{} ! Undefined control sequence. <argument> h_{\ell }^{\top }\pmb {C} l.251 ...s \eqn{\mathbf{h_{\ell}^{\top}\pmb{C}}}{} and ! Undefined control sequence. <argument> h_{\ell }^{\top }\pmb {B} l.252 \eqn{\mathbf{h_{\ell}^{\top}\pmb{B}}}{} , respectively, are calculated. ! Undefined control sequence. <argument> h_{\ell }^{\top }\pmb {C} l.265 ...r \eqn{\mathbf{h_{\ell}^{\top}\pmb{C}}}{} and ! Undefined control sequence. <argument> h_{\ell }^{\top }\pmb {B} l.266 for \eqn{\mathbf{h_{\ell}^{\top}\pmb{B}}}{} , the test statistics and c... Flavors: r-oldrel-macos-arm64, r-oldrel-macos-x86_64

Version: 0.1.0
Check: PDF version of manual without index
Result: ERROR
Flavors: r-oldrel-macos-arm64, r-oldrel-macos-x86_64