CRAN Package Check Results for Package GFE

Last updated on 2022-08-11 07:51:45 CEST.

Flavor Version Tinstall Tcheck Ttotal Status Flags
r-devel-linux-x86_64-debian-clang 0.1.0 6.39 67.25 73.64 NOTE
r-devel-linux-x86_64-debian-gcc 0.1.0 4.59 48.52 53.11 NOTE
r-devel-linux-x86_64-fedora-clang 0.1.0 97.40 NOTE
r-devel-linux-x86_64-fedora-gcc 0.1.0 93.82 NOTE
r-devel-windows-x86_64 0.1.0 13.00 87.00 100.00 NOTE
r-patched-linux-x86_64 0.1.0 5.12 60.80 65.92 NOTE
r-release-linux-x86_64 0.1.0 NOTE
r-release-macos-arm64 0.1.0 28.00 NOTE
r-release-macos-x86_64 0.1.0 57.00 NOTE
r-release-windows-x86_64 0.1.0 10.00 92.00 102.00 NOTE
r-oldrel-macos-arm64 0.1.0 27.00 NOTE
r-oldrel-macos-x86_64 0.1.0 50.00 NOTE
r-oldrel-windows-ix86+x86_64 0.1.0 14.00 81.00 95.00 NOTE

Check Details

Version: 0.1.0
Check: Rd files
Result: NOTE
    checkRd: (-1) estGF.Rd:106: Escaped LaTeX specials: \&
    checkRd: (-1) estGF.Rd:107: Escaped LaTeX specials: \&
Flavors: r-devel-linux-x86_64-debian-clang, r-devel-linux-x86_64-debian-gcc, r-devel-linux-x86_64-fedora-clang, r-devel-linux-x86_64-fedora-gcc, r-devel-windows-x86_64

Version: 0.1.0
Check: LazyData
Result: NOTE
     'LazyData' is specified without a 'data' directory
Flavors: r-devel-linux-x86_64-debian-clang, r-devel-linux-x86_64-debian-gcc, r-devel-linux-x86_64-fedora-clang, r-devel-linux-x86_64-fedora-gcc, r-devel-windows-x86_64, r-patched-linux-x86_64, r-release-linux-x86_64, r-release-macos-arm64, r-release-macos-x86_64, r-release-windows-x86_64, r-oldrel-macos-arm64, r-oldrel-macos-x86_64, r-oldrel-windows-ix86+x86_64