CRAN Package Check Results for Package GGClassification

Last updated on 2022-07-02 15:52:19 CEST.

Flavor Version Tinstall Tcheck Ttotal Status Flags
r-devel-linux-x86_64-debian-clang 0.1 49.66 26.58 76.24 OK
r-devel-linux-x86_64-debian-gcc 0.1 43.36 21.58 64.94 OK
r-devel-linux-x86_64-fedora-clang 0.1 128.14 NOTE
r-devel-linux-x86_64-fedora-gcc 0.1 111.22 OK
r-devel-windows-x86_64 0.1 64.00 72.00 136.00 OK
r-patched-linux-x86_64 0.1 44.45 26.43 70.88 OK
r-release-linux-x86_64 0.1 43.87 26.54 70.41 OK
r-release-macos-arm64 0.1 31.00 NOTE
r-release-macos-x86_64 0.1 40.00 NOTE
r-release-windows-x86_64 0.1 91.00 76.00 167.00 OK
r-oldrel-macos-arm64 0.1 37.00 NOTE
r-oldrel-macos-x86_64 0.1 62.00 NOTE
r-oldrel-windows-ix86+x86_64 0.1 126.00 73.00 199.00 OK

Check Details

Version: 0.1
Check: installed package size
Result: NOTE
     installed size is 6.6Mb
     sub-directories of 1Mb or more:
     libs 6.5Mb
Flavors: r-devel-linux-x86_64-fedora-clang, r-release-macos-arm64, r-release-macos-x86_64, r-oldrel-macos-arm64, r-oldrel-macos-x86_64