CRAN Package Check Results for Package GGEBiplotGUI

Last updated on 2014-04-18 20:48:00.

Flavor Version Tinstall Tcheck Ttotal Status Flags
r-devel-linux-x86_64-debian-clang 1.0-7 0.85 16.15 17.00 NOTE
r-devel-linux-x86_64-debian-gcc NOTE
r-devel-linux-x86_64-fedora-clang 1.0-7 32.20 NOTE
r-devel-linux-x86_64-fedora-gcc 1.0-7 29.49 NOTE
r-devel-macosx-x86_64-clang 1.0-7 34.74 NOTE
r-devel-macosx-x86_64-gcc 1.0-7 NOTE
r-devel-windows-ix86+x86_64 1.0-7 4.00 24.00 28.00 NOTE
r-patched-linux-x86_64 1.0-7 0.84 16.59 17.44 NOTE
r-patched-solaris-sparc 1.0-7 188.10 NOTE
r-patched-solaris-x86 1.0-7 58.50 NOTE
r-release-linux-ix86 1.0-7 2.00 34.00 36.00 NOTE
r-release-linux-x86_64 1.0-7 0.82 16.52 17.34 NOTE
r-release-macosx-x86_64 1.0-7 OK
r-release-windows-ix86+x86_64 1.0-7 4.00 25.00 29.00 NOTE
r-oldrel-windows-ix86+x86_64 1.0-7 5.00 26.00 31.00 NOTE

Check Details

Version: 1.0-7
Check: dependencies in R code
Result: NOTE
    Packages in Depends field not imported from:
     ‘rgl’ ‘tkrplot’
     These packages need to be imported from (in the NAMESPACE file)
     for when this namespace is loaded but not attached.
    See the information on DESCRIPTION files in the chapter ‘Creating R
    packages’ of the ‘Writing R Extensions’ manual.
Flavors: r-devel-linux-x86_64-debian-clang, r-devel-linux-x86_64-debian-gcc, r-devel-linux-x86_64-fedora-clang, r-devel-linux-x86_64-fedora-gcc, r-devel-macosx-x86_64-clang, r-devel-macosx-x86_64-gcc, r-devel-windows-ix86+x86_64, r-patched-linux-x86_64, r-patched-solaris-sparc, r-patched-solaris-x86, r-release-linux-ix86, r-release-linux-x86_64, r-release-windows-ix86+x86_64, r-oldrel-windows-ix86+x86_64