CRAN Package Check Results for Package GGEBiplotGUI

Last updated on 2015-07-05 10:46:51.

Flavor Version Tinstall Tcheck Ttotal Status Flags
r-devel-linux-x86_64-debian-clang 1.0-8 0.75 13.76 14.51 NOTE
r-devel-linux-x86_64-debian-gcc 1.0-8 0.74 13.61 14.35 NOTE
r-devel-linux-x86_64-fedora-clang 1.0-8 27.17 NOTE
r-devel-linux-x86_64-fedora-gcc 1.0-8 25.68 NOTE
r-devel-osx-x86_64-clang 1.0-8 30.11 NOTE
r-devel-windows-ix86+x86_64 1.0-8 3.00 24.00 27.00 NOTE
r-patched-linux-x86_64 1.0-8 0.75 14.12 14.86 NOTE
r-patched-solaris-sparc 1.0-8 183.00 NOTE
r-patched-solaris-x86 1.0-8 55.20 NOTE
r-release-linux-x86_64 1.0-8 1.09 14.21 15.30 NOTE
r-release-osx-x86_64-mavericks 1.0-8 NOTE
r-release-windows-ix86+x86_64 1.0-8 4.00 23.00 27.00 NOTE
r-oldrel-windows-ix86+x86_64 1.0-8 6.00 32.00 38.00 NOTE

Check Details

Version: 1.0-8
Check: dependencies in R code
Result: NOTE
    Package in Depends field not imported from: ‘tcltk’
     These packages need to be imported from (in the NAMESPACE file)
     for when this namespace is loaded but not attached.
Flavors: r-devel-linux-x86_64-debian-clang, r-devel-linux-x86_64-debian-gcc, r-devel-linux-x86_64-fedora-clang, r-devel-linux-x86_64-fedora-gcc, r-devel-osx-x86_64-clang, r-devel-windows-ix86+x86_64, r-patched-linux-x86_64, r-patched-solaris-sparc, r-patched-solaris-x86, r-release-linux-x86_64, r-release-osx-x86_64-mavericks, r-release-windows-ix86+x86_64, r-oldrel-windows-ix86+x86_64

Version: 1.0-8
Check: R code for possible problems
Result: NOTE
    GGEBiplot: no visible global function definition for ‘tclRequire’
    GGEBiplot: no visible global function definition for ‘tclVar’
    GGEBiplot : modalDialog: no visible global function definition for
     ‘tktoplevel’
    GGEBiplot : modalDialog: no visible global function definition for
     ‘tkwm.deiconify’
    GGEBiplot : modalDialog: no visible global function definition for
     ‘tkgrab.set’
    GGEBiplot : modalDialog: no visible global function definition for
     ‘tkfocus’
    GGEBiplot : modalDialog: no visible global function definition for
     ‘tkwm.title’
    GGEBiplot : modalDialog: no visible global function definition for
     ‘tclVar’
    GGEBiplot : modalDialog: no visible global function definition for
     ‘tkentry’
    GGEBiplot : modalDialog: no visible global function definition for
     ‘tkgrid’
    GGEBiplot : modalDialog: no visible global function definition for
     ‘tklabel’
    GGEBiplot : modalDialog : onOK: no visible global function definition
     for ‘tclvalue’
    GGEBiplot : modalDialog : onOK: no visible global function definition
     for ‘tkgrab.release’
    GGEBiplot : modalDialog : onOK: no visible global function definition
     for ‘tkdestroy’
    GGEBiplot : modalDialog : onCancel: no visible global function
     definition for ‘tkgrab.release’
    GGEBiplot : modalDialog : onCancel: no visible global function
     definition for ‘tkdestroy’
    GGEBiplot : modalDialog: no visible global function definition for
     ‘tkbutton’
    GGEBiplot : modalDialog: no visible global function definition for
     ‘tkwait.window’
    GGEBiplot : ChangeColorv: no visible global function definition for
     ‘tclvalue’
    GGEBiplot : ChangeColorv: no visible global function definition for
     ‘tcl’
    GGEBiplot : ChangeSize: no visible global function definition for
     ‘tktoplevel’
    GGEBiplot : ChangeSize: no visible global function definition for
     ‘tkwm.title’
    GGEBiplot : ChangeSize: no visible global function definition for
     ‘tkscrollbar’
    GGEBiplot : ChangeSize : <anonymous>: no visible global function
     definition for ‘tkyview’
    GGEBiplot : ChangeSize: no visible global function definition for
     ‘tklistbox’
    GGEBiplot : ChangeSize : <anonymous>: no visible global function
     definition for ‘tkset’
    GGEBiplot : ChangeSize: no visible global function definition for
     ‘tkgrid’
    GGEBiplot : ChangeSize: no visible global function definition for
     ‘tklabel’
    GGEBiplot : ChangeSize: no visible global function definition for
     ‘tkgrid.configure’
    GGEBiplot : ChangeSize: no visible global function definition for
     ‘tkinsert’
    GGEBiplot : ChangeSize: no visible global function definition for
     ‘tkselection.set’
    GGEBiplot : ChangeSize : OnOK: no visible global function definition
     for ‘tkcurselection’
    GGEBiplot : ChangeSize : OnOK: no visible global function definition
     for ‘tkdestroy’
    GGEBiplot : ChangeSize: no visible global function definition for
     ‘tkbutton’
    GGEBiplot : ChangeSize: no visible global function definition for
     ‘tkfocus’
    GGEBiplot : Models: no visible global function definition for ‘tclVar’
    GGEBiplot : Models: no visible global function definition for ‘var’
    GGEBiplot : Addfile: no visible global function definition for
     ‘write.table’
    GGEBiplot : plotFunctiond: no visible global function definition for
     ‘par’
    GGEBiplot : plotFunctiond: no visible global function definition for
     ‘plot’
    GGEBiplot : plotFunctiond: no visible global function definition for
     ‘tclvalue’
    GGEBiplot : plotFunctiond: no visible global function definition for
     ‘abline’
    GGEBiplot : plotFunctiond: no visible global function definition for
     ‘points’
    GGEBiplot : plotFunctiond: no visible global function definition for
     ‘arrows’
    GGEBiplot : plotFunctiond: no visible global function definition for
     ‘segments’
    GGEBiplot : plotFunctiond: no visible global function definition for
     ‘symbols’
    GGEBiplot : plotFunctiond: no visible global function definition for
     ‘chull’
    GGEBiplot : plotFunctiond: no visible global function definition for
     ‘polygon’
    GGEBiplot : plotFunctiond: no visible global function definition for
     ‘text’
    GGEBiplot : Biplot3D: no visible global function definition for
     ‘tclvalue’
    GGEBiplot : SelectGenotype: no visible global function definition for
     ‘tktoplevel’
    GGEBiplot : SelectGenotype: no visible global function definition for
     ‘tkwm.title’
    GGEBiplot : SelectGenotype: no visible global function definition for
     ‘tkwidget’
    GGEBiplot : SelectGenotype : onOK: no visible global function
     definition for ‘tclvalue’
    GGEBiplot : SelectGenotype : onOK: no visible global function
     definition for ‘tcl’
    GGEBiplot : SelectGenotype : onOK: no visible global function
     definition for ‘tkdestroy’
    GGEBiplot : SelectGenotype : onCancel: no visible global function
     definition for ‘tkdestroy’
    GGEBiplot : SelectGenotype: no visible global function definition for
     ‘tkbutton’
    GGEBiplot : SelectGenotype: no visible global function definition for
     ‘tkgrid’
    GGEBiplot : SelectGenotype: no visible global function definition for
     ‘tklabel’
    GGEBiplot : SelectGenotype: no visible global function definition for
     ‘tkfocus’
    GGEBiplot : SelectGenotype: no visible global function definition for
     ‘tkwait.window’
    GGEBiplot : SelectEnvironment: no visible global function definition
     for ‘tktoplevel’
    GGEBiplot : SelectEnvironment: no visible global function definition
     for ‘tkwm.title’
    GGEBiplot : SelectEnvironment: no visible global function definition
     for ‘tkwidget’
    GGEBiplot : SelectEnvironment : onOK: no visible global function
     definition for ‘tclvalue’
    GGEBiplot : SelectEnvironment : onOK: no visible global function
     definition for ‘tcl’
    GGEBiplot : SelectEnvironment : onOK: no visible global function
     definition for ‘tkdestroy’
    GGEBiplot : SelectEnvironment : onCancel: no visible global function
     definition for ‘tkdestroy’
    GGEBiplot : SelectEnvironment: no visible global function definition
     for ‘tkbutton’
    GGEBiplot : SelectEnvironment: no visible global function definition
     for ‘tkgrid’
    GGEBiplot : SelectEnvironment: no visible global function definition
     for ‘tklabel’
    GGEBiplot : SelectEnvironment: no visible global function definition
     for ‘tkfocus’
    GGEBiplot : SelectEnvironment: no visible global function definition
     for ‘tkwait.window’
    GGEBiplot : SelectTwoGenotype: no visible global function definition
     for ‘tktoplevel’
    GGEBiplot : SelectTwoGenotype: no visible global function definition
     for ‘tkwm.title’
    GGEBiplot : SelectTwoGenotype: no visible global function definition
     for ‘tkwidget’
    GGEBiplot : SelectTwoGenotype : onOK: no visible global function
     definition for ‘tclvalue’
    GGEBiplot : SelectTwoGenotype : onOK: no visible global function
     definition for ‘tcl’
    GGEBiplot : SelectTwoGenotype : onOK: no visible global function
     definition for ‘tkdestroy’
    GGEBiplot : SelectTwoGenotype : onCancel: no visible global function
     definition for ‘tkdestroy’
    GGEBiplot : SelectTwoGenotype: no visible global function definition
     for ‘tkbutton’
    GGEBiplot : SelectTwoGenotype: no visible global function definition
     for ‘tkgrid’
    GGEBiplot : SelectTwoGenotype: no visible global function definition
     for ‘tklabel’
    GGEBiplot : SelectTwoGenotype: no visible global function definition
     for ‘tkfocus’
    GGEBiplot : SelectTwoGenotype: no visible global function definition
     for ‘tkwait.window’
    GGEBiplot : SaveFileJPG: no visible global function definition for
     ‘tclvalue’
    GGEBiplot : SaveFileJPG: no visible global function definition for
     ‘tkgetSaveFile’
    GGEBiplot : SaveFileJPG: no visible global function definition for
     ‘jpeg’
    GGEBiplot : SaveFileJPG: no visible global function definition for
     ‘dev.off’
    GGEBiplot : SaveFilePostscript: no visible global function definition
     for ‘tclvalue’
    GGEBiplot : SaveFilePostscript: no visible global function definition
     for ‘tkgetSaveFile’
    GGEBiplot : SaveFilePostscript: no visible global function definition
     for ‘postscript’
    GGEBiplot : SaveFilePostscript: no visible global function definition
     for ‘dev.off’
    GGEBiplot : SaveFilePDF: no visible global function definition for
     ‘tclvalue’
    GGEBiplot : SaveFilePDF: no visible global function definition for
     ‘tkgetSaveFile’
    GGEBiplot : SaveFilePDF: no visible global function definition for
     ‘pdf’
    GGEBiplot : SaveFilePDF: no visible global function definition for
     ‘dev.off’
    GGEBiplot : SaveFileBmp: no visible global function definition for
     ‘tclvalue’
    GGEBiplot : SaveFileBmp: no visible global function definition for
     ‘tkgetSaveFile’
    GGEBiplot : SaveFileBmp: no visible global function definition for
     ‘bmp’
    GGEBiplot : SaveFileBmp: no visible global function definition for
     ‘dev.off’
    GGEBiplot : SaveFilePng: no visible global function definition for
     ‘tclvalue’
    GGEBiplot : SaveFilePng: no visible global function definition for
     ‘tkgetSaveFile’
    GGEBiplot : SaveFilePng: no visible global function definition for
     ‘png’
    GGEBiplot : SaveFilePng: no visible global function definition for
     ‘dev.off’
    GGEBiplot : SaveFileTeX: no visible global function definition for
     ‘tclvalue’
    GGEBiplot : SaveFileTeX: no visible global function definition for
     ‘tkgetSaveFile’
    GGEBiplot : SaveFileTeX: no visible global function definition for
     ‘pictex’
    GGEBiplot : SaveFileTeX: no visible global function definition for
     ‘dev.off’
    GGEBiplot : OnOKModelSelection: no visible global function definition
     for ‘tclvalue’
    GGEBiplot : OnOKModelSelection: no visible global function definition
     for ‘tcl’
    GGEBiplot : OnOKModelSelection: no visible global function definition
     for ‘tkdestroy’
    GGEBiplot : OnOKModelSelection: no visible global function definition
     for ‘tktoplevel’
    GGEBiplot : OnOKModelSelection: no visible global function definition
     for ‘tkwm.title’
    GGEBiplot : OnOKModelSelection: no visible global function definition
     for ‘tkpack’
    GGEBiplot : OnOKModelSelection: no visible global function definition
     for ‘tkbind’
    GGEBiplot : OnOKModelSelection: no visible global function definition
     for ‘tkmenu’
    GGEBiplot : OnOKModelSelection: no visible global function definition
     for ‘tkconfigure’
    GGEBiplot : OnOKModelSelection: no visible global function definition
     for ‘tkadd’
    GGEBiplot : OnOKModelSelection : <anonymous>: no visible global
     function definition for ‘tkdestroy’
    GGEBiplot : OnOKModelSelection : <anonymous>: no visible global
     function definition for ‘tclvalue’
    GGEBiplot : OnOKModelSelection : <anonymous>: no visible global
     function definition for ‘tkentryconfigure’
    GGEBiplot : OnOKModelSelection : <anonymous>: no visible global
     function definition for ‘tclVar’
    GGEBiplot : OnOKModelSelection : <anonymous>: no visible global
     function definition for ‘tkfocus’
    GGEBiplot : OnOKModelSelection: no visible global function definition
     for ‘tkfocus’
    GGEBiplot : OnOKModelSelection: no visible global function definition
     for ‘tkentryconfigure’
    GGEBiplot : labelClosestPoint: no visible global function definition
     for ‘tkmenu’
    GGEBiplot : labelClosestPoint: no visible global function definition
     for ‘tkadd’
    GGEBiplot : labelClosestPoint : <anonymous>: no visible global function
     definition for ‘tktoplevel’
    GGEBiplot : labelClosestPoint : <anonymous>: no visible global function
     definition for ‘tkwm.title’
    GGEBiplot : labelClosestPoint : <anonymous>: no visible global function
     definition for ‘tkframe’
    GGEBiplot : labelClosestPoint : <anonymous>: no visible global function
     definition for ‘tclvalue<-’
    GGEBiplot : labelClosestPoint : <anonymous>: no visible global function
     definition for ‘tkentry’
    GGEBiplot : labelClosestPoint : <anonymous> : OnOKli: no visible global
     function definition for ‘tclvalue’
    GGEBiplot : labelClosestPoint : <anonymous> : OnOKli: no visible global
     function definition for ‘tkdestroy’
    GGEBiplot : labelClosestPoint : <anonymous>: no visible global function
     definition for ‘tkbutton’
    GGEBiplot : labelClosestPoint : <anonymous>: no visible global function
     definition for ‘tkbind’
    GGEBiplot : labelClosestPoint : <anonymous>: no visible global function
     definition for ‘tkpack’
    GGEBiplot : labelClosestPoint : <anonymous>: no visible global function
     definition for ‘tclvalue’
    GGEBiplot : labelClosestPoint: no visible global function definition
     for ‘tkpopup’
    GGEBiplot : labelClosestPoint: no visible global function definition
     for ‘tclvalue’
    GGEBiplot : labelClosestPoint: no visible global function definition
     for ‘tkwinfo’
    GGEBiplot : OnRightClick: no visible global function definition for
     ‘tclvalue’
    GGEBiplot : OnRightClick: no visible global function definition for
     ‘tkwinfo’
    GGEBiplot : OnLeftClick.up: no visible global function definition for
     ‘tkmessageBox’
    GGEBiplot : OnLeftClick.up: no visible global function definition for
     ‘tclvalue’
    GGEBiplot : OnLeftClick.move: no visible global function definition for
     ‘tclvalue’
    GGEBiplot : OnLeftClick.move: no visible global function definition for
     ‘tkwinfo’
    GGEBiplot : OnLeftClick.down: no visible global function definition for
     ‘tclvalue’
    GGEBiplot : OnLeftClick.down: no visible global function definition for
     ‘tkwinfo’
    GGEBiplot: no visible global function definition for ‘tktoplevel’
    GGEBiplot: no visible global function definition for ‘tkwm.title’
    GGEBiplot: no visible global function definition for ‘tkwidget’
    GGEBiplot: no visible global function definition for ‘tkconfigure’
    GGEBiplot: no visible global function definition for ‘tkbutton’
    GGEBiplot: no visible global function definition for ‘tkgrid’
    GGEBiplot: no visible global function definition for ‘tklabel’
    GGEBiplot: no visible global function definition for ‘tkfocus’
    Undefined global functions or variables:
     abline arrows bmp chull dev.off jpeg par pdf pictex plot png points
     polygon postscript segments symbols tcl tclRequire tclVar tclvalue
     tclvalue<- text tkadd tkbind tkbutton tkconfigure tkcurselection
     tkdestroy tkentry tkentryconfigure tkfocus tkframe tkgetSaveFile
     tkgrab.release tkgrab.set tkgrid tkgrid.configure tkinsert tklabel
     tklistbox tkmenu tkmessageBox tkpack tkpopup tkscrollbar
     tkselection.set tkset tktoplevel tkwait.window tkwidget tkwinfo
     tkwm.deiconify tkwm.title tkyview var write.table
Flavors: r-devel-linux-x86_64-debian-clang, r-devel-linux-x86_64-debian-gcc, r-devel-linux-x86_64-fedora-clang, r-devel-linux-x86_64-fedora-gcc, r-devel-windows-ix86+x86_64

Version: 1.0-8
Check: R code for possible problems
Result: NOTE
    GGEBiplot: no visible global function definition for ‘tclRequire’
    GGEBiplot: no visible global function definition for ‘tclVar’
    GGEBiplot : modalDialog: no visible global function definition for
     ‘tktoplevel’
    GGEBiplot : modalDialog: no visible global function definition for
     ‘tkwm.deiconify’
    GGEBiplot : modalDialog: no visible global function definition for
     ‘tkgrab.set’
    GGEBiplot : modalDialog: no visible global function definition for
     ‘tkfocus’
    GGEBiplot : modalDialog: no visible global function definition for
     ‘tkwm.title’
    GGEBiplot : modalDialog: no visible global function definition for
     ‘tclVar’
    GGEBiplot : modalDialog: no visible global function definition for
     ‘tkentry’
    GGEBiplot : modalDialog: no visible global function definition for
     ‘tkgrid’
    GGEBiplot : modalDialog: no visible global function definition for
     ‘tklabel’
    GGEBiplot : modalDialog : onOK: no visible global function definition
     for ‘tclvalue’
    GGEBiplot : modalDialog : onOK: no visible global function definition
     for ‘tkgrab.release’
    GGEBiplot : modalDialog : onOK: no visible global function definition
     for ‘tkdestroy’
    GGEBiplot : modalDialog : onCancel: no visible global function
     definition for ‘tkgrab.release’
    GGEBiplot : modalDialog : onCancel: no visible global function
     definition for ‘tkdestroy’
    GGEBiplot : modalDialog: no visible global function definition for
     ‘tkbutton’
    GGEBiplot : modalDialog: no visible global function definition for
     ‘tkwait.window’
    GGEBiplot : ChangeColorv: no visible global function definition for
     ‘tclvalue’
    GGEBiplot : ChangeColorv: no visible global function definition for
     ‘tcl’
    GGEBiplot : ChangeSize: no visible global function definition for
     ‘tktoplevel’
    GGEBiplot : ChangeSize: no visible global function definition for
     ‘tkwm.title’
    GGEBiplot : ChangeSize: no visible global function definition for
     ‘tkscrollbar’
    GGEBiplot : ChangeSize : <anonymous>: no visible global function
     definition for ‘tkyview’
    GGEBiplot : ChangeSize: no visible global function definition for
     ‘tklistbox’
    GGEBiplot : ChangeSize : <anonymous>: no visible global function
     definition for ‘tkset’
    GGEBiplot : ChangeSize: no visible global function definition for
     ‘tkgrid’
    GGEBiplot : ChangeSize: no visible global function definition for
     ‘tklabel’
    GGEBiplot : ChangeSize: no visible global function definition for
     ‘tkgrid.configure’
    GGEBiplot : ChangeSize: no visible global function definition for
     ‘tkinsert’
    GGEBiplot : ChangeSize: no visible global function definition for
     ‘tkselection.set’
    GGEBiplot : ChangeSize : OnOK: no visible global function definition
     for ‘tkcurselection’
    GGEBiplot : ChangeSize : OnOK: no visible global function definition
     for ‘tkdestroy’
    GGEBiplot : ChangeSize: no visible global function definition for
     ‘tkbutton’
    GGEBiplot : ChangeSize: no visible global function definition for
     ‘tkfocus’
    GGEBiplot : Models: no visible global function definition for ‘tclVar’
    GGEBiplot : plotFunctiond: no visible global function definition for
     ‘tclvalue’
    GGEBiplot : Biplot3D: no visible global function definition for
     ‘tclvalue’
    GGEBiplot : SelectGenotype: no visible global function definition for
     ‘tktoplevel’
    GGEBiplot : SelectGenotype: no visible global function definition for
     ‘tkwm.title’
    GGEBiplot : SelectGenotype: no visible global function definition for
     ‘tkwidget’
    GGEBiplot : SelectGenotype : onOK: no visible global function
     definition for ‘tclvalue’
    GGEBiplot : SelectGenotype : onOK: no visible global function
     definition for ‘tcl’
    GGEBiplot : SelectGenotype : onOK: no visible global function
     definition for ‘tkdestroy’
    GGEBiplot : SelectGenotype : onCancel: no visible global function
     definition for ‘tkdestroy’
    GGEBiplot : SelectGenotype: no visible global function definition for
     ‘tkbutton’
    GGEBiplot : SelectGenotype: no visible global function definition for
     ‘tkgrid’
    GGEBiplot : SelectGenotype: no visible global function definition for
     ‘tklabel’
    GGEBiplot : SelectGenotype: no visible global function definition for
     ‘tkfocus’
    GGEBiplot : SelectGenotype: no visible global function definition for
     ‘tkwait.window’
    GGEBiplot : SelectEnvironment: no visible global function definition
     for ‘tktoplevel’
    GGEBiplot : SelectEnvironment: no visible global function definition
     for ‘tkwm.title’
    GGEBiplot : SelectEnvironment: no visible global function definition
     for ‘tkwidget’
    GGEBiplot : SelectEnvironment : onOK: no visible global function
     definition for ‘tclvalue’
    GGEBiplot : SelectEnvironment : onOK: no visible global function
     definition for ‘tcl’
    GGEBiplot : SelectEnvironment : onOK: no visible global function
     definition for ‘tkdestroy’
    GGEBiplot : SelectEnvironment : onCancel: no visible global function
     definition for ‘tkdestroy’
    GGEBiplot : SelectEnvironment: no visible global function definition
     for ‘tkbutton’
    GGEBiplot : SelectEnvironment: no visible global function definition
     for ‘tkgrid’
    GGEBiplot : SelectEnvironment: no visible global function definition
     for ‘tklabel’
    GGEBiplot : SelectEnvironment: no visible global function definition
     for ‘tkfocus’
    GGEBiplot : SelectEnvironment: no visible global function definition
     for ‘tkwait.window’
    GGEBiplot : SelectTwoGenotype: no visible global function definition
     for ‘tktoplevel’
    GGEBiplot : SelectTwoGenotype: no visible global function definition
     for ‘tkwm.title’
    GGEBiplot : SelectTwoGenotype: no visible global function definition
     for ‘tkwidget’
    GGEBiplot : SelectTwoGenotype : onOK: no visible global function
     definition for ‘tclvalue’
    GGEBiplot : SelectTwoGenotype : onOK: no visible global function
     definition for ‘tcl’
    GGEBiplot : SelectTwoGenotype : onOK: no visible global function
     definition for ‘tkdestroy’
    GGEBiplot : SelectTwoGenotype : onCancel: no visible global function
     definition for ‘tkdestroy’
    GGEBiplot : SelectTwoGenotype: no visible global function definition
     for ‘tkbutton’
    GGEBiplot : SelectTwoGenotype: no visible global function definition
     for ‘tkgrid’
    GGEBiplot : SelectTwoGenotype: no visible global function definition
     for ‘tklabel’
    GGEBiplot : SelectTwoGenotype: no visible global function definition
     for ‘tkfocus’
    GGEBiplot : SelectTwoGenotype: no visible global function definition
     for ‘tkwait.window’
    GGEBiplot : SaveFileJPG: no visible global function definition for
     ‘tclvalue’
    GGEBiplot : SaveFileJPG: no visible global function definition for
     ‘tkgetSaveFile’
    GGEBiplot : SaveFilePostscript: no visible global function definition
     for ‘tclvalue’
    GGEBiplot : SaveFilePostscript: no visible global function definition
     for ‘tkgetSaveFile’
    GGEBiplot : SaveFilePDF: no visible global function definition for
     ‘tclvalue’
    GGEBiplot : SaveFilePDF: no visible global function definition for
     ‘tkgetSaveFile’
    GGEBiplot : SaveFileBmp: no visible global function definition for
     ‘tclvalue’
    GGEBiplot : SaveFileBmp: no visible global function definition for
     ‘tkgetSaveFile’
    GGEBiplot : SaveFilePng: no visible global function definition for
     ‘tclvalue’
    GGEBiplot : SaveFilePng: no visible global function definition for
     ‘tkgetSaveFile’
    GGEBiplot : SaveFileTeX: no visible global function definition for
     ‘tclvalue’
    GGEBiplot : SaveFileTeX: no visible global function definition for
     ‘tkgetSaveFile’
    GGEBiplot : OnOKModelSelection: no visible global function definition
     for ‘tclvalue’
    GGEBiplot : OnOKModelSelection: no visible global function definition
     for ‘tcl’
    GGEBiplot : OnOKModelSelection: no visible global function definition
     for ‘tkdestroy’
    GGEBiplot : OnOKModelSelection: no visible global function definition
     for ‘tktoplevel’
    GGEBiplot : OnOKModelSelection: no visible global function definition
     for ‘tkwm.title’
    GGEBiplot : OnOKModelSelection: no visible global function definition
     for ‘tkpack’
    GGEBiplot : OnOKModelSelection: no visible global function definition
     for ‘tkbind’
    GGEBiplot : OnOKModelSelection: no visible global function definition
     for ‘tkmenu’
    GGEBiplot : OnOKModelSelection: no visible global function definition
     for ‘tkconfigure’
    GGEBiplot : OnOKModelSelection: no visible global function definition
     for ‘tkadd’
    GGEBiplot : OnOKModelSelection : <anonymous>: no visible global
     function definition for ‘tkdestroy’
    GGEBiplot : OnOKModelSelection : <anonymous>: no visible global
     function definition for ‘tclvalue’
    GGEBiplot : OnOKModelSelection : <anonymous>: no visible global
     function definition for ‘tkentryconfigure’
    GGEBiplot : OnOKModelSelection : <anonymous>: no visible global
     function definition for ‘tclVar’
    GGEBiplot : OnOKModelSelection : <anonymous>: no visible global
     function definition for ‘tkfocus’
    GGEBiplot : OnOKModelSelection: no visible global function definition
     for ‘tkfocus’
    GGEBiplot : OnOKModelSelection: no visible global function definition
     for ‘tkentryconfigure’
    GGEBiplot : labelClosestPoint: no visible global function definition
     for ‘tkmenu’
    GGEBiplot : labelClosestPoint: no visible global function definition
     for ‘tkadd’
    GGEBiplot : labelClosestPoint : <anonymous>: no visible global function
     definition for ‘tktoplevel’
    GGEBiplot : labelClosestPoint : <anonymous>: no visible global function
     definition for ‘tkwm.title’
    GGEBiplot : labelClosestPoint : <anonymous>: no visible global function
     definition for ‘tkframe’
    GGEBiplot : labelClosestPoint : <anonymous>: no visible global function
     definition for ‘tclvalue<-’
    GGEBiplot : labelClosestPoint : <anonymous>: no visible global function
     definition for ‘tkentry’
    GGEBiplot : labelClosestPoint : <anonymous> : OnOKli: no visible global
     function definition for ‘tclvalue’
    GGEBiplot : labelClosestPoint : <anonymous> : OnOKli: no visible global
     function definition for ‘tkdestroy’
    GGEBiplot : labelClosestPoint : <anonymous>: no visible global function
     definition for ‘tkbutton’
    GGEBiplot : labelClosestPoint : <anonymous>: no visible global function
     definition for ‘tkbind’
    GGEBiplot : labelClosestPoint : <anonymous>: no visible global function
     definition for ‘tkpack’
    GGEBiplot : labelClosestPoint : <anonymous>: no visible global function
     definition for ‘tclvalue’
    GGEBiplot : labelClosestPoint: no visible global function definition
     for ‘tkpopup’
    GGEBiplot : labelClosestPoint: no visible global function definition
     for ‘tclvalue’
    GGEBiplot : labelClosestPoint: no visible global function definition
     for ‘tkwinfo’
    GGEBiplot : OnRightClick: no visible global function definition for
     ‘tclvalue’
    GGEBiplot : OnRightClick: no visible global function definition for
     ‘tkwinfo’
    GGEBiplot : OnLeftClick.up: no visible global function definition for
     ‘tkmessageBox’
    GGEBiplot : OnLeftClick.up: no visible global function definition for
     ‘tclvalue’
    GGEBiplot : OnLeftClick.move: no visible global function definition for
     ‘tclvalue’
    GGEBiplot : OnLeftClick.move: no visible global function definition for
     ‘tkwinfo’
    GGEBiplot : OnLeftClick.down: no visible global function definition for
     ‘tclvalue’
    GGEBiplot : OnLeftClick.down: no visible global function definition for
     ‘tkwinfo’
    GGEBiplot: no visible global function definition for ‘tktoplevel’
    GGEBiplot: no visible global function definition for ‘tkwm.title’
    GGEBiplot: no visible global function definition for ‘tkwidget’
    GGEBiplot: no visible global function definition for ‘tkconfigure’
    GGEBiplot: no visible global function definition for ‘tkbutton’
    GGEBiplot: no visible global function definition for ‘tkgrid’
    GGEBiplot: no visible global function definition for ‘tklabel’
    GGEBiplot: no visible global function definition for ‘tkfocus’
    Undefined global functions or variables:
     tcl tclRequire tclVar tclvalue tclvalue<- tkadd tkbind tkbutton
     tkconfigure tkcurselection tkdestroy tkentry tkentryconfigure tkfocus
     tkframe tkgetSaveFile tkgrab.release tkgrab.set tkgrid
     tkgrid.configure tkinsert tklabel tklistbox tkmenu tkmessageBox
     tkpack tkpopup tkscrollbar tkselection.set tkset tktoplevel
     tkwait.window tkwidget tkwinfo tkwm.deiconify tkwm.title tkyview
Flavor: r-devel-osx-x86_64-clang

Version: 1.0-8
Check: R code for possible problems
Result: NOTE
    GGEBiplot: no visible global function definition for ‘tclRequire’
    GGEBiplot: no visible global function definition for ‘tclVar’
    GGEBiplot : modalDialog: no visible global function definition for
     ‘tktoplevel’
    GGEBiplot : modalDialog: no visible global function definition for
     ‘tkwm.deiconify’
    GGEBiplot : modalDialog: no visible global function definition for
     ‘tkgrab.set’
    GGEBiplot : modalDialog: no visible global function definition for
     ‘tkfocus’
    GGEBiplot : modalDialog: no visible global function definition for
     ‘tkwm.title’
    GGEBiplot : modalDialog: no visible global function definition for
     ‘tclVar’
    GGEBiplot : modalDialog: no visible global function definition for
     ‘tkentry’
    GGEBiplot : modalDialog: no visible global function definition for
     ‘tkgrid’
    GGEBiplot : modalDialog: no visible global function definition for
     ‘tklabel’
    GGEBiplot : modalDialog : onOK: no visible global function definition
     for ‘tclvalue’
    GGEBiplot : modalDialog : onOK: no visible global function definition
     for ‘tkgrab.release’
    GGEBiplot : modalDialog : onOK: no visible global function definition
     for ‘tkdestroy’
    GGEBiplot : modalDialog : onCancel: no visible global function
     definition for ‘tkgrab.release’
    GGEBiplot : modalDialog : onCancel: no visible global function
     definition for ‘tkdestroy’
    GGEBiplot : modalDialog: no visible global function definition for
     ‘tkbutton’
    GGEBiplot : modalDialog: no visible global function definition for
     ‘tkwait.window’
    GGEBiplot : ChangeColorv: no visible global function definition for
     ‘tclvalue’
    GGEBiplot : ChangeColorv: no visible global function definition for
     ‘tcl’
    GGEBiplot : ChangeSize: no visible global function definition for
     ‘tktoplevel’
    GGEBiplot : ChangeSize: no visible global function definition for
     ‘tkwm.title’
    GGEBiplot : ChangeSize: no visible global function definition for
     ‘tkscrollbar’
    GGEBiplot : ChangeSize : <anonymous>: no visible global function
     definition for ‘tkyview’
    GGEBiplot : ChangeSize: no visible global function definition for
     ‘tklistbox’
    GGEBiplot : ChangeSize : <anonymous>: no visible global function
     definition for ‘tkset’
    GGEBiplot : ChangeSize: no visible global function definition for
     ‘tkgrid’
    GGEBiplot : ChangeSize: no visible global function definition for
     ‘tklabel’
    GGEBiplot : ChangeSize: no visible global function definition for
     ‘tkgrid.configure’
    GGEBiplot : ChangeSize: no visible global function definition for
     ‘tkinsert’
    GGEBiplot : ChangeSize: no visible global function definition for
     ‘tkselection.set’
    GGEBiplot : ChangeSize : OnOK: no visible global function definition
     for ‘tkcurselection’
    GGEBiplot : ChangeSize : OnOK: no visible global function definition
     for ‘tkdestroy’
    GGEBiplot : ChangeSize: no visible global function definition for
     ‘tkbutton’
    GGEBiplot : ChangeSize: no visible global function definition for
     ‘tkfocus’
    GGEBiplot : Models: no visible global function definition for ‘tclVar’
    GGEBiplot : plotFunctiond: no visible global function definition for
     ‘tclvalue’
    GGEBiplot : Biplot3D: no visible global function definition for
     ‘tclvalue’
    GGEBiplot : SelectGenotype: no visible global function definition for
     ‘tktoplevel’
    GGEBiplot : SelectGenotype: no visible global function definition for
     ‘tkwm.title’
    GGEBiplot : SelectGenotype: no visible global function definition for
     ‘tkwidget’
    GGEBiplot : SelectGenotype : onOK: no visible global function
     definition for ‘tclvalue’
    GGEBiplot : SelectGenotype : onOK: no visible global function
     definition for ‘tcl’
    GGEBiplot : SelectGenotype : onOK: no visible global function
     definition for ‘tkdestroy’
    GGEBiplot : SelectGenotype : onCancel: no visible global function
     definition for ‘tkdestroy’
    GGEBiplot : SelectGenotype: no visible global function definition for
     ‘tkbutton’
    GGEBiplot : SelectGenotype: no visible global function definition for
     ‘tkgrid’
    GGEBiplot : SelectGenotype: no visible global function definition for
     ‘tklabel’
    GGEBiplot : SelectGenotype: no visible global function definition for
     ‘tkfocus’
    GGEBiplot : SelectGenotype: no visible global function definition for
     ‘tkwait.window’
    GGEBiplot : SelectEnvironment: no visible global function definition
     for ‘tktoplevel’
    GGEBiplot : SelectEnvironment: no visible global function definition
     for ‘tkwm.title’
    GGEBiplot : SelectEnvironment: no visible global function definition
     for ‘tkwidget’
    GGEBiplot : SelectEnvironment : onOK: no visible global function
     definition for ‘tclvalue’
    GGEBiplot : SelectEnvironment : onOK: no visible global function
     definition for ‘tcl’
    GGEBiplot : SelectEnvironment : onOK: no visible global function
     definition for ‘tkdestroy’
    GGEBiplot : SelectEnvironment : onCancel: no visible global function
     definition for ‘tkdestroy’
    GGEBiplot : SelectEnvironment: no visible global function definition
     for ‘tkbutton’
    GGEBiplot : SelectEnvironment: no visible global function definition
     for ‘tkgrid’
    GGEBiplot : SelectEnvironment: no visible global function definition
     for ‘tklabel’
    GGEBiplot : SelectEnvironment: no visible global function definition
     for ‘tkfocus’
    GGEBiplot : SelectEnvironment: no visible global function definition
     for ‘tkwait.window’
    GGEBiplot : SelectTwoGenotype: no visible global function definition
     for ‘tktoplevel’
    GGEBiplot : SelectTwoGenotype: no visible global function definition
     for ‘tkwm.title’
    GGEBiplot : SelectTwoGenotype: no visible global function definition
     for ‘tkwidget’
    GGEBiplot : SelectTwoGenotype : onOK: no visible global function
     definition for ‘tclvalue’
    GGEBiplot : SelectTwoGenotype : onOK: no visible global function
     definition for ‘tcl’
    GGEBiplot : SelectTwoGenotype : onOK: no visible global function
     definition for ‘tkdestroy’
    GGEBiplot : SelectTwoGenotype : onCancel: no visible global function
     definition for ‘tkdestroy’
    GGEBiplot : SelectTwoGenotype: no visible global function definition
     for ‘tkbutton’
    GGEBiplot : SelectTwoGenotype: no visible global function definition
     for ‘tkgrid’
    GGEBiplot : SelectTwoGenotype: no visible global function definition
     for ‘tklabel’
    GGEBiplot : SelectTwoGenotype: no visible global function definition
     for ‘tkfocus’
    GGEBiplot : SelectTwoGenotype: no visible global function definition
     for ‘tkwait.window’
    GGEBiplot : SaveFileJPG: no visible global function definition for
     ‘tclvalue’
    GGEBiplot : SaveFileJPG: no visible global function definition for
     ‘tkgetSaveFile’
    GGEBiplot : SaveFilePostscript: no visible global function definition
     for ‘tclvalue’
    GGEBiplot : SaveFilePostscript: no visible global function definition
     for ‘tkgetSaveFile’
    GGEBiplot : SaveFilePDF: no visible global function definition for
     ‘tclvalue’
    GGEBiplot : SaveFilePDF: no visible global function definition for
     ‘tkgetSaveFile’
    GGEBiplot : SaveFileBmp: no visible global function definition for
     ‘tclvalue’
    GGEBiplot : SaveFileBmp: no visible global function definition for
     ‘tkgetSaveFile’
    GGEBiplot : SaveFilePng: no visible global function definition for
     ‘tclvalue’
    GGEBiplot : SaveFilePng: no visible global function definition for
     ‘tkgetSaveFile’
    GGEBiplot : SaveFileTeX: no visible global function definition for
     ‘tclvalue’
    GGEBiplot : SaveFileTeX: no visible global function definition for
     ‘tkgetSaveFile’
    GGEBiplot : OnOKModelSelection: no visible global function definition
     for ‘tclvalue’
    GGEBiplot : OnOKModelSelection: no visible global function definition
     for ‘tcl’
    GGEBiplot : OnOKModelSelection: no visible global function definition
     for ‘tkdestroy’
    GGEBiplot : OnOKModelSelection: no visible global function definition
     for ‘tktoplevel’
    GGEBiplot : OnOKModelSelection: no visible global function definition
     for ‘tkwm.title’
    GGEBiplot : OnOKModelSelection: no visible global function definition
     for ‘tkpack’
    GGEBiplot : OnOKModelSelection: no visible global function definition
     for ‘tkbind’
    GGEBiplot : OnOKModelSelection: no visible global function definition
     for ‘tkmenu’
    GGEBiplot : OnOKModelSelection: no visible global function definition
     for ‘tkconfigure’
    GGEBiplot : OnOKModelSelection: no visible global function definition
     for ‘tkadd’
    GGEBiplot : OnOKModelSelection : <anonymous>: no visible global
     function definition for ‘tkdestroy’
    GGEBiplot : OnOKModelSelection : <anonymous>: no visible global
     function definition for ‘tclvalue’
    GGEBiplot : OnOKModelSelection : <anonymous>: no visible global
     function definition for ‘tkentryconfigure’
    GGEBiplot : OnOKModelSelection : <anonymous>: no visible global
     function definition for ‘tclVar’
    GGEBiplot : OnOKModelSelection : <anonymous>: no visible global
     function definition for ‘tkfocus’
    GGEBiplot : OnOKModelSelection: no visible global function definition
     for ‘tkfocus’
    GGEBiplot : OnOKModelSelection: no visible global function definition
     for ‘tkentryconfigure’
    GGEBiplot : labelClosestPoint: no visible global function definition
     for ‘tkmenu’
    GGEBiplot : labelClosestPoint: no visible global function definition
     for ‘tkadd’
    GGEBiplot : labelClosestPoint : <anonymous>: no visible global function
     definition for ‘tktoplevel’
    GGEBiplot : labelClosestPoint : <anonymous>: no visible global function
     definition for ‘tkwm.title’
    GGEBiplot : labelClosestPoint : <anonymous>: no visible global function
     definition for ‘tkframe’
    GGEBiplot : labelClosestPoint : <anonymous>: no visible global function
     definition for ‘tclvalue<-’
    GGEBiplot : labelClosestPoint : <anonymous>: no visible global function
     definition for ‘tkentry’
    GGEBiplot : labelClosestPoint : <anonymous> : OnOKli: no visible global
     function definition for ‘tclvalue’
    GGEBiplot : labelClosestPoint : <anonymous> : OnOKli: no visible global
     function definition for ‘tkdestroy’
    GGEBiplot : labelClosestPoint : <anonymous>: no visible global function
     definition for ‘tkbutton’
    GGEBiplot : labelClosestPoint : <anonymous>: no visible global function
     definition for ‘tkbind’
    GGEBiplot : labelClosestPoint : <anonymous>: no visible global function
     definition for ‘tkpack’
    GGEBiplot : labelClosestPoint : <anonymous>: no visible global function
     definition for ‘tclvalue’
    GGEBiplot : labelClosestPoint: no visible global function definition
     for ‘tkpopup’
    GGEBiplot : labelClosestPoint: no visible global function definition
     for ‘tclvalue’
    GGEBiplot : labelClosestPoint: no visible global function definition
     for ‘tkwinfo’
    GGEBiplot : OnRightClick: no visible global function definition for
     ‘tclvalue’
    GGEBiplot : OnRightClick: no visible global function definition for
     ‘tkwinfo’
    GGEBiplot : OnLeftClick.up: no visible global function definition for
     ‘tkmessageBox’
    GGEBiplot : OnLeftClick.up: no visible global function definition for
     ‘tclvalue’
    GGEBiplot : OnLeftClick.move: no visible global function definition for
     ‘tclvalue’
    GGEBiplot : OnLeftClick.move: no visible global function definition for
     ‘tkwinfo’
    GGEBiplot : OnLeftClick.down: no visible global function definition for
     ‘tclvalue’
    GGEBiplot : OnLeftClick.down: no visible global function definition for
     ‘tkwinfo’
    GGEBiplot: no visible global function definition for ‘tktoplevel’
    GGEBiplot: no visible global function definition for ‘tkwm.title’
    GGEBiplot: no visible global function definition for ‘tkwidget’
    GGEBiplot: no visible global function definition for ‘tkconfigure’
    GGEBiplot: no visible global function definition for ‘tkbutton’
    GGEBiplot: no visible global function definition for ‘tkgrid’
    GGEBiplot: no visible global function definition for ‘tklabel’
    GGEBiplot: no visible global function definition for ‘tkfocus’
Flavors: r-patched-linux-x86_64, r-patched-solaris-sparc, r-patched-solaris-x86, r-release-linux-x86_64, r-release-osx-x86_64-mavericks, r-release-windows-ix86+x86_64, r-oldrel-windows-ix86+x86_64