CRAN Package Check Results for Package GGEBiplotGUI

Last updated on 2016-12-08 12:48:03.

Flavor Version Tinstall Tcheck Ttotal Status Flags
r-devel-linux-x86_64-debian-clang 1.0-9 1.42 21.51 22.93 OK
r-devel-linux-x86_64-debian-gcc 1.0-9 1.37 21.60 22.97 OK
r-devel-linux-x86_64-fedora-clang 1.0-9 41.93 OK --no-stop-on-test-error
r-devel-linux-x86_64-fedora-gcc 1.0-9 40.34 OK --no-stop-on-test-error
r-devel-macos-x86_64-clang 1.0-9 35.17 OK
r-devel-windows-ix86+x86_64 1.0-9 6.00 70.00 76.00 OK
r-patched-linux-x86_64 1.0-9 1.14 19.84 20.97 OK
r-patched-solaris-sparc 1.0-9 164.30 OK
r-patched-solaris-x86 1.0-9 51.90 OK
r-release-linux-x86_64 1.0-9 1.10 19.63 20.73 OK
r-release-osx-x86_64-mavericks 1.0-9 ERROR
r-release-windows-ix86+x86_64 1.0-9 4.00 37.00 41.00 OK
r-oldrel-windows-ix86+x86_64 1.0-9 8.00 40.00 48.00 OK

Check Details

Version: 1.0-9
Check: whether package can be installed
Result: WARN
    Found the following significant warnings:
     Warning: 'rgl_init' failed, running with rgl.useNULL = TRUE
Flavor: r-release-osx-x86_64-mavericks

Version: 1.0-9
Check: dependencies in R code
Result: NOTE
    Invalid MIT-MAGIC-COOKIE-1 keyInvalid MIT-MAGIC-COOKIE-1 keyInvalid MIT-MAGIC-COOKIE-1 key
Flavor: r-release-osx-x86_64-mavericks

Version: 1.0-9
Check: S3 generic/method consistency
Result: WARN
    Invalid MIT-MAGIC-COOKIE-1 keyInvalid MIT-MAGIC-COOKIE-1 keyInvalid MIT-MAGIC-COOKIE-1 key
    See section ‘Generic functions and methods’ in the ‘Writing R
    Extensions’ manual.
Flavor: r-release-osx-x86_64-mavericks

Version: 1.0-9
Check: replacement functions
Result: WARN
    Invalid MIT-MAGIC-COOKIE-1 keyInvalid MIT-MAGIC-COOKIE-1 keyInvalid MIT-MAGIC-COOKIE-1 key
    The argument of a replacement function which corresponds to the right
    hand side must be named ‘value’.
Flavor: r-release-osx-x86_64-mavericks

Version: 1.0-9
Check: foreign function calls
Result: NOTE
    Invalid MIT-MAGIC-COOKIE-1 keyInvalid MIT-MAGIC-COOKIE-1 keyInvalid MIT-MAGIC-COOKIE-1 key
    See chapter ‘System and foreign language interfaces’ in the ‘Writing R
    Extensions’ manual.
Flavor: r-release-osx-x86_64-mavericks

Version: 1.0-9
Check: R code for possible problems
Result: NOTE
    Invalid MIT-MAGIC-COOKIE-1 keyInvalid MIT-MAGIC-COOKIE-1 keyInvalid MIT-MAGIC-COOKIE-1 key
Flavor: r-release-osx-x86_64-mavericks

Version: 1.0-9
Check: for missing documentation entries
Result: WARN
    Invalid MIT-MAGIC-COOKIE-1 keyInvalid MIT-MAGIC-COOKIE-1 keyInvalid MIT-MAGIC-COOKIE-1 key
    All user-level objects in a package should have documentation entries.
    See chapter ‘Writing R documentation files’ in the ‘Writing R
    Extensions’ manual.
Flavor: r-release-osx-x86_64-mavericks

Version: 1.0-9
Check: for code/documentation mismatches
Result: WARN
    Invalid MIT-MAGIC-COOKIE-1 keyInvalid MIT-MAGIC-COOKIE-1 keyInvalid MIT-MAGIC-COOKIE-1 key
    Invalid MIT-MAGIC-COOKIE-1 keyInvalid MIT-MAGIC-COOKIE-1 keyInvalid MIT-MAGIC-COOKIE-1 key
    Invalid MIT-MAGIC-COOKIE-1 keyInvalid MIT-MAGIC-COOKIE-1 keyInvalid MIT-MAGIC-COOKIE-1 key
Flavor: r-release-osx-x86_64-mavericks

Version: 1.0-9
Check: Rd \usage sections
Result: NOTE
    Invalid MIT-MAGIC-COOKIE-1 keyInvalid MIT-MAGIC-COOKIE-1 keyInvalid MIT-MAGIC-COOKIE-1 key
    The \usage entries for S3 methods should use the \method markup and not
    their full name.
    See chapter ‘Writing R documentation files’ in the ‘Writing R
    Extensions’ manual.
Flavor: r-release-osx-x86_64-mavericks

Version: 1.0-9
Check: examples
Result: ERROR
    Running examples in ‘GGEBiplotGUI-Ex.R’ failed
    The error most likely occurred in:
    
    > ### Name: GGEBiplot
    > ### Title: GGEBiplotGUI: Interactive GGE Biplots in R
    > ### Aliases: GGEBiplot
    >
    > ### ** Examples
    >
    > data(Ontario)
    > GGEBiplot(Data = Ontario)
    Invalid MIT-MAGIC-COOKIE-1 keyWarning in tclRequire("BWidget") : Tcl package 'BWidget' not found
    Error in structure(.External(.C_dotTclObjv, objv), class = "tclObj") :
     [tcl] invalid command name "toplevel".
    Calls: GGEBiplot ... tktoplevel -> tkwidget -> tcl -> .Tcl.objv -> structure
    Execution halted
Flavor: r-release-osx-x86_64-mavericks