CRAN Package Check Results for Package GGEBiplotGUI

Last updated on 2018-05-22 13:46:31 CEST.

Flavor Version Tinstall Tcheck Ttotal Status Flags
r-devel-linux-x86_64-debian-clang 1.0-9 3.68 36.95 40.63 OK
r-devel-linux-x86_64-debian-gcc 1.0-9 3.31 29.05 32.36 OK
r-devel-linux-x86_64-fedora-clang 1.0-9 49.55 OK
r-devel-linux-x86_64-fedora-gcc 1.0-9 47.09 OK
r-devel-windows-ix86+x86_64 1.0-9 6.00 49.00 55.00 OK
r-patched-linux-x86_64 1.0-9 3.26 35.05 38.31 OK
r-patched-solaris-x86 1.0-9 78.60 OK
r-release-linux-x86_64 1.0-9 3.57 35.01 38.58 OK
r-release-windows-ix86+x86_64 1.0-9 7.00 75.00 82.00 OK
r-release-osx-x86_64 1.0-9 ERROR
r-oldrel-windows-ix86+x86_64 1.0-9 10.00 50.00 60.00 OK
r-oldrel-osx-x86_64 1.0-9 ERROR

Check Details

Version: 1.0-9
Check: examples
Result: ERROR
    Running examples in ‘GGEBiplotGUI-Ex.R’ failed
    The error most likely occurred in:
    
    > ### Name: GGEBiplot
    > ### Title: GGEBiplotGUI: Interactive GGE Biplots in R
    > ### Aliases: GGEBiplot
    >
    > ### ** Examples
    >
    > data(Ontario)
    > GGEBiplot(Data = Ontario)
    Warning in tclRequire("BWidget") : Tcl package 'BWidget' not found
    Error in structure(.External(.C_dotTclObjv, objv), class = "tclObj") :
     [tcl] invalid command name "ComboBox".
    Calls: GGEBiplot -> tkwidget -> tcl -> .Tcl.objv -> structure
    Execution halted
Flavors: r-release-osx-x86_64, r-oldrel-osx-x86_64