CRAN Package Check Results for Package GGIR

Last updated on 2019-08-26 11:48:45 CEST.

Flavor Version Tinstall Tcheck Ttotal Status Flags
r-devel-linux-x86_64-debian-clang 1.10-1 36.36 98.66 135.02 OK
r-devel-linux-x86_64-debian-gcc 1.10-1 29.36 75.23 104.59 OK
r-devel-linux-x86_64-fedora-clang 1.10-1 179.05 NOTE
r-devel-linux-x86_64-fedora-gcc 1.10-1 166.79 NOTE
r-devel-windows-ix86+x86_64 1.10-1 89.00 170.00 259.00 OK
r-patched-linux-x86_64 1.9-2 35.04 122.51 157.55 OK
r-patched-solaris-x86 1.10-1 185.40 NOTE
r-release-linux-x86_64 1.10-1 34.24 97.18 131.42 OK
r-release-windows-ix86+x86_64 1.10-1 79.00 202.00 281.00 OK
r-release-osx-x86_64 1.10-1 NOTE
r-oldrel-windows-ix86+x86_64 1.9-2 81.00 261.00 342.00 OK
r-oldrel-osx-x86_64 1.10-1 NOTE

Check Details

Version: 1.10-1
Check: dependencies in R code
Result: NOTE
    Namespaces in Imports field not imported from:
     ‘MASS’ ‘mmap’
     All declared Imports should be used.
Flavors: r-devel-linux-x86_64-fedora-clang, r-devel-linux-x86_64-fedora-gcc, r-patched-solaris-x86, r-release-osx-x86_64, r-oldrel-osx-x86_64