CRAN Package Check Results for Package GGMselect

Last updated on 2015-07-28 19:47:55.

Flavor Version Tinstall Tcheck Ttotal Status Flags
r-devel-linux-x86_64-debian-clang 0.1-9 1.92 111.56 113.48 NOTE
r-devel-linux-x86_64-debian-gcc 0.1-9 1.85 112.68 114.53 NOTE
r-devel-linux-x86_64-fedora-clang 0.1-9 212.40 NOTE
r-devel-linux-x86_64-fedora-gcc 0.1-9 209.11 NOTE
r-devel-osx-x86_64-clang 0.1-9 177.53 OK
r-devel-windows-ix86+x86_64 0.1-9 9.00 351.00 360.00 NOTE
r-patched-linux-x86_64 0.1-9 2.04 115.15 117.18 OK
r-patched-solaris-sparc 0.1-9 1989.20 OK
r-patched-solaris-x86 0.1-9 297.80 OK
r-release-linux-x86_64 0.1-9 1.83 115.99 117.82 OK
r-release-osx-x86_64-mavericks 0.1-9 OK
r-release-windows-ix86+x86_64 0.1-9 16.00 431.00 447.00 OK
r-oldrel-windows-ix86+x86_64 0.1-9 12.00 395.00 407.00 OK

Check Details

Version: 0.1-9
Check: R code for possible problems
Result: NOTE
    EDkhi1: no visible global function definition for ‘pf’
    EW: no visible global function definition for ‘rnorm’
    calcEDkhi: no visible global function definition for ‘uniroot’
    calcModC01: no visible global function definition for ‘cor’
    simulateGraph: no visible global function definition for ‘rbinom’
    simulateGraph: no visible global function definition for ‘runif’
    simulateGraph: no visible global function definition for ‘cov2cor’
    Undefined global functions or variables:
     cor cov2cor pf rbinom rnorm runif uniroot
    Consider adding
     importFrom("stats", "cor", "cov2cor", "pf", "rbinom", "rnorm", "runif",
     "uniroot")
    to your NAMESPACE.
Flavors: r-devel-linux-x86_64-debian-clang, r-devel-linux-x86_64-debian-gcc, r-devel-linux-x86_64-fedora-clang, r-devel-linux-x86_64-fedora-gcc, r-devel-windows-ix86+x86_64