CRAN Package Check Results for Package GGMselect

Last updated on 2017-04-23 15:48:21.

Flavor Version Tinstall Tcheck Ttotal Status Flags
r-devel-linux-x86_64-debian-clang 0.1-12 2.49 79.85 82.34 OK
r-devel-linux-x86_64-debian-gcc 0.1-12 2.31 75.10 77.41 OK
r-devel-linux-x86_64-fedora-clang 0.1-12 140.41 OK --no-stop-on-test-error
r-devel-linux-x86_64-fedora-gcc 0.1-12 135.32 OK --no-stop-on-test-error
r-devel-windows-ix86+x86_64 0.1-12 29.00 288.00 317.00 OK
r-patched-linux-x86_64 0.1-12 1.97 70.50 72.47 OK
r-patched-solaris-sparc 0.1-12 987.60 OK
r-patched-solaris-x86 0.1-12 185.20 OK
r-release-linux-x86_64 0.1-12 2.20 70.18 72.38 OK
r-release-windows-ix86+x86_64 0.1-12 12.00 192.00 204.00 OK
r-release-osx-x86_64 0.1-12 NOTE
r-oldrel-windows-ix86+x86_64 0.1-12 13.00 173.00 186.00 OK
r-oldrel-osx-x86_64 0.1-12 OK

Check Details

Version: 0.1-12
Check: re-building of vignette outputs
Result: NOTE
    Error in re-building vignettes:
     ...
    Version 1.13.0 created on 2015-08-31.
    copyright (c) 2005, Carter T. Butts, University of California-Irvine
     Mark S. Handcock, University of California -- Los Angeles
     David R. Hunter, Penn State University
     Martina Morris, University of Washington
     Skye Bender-deMoll, University of Washington
     For citation information, type citation("network").
     Type help("network-package") to get started.
    
    Error in texi2dvi(file = file, pdf = TRUE, clean = clean, quiet = quiet, :
     Running 'texi2dvi' on 'Notice.tex' failed.
    LaTeX errors:
    ! LaTeX Error: File `a4wide.sty' not found.
    
    Type X to quit or <RETURN> to proceed,
    or enter new name. (Default extension: sty)
    
    ! Emergency stop.
    <read *>
    
    l.16 ^^M
    
    ! ==> Fatal error occurred, no output PDF file produced!
    Calls: buildVignettes -> texi2pdf -> texi2dvi
    Execution halted
Flavor: r-release-osx-x86_64