CRAN Package Check Results for Package GGMselect

Last updated on 2017-02-22 13:50:45.

Flavor Version Tinstall Tcheck Ttotal Status Flags
r-devel-linux-x86_64-debian-clang 0.1-11 2.57 82.37 84.94 NOTE
r-devel-linux-x86_64-debian-gcc 0.1-11 1.79 74.69 76.48 NOTE
r-devel-linux-x86_64-fedora-clang 0.1-11 139.59 NOTE --no-stop-on-test-error
r-devel-linux-x86_64-fedora-gcc 0.1-11 134.87 NOTE --no-stop-on-test-error
r-devel-macos-x86_64-clang 0.1-11 99.60 NOTE --no-stop-on-test-error
r-devel-windows-ix86+x86_64 0.1-11 16.00 339.00 355.00 OK
r-patched-linux-x86_64 0.1-11 1.91 62.34 64.25 OK
r-patched-solaris-sparc 0.1-11 939.00 OK
r-patched-solaris-x86 0.1-11 160.00 OK
r-release-linux-x86_64 0.1-11 1.87 63.17 65.04 OK
r-release-osx-x86_64-mavericks 0.1-11 OK
r-release-windows-ix86+x86_64 0.1-11 29.00 229.00 258.00 OK
r-oldrel-windows-ix86+x86_64 0.1-11 16.00 227.00 243.00 OK

Check Details

Version: 0.1-11
Check: compiled code
Result: NOTE
    File ‘GGMselect/libs/GGMselect.so’:
     Found no calls to: ‘R_registerRoutines’, ‘R_useDynamicSymbols’
    
    It is good practice to register native routines and to disable symbol
    search.
    
    See ‘Writing portable packages’ in the ‘Writing R Extensions’ manual.
Flavors: r-devel-linux-x86_64-debian-clang, r-devel-linux-x86_64-debian-gcc

Version: 0.1-11
Flags: --no-stop-on-test-error
Check: compiled code
Result: NOTE
    File ‘GGMselect/libs/GGMselect.so’:
     Found no calls to: ‘R_registerRoutines’, ‘R_useDynamicSymbols’
    
    It is good practice to register native routines and to disable symbol
    search.
    
    See ‘Writing portable packages’ in the ‘Writing R Extensions’ manual.
Flavors: r-devel-linux-x86_64-fedora-clang, r-devel-linux-x86_64-fedora-gcc, r-devel-macos-x86_64-clang