CRAN Package Check Results for Package GGMselect

Last updated on 2014-04-20 22:46:58.

Flavor Version Tinstall Tcheck Ttotal Status Flags
r-devel-linux-x86_64-debian-clang 0.1-8 1.80 143.48 145.28 NOTE
r-devel-linux-x86_64-debian-gcc 0.1-8 1.97 140.46 142.44 NOTE
r-devel-linux-x86_64-fedora-clang 0.1-8 242.71 NOTE
r-devel-linux-x86_64-fedora-gcc 0.1-8 237.28 NOTE
r-devel-macosx-x86_64-clang 0.1-8 179.24 NOTE
r-devel-macosx-x86_64-gcc 0.1-8 NOTE
r-devel-windows-ix86+x86_64 0.1-8 11.00 313.00 324.00 NOTE
r-patched-linux-x86_64 0.1-8 1.96 140.06 142.03 NOTE
r-patched-solaris-sparc 0.1-8 1934.70 NOTE
r-patched-solaris-x86 0.1-8 314.50 NOTE
r-release-linux-ix86 NOTE
r-release-linux-x86_64 0.1-8 2.03 140.28 142.31 NOTE
r-release-macosx-x86_64 0.1-8 OK
r-release-windows-ix86+x86_64 0.1-8 15.00 377.00 392.00 NOTE
r-oldrel-windows-ix86+x86_64 0.1-8 12.00 320.00 332.00 NOTE

Check Details

Version: 0.1-8
Check: dependencies in R code
Result: NOTE
    Packages in Depends field not imported from:
     ‘gtools’ ‘lars’ ‘mvtnorm’
     These packages need to be imported from (in the NAMESPACE file)
     for when this namespace is loaded but not attached.
    See the information on DESCRIPTION files in the chapter ‘Creating R
    packages’ of the ‘Writing R Extensions’ manual.
Flavors: r-devel-linux-x86_64-debian-clang, r-devel-linux-x86_64-debian-gcc, r-devel-linux-x86_64-fedora-clang, r-devel-linux-x86_64-fedora-gcc, r-devel-macosx-x86_64-clang, r-devel-macosx-x86_64-gcc, r-devel-windows-ix86+x86_64, r-patched-linux-x86_64, r-patched-solaris-sparc, r-patched-solaris-x86, r-release-linux-ix86, r-release-linux-x86_64, r-release-windows-ix86+x86_64, r-oldrel-windows-ix86+x86_64

Version: 0.1-8
Check: foreign function calls
Result: NOTE
    Calls with DUP = FALSE:
     .C("GGMSCRa", as.integer(a), as.integer(n), as.integer(p), as.double(X),
     as.double(min.ev), as.integer(NVois), as.double(sumX2), as.integer(GG),
     scr = as.double(scr), as.integer(iwork), as.double(work),
     as.double(svdMd), as.double(r1), as.double(W1), as.double(M),
     as.double(W2), as.double(W3), as.double(W4), as.double(vu),
     as.double(svdMv), as.double(xvals), as.double(Pr), DUP = FALSE)
     .C("GGMGrMin", as.integer(n), as.integer(p), as.integer(lK),
     as.integer(ncol(GG)), as.integer(Dmaxmax), as.double(scr),
     as.double(pen), as.integer(GG), as.integer(NVois), crit = as.double(crit),
     Neighb = as.integer(Neighb), err = as.integer(err), DUP = FALSE,
     NAOK = TRUE)
    DUP = FALSE is deprecated and may be disabled in future versions of R.
Flavors: r-devel-linux-x86_64-debian-clang, r-devel-linux-x86_64-debian-gcc, r-devel-linux-x86_64-fedora-clang, r-devel-linux-x86_64-fedora-gcc, r-devel-macosx-x86_64-clang, r-devel-macosx-x86_64-gcc, r-devel-windows-ix86+x86_64, r-patched-linux-x86_64, r-patched-solaris-sparc, r-patched-solaris-x86, r-release-linux-ix86, r-release-linux-x86_64, r-release-windows-ix86+x86_64