CRAN Package Check Results for Package GGMselect

Last updated on 2014-07-31 15:47:02.

Flavor Version Tinstall Tcheck Ttotal Status Flags
r-devel-linux-x86_64-debian-clang 0.1-8 1.72 124.39 126.12 NOTE
r-devel-linux-x86_64-debian-gcc 0.1-8 1.85 118.38 120.23 NOTE
r-devel-linux-x86_64-fedora-clang 0.1-8 240.42 NOTE
r-devel-linux-x86_64-fedora-gcc 0.1-8 238.11 NOTE
r-devel-osx-x86_64-clang 0.1-8 176.96 NOTE
r-devel-windows-ix86+x86_64 0.1-8 10.00 298.00 308.00 NOTE
r-patched-linux-x86_64 0.1-8 1.88 118.56 120.44 NOTE
r-patched-solaris-sparc 0.1-8 1909.90 NOTE
r-patched-solaris-x86 0.1-8 315.50 NOTE
r-release-linux-ix86 0.1-8 2.68 178.42 181.10 NOTE
r-release-linux-x86_64 0.1-8 1.96 119.12 121.08 NOTE
r-release-osx-x86_64-mavericks 0.1-8 NOTE
r-release-osx-x86_64-snowleopard 0.1-8 OK
r-release-windows-ix86+x86_64 0.1-8 20.00 339.00 359.00 NOTE
r-oldrel-windows-ix86+x86_64 0.1-8 20.00 381.00 401.00 NOTE

Check Details

Version: 0.1-8
Check: dependencies in R code
Result: NOTE
    Packages in Depends field not imported from:
     gtools lars mvtnorm
     These packages need to be imported from (in the NAMESPACE file)
     for when this namespace is loaded but not attached.
    See the information on DESCRIPTION files in the chapter Creating R
    packages of the Writing R Extensions manual.
Flavors: r-devel-linux-x86_64-debian-clang, r-devel-linux-x86_64-debian-gcc, r-devel-linux-x86_64-fedora-clang, r-devel-linux-x86_64-fedora-gcc, r-devel-osx-x86_64-clang, r-devel-windows-ix86+x86_64, r-patched-linux-x86_64, r-patched-solaris-sparc, r-patched-solaris-x86, r-release-linux-ix86, r-release-linux-x86_64, r-release-osx-x86_64-mavericks, r-release-windows-ix86+x86_64, r-oldrel-windows-ix86+x86_64

Version: 0.1-8
Check: foreign function calls
Result: NOTE
    Calls with DUP = FALSE:
     .C("GGMSCRa", as.integer(a), as.integer(n), as.integer(p), as.double(X),
     as.double(min.ev), as.integer(NVois), as.double(sumX2), as.integer(GG),
     scr = as.double(scr), as.integer(iwork), as.double(work),
     as.double(svdMd), as.double(r1), as.double(W1), as.double(M),
     as.double(W2), as.double(W3), as.double(W4), as.double(vu),
     as.double(svdMv), as.double(xvals), as.double(Pr), DUP = FALSE)
     .C("GGMGrMin", as.integer(n), as.integer(p), as.integer(lK),
     as.integer(ncol(GG)), as.integer(Dmaxmax), as.double(scr),
     as.double(pen), as.integer(GG), as.integer(NVois), crit = as.double(crit),
     Neighb = as.integer(Neighb), err = as.integer(err), DUP = FALSE,
     NAOK = TRUE)
    DUP = FALSE is deprecated and may be disabled in future versions of R.
Flavors: r-devel-linux-x86_64-debian-clang, r-devel-linux-x86_64-debian-gcc, r-devel-linux-x86_64-fedora-clang, r-devel-linux-x86_64-fedora-gcc, r-devel-osx-x86_64-clang, r-devel-windows-ix86+x86_64, r-patched-linux-x86_64, r-patched-solaris-sparc, r-patched-solaris-x86, r-release-linux-ix86, r-release-linux-x86_64, r-release-osx-x86_64-mavericks, r-release-windows-ix86+x86_64

Version: 0.1-8
Check: re-building of vignette outputs
Result: NOTE
    Error in re-building vignettes:
     ...
    Loading required package: gtools
    Loaded GGMselect 0.1.8
    
    network: Classes for Relational Data
    Version 1.9.0 created on 2014-01-03.
    copyright (c) 2005, Carter T. Butts, University of California-Irvine
     Mark S. Handcock, University of California -- Los Angeles
     David R. Hunter, Penn State University
     Martina Morris, University of Washington
     Skye Bender-deMoll, University of Washington
     For citation information, type citation("network").
     Type help("network-package") to get started.
    
    Error in texi2dvi(file = file, pdf = TRUE, clean = clean, quiet = quiet, :
     Running 'texi2dvi' on 'Notice.tex' failed.
    LaTeX errors:
    ! LaTeX Error: File `a4wide.sty' not found.
    
    Type X to quit or <RETURN> to proceed,
    or enter new name. (Default extension: sty)
    
    gn_test/GGMselect/vignettes/Notice.tex:16: ==> Fatal error occurred, no output
     PDF file produced!
    Calls: buildVignettes -> texi2pdf -> texi2dvi
    Execution halted
Flavor: r-release-osx-x86_64-mavericks