CRAN Package Check Results for Package GGMselect

Last updated on 2017-03-23 06:48:03.

Flavor Version Tinstall Tcheck Ttotal Status Flags
r-devel-linux-x86_64-debian-clang 0.1-11 2.35 79.86 82.22 NOTE
r-devel-linux-x86_64-debian-gcc 0.1-11 1.87 75.10 76.97 NOTE
r-devel-linux-x86_64-fedora-clang 0.1-11 138.61 NOTE --no-stop-on-test-error
r-devel-linux-x86_64-fedora-gcc 0.1-11 133.91 NOTE --no-stop-on-test-error
r-devel-macos-x86_64-clang 0.1-11 97.48 NOTE --no-stop-on-test-error
r-devel-windows-ix86+x86_64 0.1-11 12.00 199.00 211.00 OK
r-patched-linux-x86_64 0.1-11 1.71 62.67 64.38 OK
r-patched-solaris-sparc 0.1-11 1180.10 OK
r-patched-solaris-x86 0.1-11 183.60 OK
r-release-linux-x86_64 0.1-11 1.84 62.44 64.28 OK
r-release-osx-x86_64-mavericks 0.1-11 OK
r-release-windows-ix86+x86_64 0.1-11 27.00 191.00 218.00 OK
r-oldrel-windows-ix86+x86_64 0.1-11 15.00 223.00 238.00 OK

Check Details

Version: 0.1-11
Check: compiled code
Result: NOTE
    File ‘GGMselect/libs/GGMselect.so’:
     Found no calls to: ‘R_registerRoutines’, ‘R_useDynamicSymbols’
    
    It is good practice to register native routines and to disable symbol
    search.
    
    See ‘Writing portable packages’ in the ‘Writing R Extensions’ manual.
Flavors: r-devel-linux-x86_64-debian-clang, r-devel-linux-x86_64-debian-gcc

Version: 0.1-11
Flags: --no-stop-on-test-error
Check: compiled code
Result: NOTE
    File ‘GGMselect/libs/GGMselect.so’:
     Found no calls to: ‘R_registerRoutines’, ‘R_useDynamicSymbols’
    
    It is good practice to register native routines and to disable symbol
    search.
    
    See ‘Writing portable packages’ in the ‘Writing R Extensions’ manual.
Flavors: r-devel-linux-x86_64-fedora-clang, r-devel-linux-x86_64-fedora-gcc, r-devel-macos-x86_64-clang