CRAN Package Check Results for Package GGMselect

Last updated on 2014-11-21 16:46:31.

Flavor Version Tinstall Tcheck Ttotal Status Flags
r-devel-linux-x86_64-debian-clang 0.1-9 1.82 115.73 117.55 OK
r-devel-linux-x86_64-debian-gcc 0.1-9 1.83 114.92 116.76 OK
r-devel-linux-x86_64-fedora-clang 0.1-9 243.53 OK
r-devel-linux-x86_64-fedora-gcc 0.1-9 227.84 OK
r-devel-osx-x86_64-clang 0.1-9 176.18 OK
r-devel-windows-ix86+x86_64 0.1-9 9.00 289.00 298.00 OK
r-patched-linux-x86_64 0.1-9 1.89 116.52 118.41 OK
r-patched-solaris-sparc 0.1-9 1898.50 OK
r-patched-solaris-x86 0.1-9 304.00 OK
r-release-linux-ix86 0.1-9 2.67 162.96 165.63 OK
r-release-linux-x86_64 0.1-9 1.98 115.72 117.71 OK
r-release-osx-x86_64-mavericks 0.1-9 NOTE
r-release-osx-x86_64-snowleopard 0.1-9 OK
r-release-windows-ix86+x86_64 0.1-9 15.00 291.00 306.00 OK
r-oldrel-windows-ix86+x86_64 0.1-9 11.00 285.00 296.00 OK

Check Details

Version: 0.1-9
Check: re-building of vignette outputs
Result: NOTE
    Error in re-building vignettes:
     ...
    Loading required package: gtools
    Loaded GGMselect 0.1.9
    
    network: Classes for Relational Data
    Version 1.10.2 created on 2014-06-12.
    copyright (c) 2005, Carter T. Butts, University of California-Irvine
     Mark S. Handcock, University of California -- Los Angeles
     David R. Hunter, Penn State University
     Martina Morris, University of Washington
     Skye Bender-deMoll, University of Washington
     For citation information, type citation("network").
     Type help("network-package") to get started.
    
    Error in texi2dvi(file = file, pdf = TRUE, clean = clean, quiet = quiet, :
     Running 'texi2dvi' on 'Notice.tex' failed.
    LaTeX errors:
    ! LaTeX Error: File `a4wide.sty' not found.
    
    Type X to quit or <RETURN> to proceed,
    or enter new name. (Default extension: sty)
    
    gn_test/GGMselect/vignettes/Notice.tex:16: ==> Fatal error occurred, no output
     PDF file produced!
    Calls: buildVignettes -> texi2pdf -> texi2dvi
    Execution halted
Flavor: r-release-osx-x86_64-mavericks