CRAN Package Check Results for Package GGMselect

Last updated on 2018-01-16 23:48:48 CET.

Flavor Version Tinstall Tcheck Ttotal Status Flags
r-devel-linux-x86_64-debian-clang 0.1-12 3.20 109.75 112.95 OK
r-devel-linux-x86_64-debian-gcc 0.1-12 2.09 80.50 82.59 OK
r-devel-linux-x86_64-fedora-clang 0.1-12 130.57 OK
r-devel-linux-x86_64-fedora-gcc 0.1-12 128.09 OK
r-devel-windows-ix86+x86_64 0.1-12 16.00 210.00 226.00 OK
r-patched-linux-x86_64 0.1-12 3.01 109.42 112.43 OK
r-patched-solaris-x86 0.1-12 193.10 OK
r-release-linux-x86_64 0.1-12 2.65 108.55 111.20 OK
r-release-windows-ix86+x86_64 0.1-12 17.00 272.00 289.00 OK
r-release-osx-x86_64 0.1-12 NOTE
r-oldrel-windows-ix86+x86_64 0.1-12 18.00 181.00 199.00 OK
r-oldrel-osx-x86_64 0.1-12 OK

Check Details

Version: 0.1-12
Check: re-building of vignette outputs
Result: NOTE
    Error in re-building vignettes:
     ...
    Version 1.13.0 created on 2015-08-31.
    copyright (c) 2005, Carter T. Butts, University of California-Irvine
     Mark S. Handcock, University of California -- Los Angeles
     David R. Hunter, Penn State University
     Martina Morris, University of Washington
     Skye Bender-deMoll, University of Washington
     For citation information, type citation("network").
     Type help("network-package") to get started.
    
    Error in texi2dvi(file = file, pdf = TRUE, clean = clean, quiet = quiet, :
     Running 'texi2dvi' on 'Notice.tex' failed.
    LaTeX errors:
    ! LaTeX Error: File `a4wide.sty' not found.
    
    Type X to quit or <RETURN> to proceed,
    or enter new name. (Default extension: sty)
    
    ! Emergency stop.
    <read *>
    
    l.16 ^^M
    
    ! ==> Fatal error occurred, no output PDF file produced!
    Calls: buildVignettes -> texi2pdf -> texi2dvi
    Execution halted
Flavor: r-release-osx-x86_64