CRAN Package Check Results for Package GGMselect

Last updated on 2015-04-21 06:47:26.

Flavor Version Tinstall Tcheck Ttotal Status Flags
r-devel-linux-x86_64-debian-clang 0.1-9 1.88 116.13 118.01 OK
r-devel-linux-x86_64-debian-gcc 0.1-9 1.80 111.95 113.74 OK
r-devel-linux-x86_64-fedora-clang 0.1-9 215.58 OK
r-devel-linux-x86_64-fedora-gcc 0.1-9 230.03 OK
r-devel-osx-x86_64-clang 0.1-9 179.78 OK
r-devel-windows-ix86+x86_64 0.1-9 15.00 324.00 339.00 OK
r-patched-linux-x86_64 0.1-9 1.76 112.98 114.75 OK
r-patched-solaris-sparc 0.1-9 1961.10 OK
r-patched-solaris-x86 0.1-9 295.90 OK
r-release-linux-x86_64 0.1-9 1.77 113.89 115.66 OK
r-release-osx-x86_64-mavericks 0.1-9 OK
r-release-osx-x86_64-snowleopard 0.1-9 OK
r-release-windows-ix86+x86_64 0.1-9 8.00 316.00 324.00 NOTE
r-oldrel-windows-ix86+x86_64 0.1-9 9.00 388.00 397.00 OK

Check Details

Version: 0.1-9
Check: re-building of vignette outputs
Result: NOTE
    Error in re-building vignettes:
     ...
    Loading required package: mvtnorm
    Loading required package: lars
    Loaded lars 1.2
    
    Loading required package: gtools
    Loaded GGMselect 0.1.9
    
    network: Classes for Relational Data
    Version 1.12.0 created on 2015-03-04.
    copyright (c) 2005, Carter T. Butts, University of California-Irvine
     Mark S. Handcock, University of California -- Los Angeles
     David R. Hunter, Penn State University
     Martina Morris, University of Washington
     Skye Bender-deMoll, University of Washington
     For citation information, type citation("network").
     Type help("network-package") to get started.
    
    
    Error: processing vignette 'Notice.Rnw' failed with diagnostics:
     chunk 6 (label = exMyFam)
    Error in checkinit(p, n, MyFamily) :
     the 1st adjacency matrix is not symmetric. Please provide symmetric matrices
    Execution halted
Flavor: r-release-windows-ix86+x86_64